{"id":4902,"date":"2018-01-04T10:28:51","date_gmt":"2018-01-04T12:28:51","guid":{"rendered":"https:\/\/wp.ufpel.edu.br\/prppgi\/?page_id=4902"},"modified":"2025-11-12T08:53:05","modified_gmt":"2025-11-12T11:53:05","slug":"relatorios-de-bolsas","status":"publish","type":"page","link":"https:\/\/wp.ufpel.edu.br\/prppg\/substituicao-de-bolsistas\/relatorios-de-bolsas\/","title":{"rendered":"Relat\u00f3rios de bolsas"},"content":{"rendered":"<p><span style=\"color: #000000\"><strong>Relat\u00f3rio de Bolsas<\/strong><\/span><\/p>\n<p><span style=\"color: #000000\">Bolsistas\u00a0<strong>CNPq<\/strong>: envio online do relat\u00f3rio parcial, durante o m\u00eas de mar\u00e7o e relat\u00f3rio final, durante o m\u00eas de setembro.<\/span><\/p>\n<p><span style=\"color: #000000\">Bolsistas\u00a0<strong>UFPel<\/strong>: envio online do relat\u00f3rio final, durante o m\u00eas de setembro.<\/span><\/p>\n<p><span style=\"color: #000000\">Bolsistas\u00a0<strong>FAPERGS<\/strong>: envio online do relat\u00f3rio final, durante o m\u00eas de setembro.<\/span><\/p>\n<p><span style=\"color: #000000\"><a style=\"color: #000000\" href=\"http:\/\/www2.ufpel.edu.br\/prppg\/bolsas\/\">Link<\/a> para envio online de relat\u00f3rio de bolsas de Inicia\u00e7\u00e3o Cient\u00edfica (CNPq, UFPel e FAPERGS):<\/span><\/p>\n<p><span style=\"color: #000000\"><a style=\"color: #000000\" href=\"http:\/\/www2.ufpel.edu.br\/prppg\/bolsas\/\" target=\"_blank\" rel=\"noopener\">http:\/\/www2.ufpel.edu.br\/prppg\/bolsas\/<\/a><\/span><\/p>\n<p><span style=\"color: #000000\">Os relat\u00f3rios das bolsas de Inicia\u00e7\u00e3o Cient\u00edfica e Tecnol\u00f3gicas devem seguir os modelos dispon\u00edveis na p\u00e1gina da PRPPG:<br \/>\n<\/span><\/p>\n<ul>\n<li><span style=\"color: #000000\"><a style=\"color: #000000\" href=\"https:\/\/wp.ufpel.edu.br\/prppgi\/files\/2018\/06\/Relat\u00f3rio-bolsistas-CNPq-e-UFPel.rtf\">Modelo de Relat\u00f3rio \u2013 Bolsistas de Inicia\u00e7\u00e3o Cient\u00edfica e Tecnol\u00f3gica (CNPq e UFPel)<br \/>\n<\/a><\/span><\/li>\n<li><span style=\"color: #000000\"><a style=\"color: #000000\" href=\"https:\/\/wp.ufpel.edu.br\/prppgi\/files\/2018\/06\/Relat\u00f3rio-bolsistas-FAPERGS.doc\">Modelo de Relat\u00f3rio \u2013 Bolsistas de Inicia\u00e7\u00e3o Cient\u00edfica e Tecnol\u00f3gica (FAPERGS)<\/a><\/span><\/li>\n<\/ul>\n","protected":false},"excerpt":{"rendered":"<p>Relat\u00f3rio de Bolsas Bolsistas\u00a0CNPq: envio online do relat\u00f3rio parcial, durante o m\u00eas de mar\u00e7o e relat\u00f3rio final, durante o m\u00eas de setembro. Bolsistas\u00a0UFPel: envio online do relat\u00f3rio final, durante o m\u00eas de setembro. Bolsistas\u00a0FAPERGS: envio online do relat\u00f3rio final, durante o m\u00eas de setembro. Link para envio online de relat\u00f3rio de bolsas de Inicia\u00e7\u00e3o Cient\u00edfica [&hellip;]<\/p>\n","protected":false},"author":45,"featured_media":0,"parent":1686,"menu_order":0,"comment_status":"closed","ping_status":"closed","template":"","meta":{"footnotes":""},"class_list":["post-4902","page","type-page","status-publish","hentry"],"_links":{"self":[{"href":"https:\/\/wp.ufpel.edu.br\/prppg\/wp-json\/wp\/v2\/pages\/4902","targetHints":{"allow":["GET"]}}],"collection":[{"href":"https:\/\/wp.ufpel.edu.br\/prppg\/wp-json\/wp\/v2\/pages"}],"about":[{"href":"https:\/\/wp.ufpel.edu.br\/prppg\/wp-json\/wp\/v2\/types\/page"}],"author":[{"embeddable":true,"href":"https:\/\/wp.ufpel.edu.br\/prppg\/wp-json\/wp\/v2\/users\/45"}],"replies":[{"embeddable":true,"href":"https:\/\/wp.ufpel.edu.br\/prppg\/wp-json\/wp\/v2\/comments?post=4902"}],"version-history":[{"count":4,"href":"https:\/\/wp.ufpel.edu.br\/prppg\/wp-json\/wp\/v2\/pages\/4902\/revisions"}],"predecessor-version":[{"id":12390,"href":"https:\/\/wp.ufpel.edu.br\/prppg\/wp-json\/wp\/v2\/pages\/4902\/revisions\/12390"}],"up":[{"embeddable":true,"href":"https:\/\/wp.ufpel.edu.br\/prppg\/wp-json\/wp\/v2\/pages\/1686"}],"wp:attachment":[{"href":"https:\/\/wp.ufpel.edu.br\/prppg\/wp-json\/wp\/v2\/media?parent=4902"}],"curies":[{"name":"wp","href":"https:\/\/api.w.org\/{rel}","templated":true}]}}