{"id":214,"date":"2013-08-14T11:17:37","date_gmt":"2013-08-14T14:17:37","guid":{"rendered":"https:\/\/wp.ufpel.edu.br\/prppg\/?page_id=214"},"modified":"2017-07-13T09:25:04","modified_gmt":"2017-07-13T12:25:04","slug":"lato","status":"publish","type":"page","link":"https:\/\/wp.ufpel.edu.br\/prppg\/lato\/","title":{"rendered":"Lato Sensu"},"content":{"rendered":"<p>&nbsp;<\/p>\n<p><span style=\"color: #000000;\"><strong>ESPECIALIZA\u00c7\u00c3O<\/strong><\/span><\/p>\n<p><ul><li><a href=\"https:\/\/institucional.ufpel.edu.br\/cursos\/cod\/9010\">Artes<\/a><\/li><li><a href=\"https:\/\/institucional.ufpel.edu.br\/cursos\/cod\/9093\">Artes<\/a><\/li><li><a href=\"https:\/\/institucional.ufpel.edu.br\/cursos\/cod\/9011\">Ci\u00eancia dos Alimentos<\/a><\/li><li><a href=\"https:\/\/institucional.ufpel.edu.br\/cursos\/cod\/9012\">Ci\u00eancia e Tecnologia de Sementes<\/a><\/li><li><a href=\"https:\/\/institucional.ufpel.edu.br\/cursos\/cod\/9061\">Direito Ambiental<\/a><\/li><li><a href=\"https:\/\/institucional.ufpel.edu.br\/cursos\/cod\/9015\">Educa\u00e7\u00e3o<\/a><\/li><li><a href=\"https:\/\/institucional.ufpel.edu.br\/cursos\/cod\/9089\">Educa\u00e7\u00e3o Ambiental com \u00canfase em Espa\u00e7os Educadores Sustent\u00e1veis<\/a><\/li><li><a href=\"https:\/\/institucional.ufpel.edu.br\/cursos\/cod\/9059\">Educa\u00e7\u00e3o F\u00edsica<\/a><\/li><li><a href=\"https:\/\/institucional.ufpel.edu.br\/cursos\/cod\/9016\">Educa\u00e7\u00e3o F\u00edsica Escolar<\/a><\/li><li><a href=\"https:\/\/institucional.ufpel.edu.br\/cursos\/cod\/9095\">Educa\u00e7\u00e3o F\u00edsica Escolar<\/a><\/li><li><a href=\"https:\/\/institucional.ufpel.edu.br\/cursos\/cod\/9018\">Engenharia Rural<\/a><\/li><li><a href=\"https:\/\/institucional.ufpel.edu.br\/cursos\/cod\/9092\">Ensino de Filosofia<\/a><\/li><li><a href=\"https:\/\/institucional.ufpel.edu.br\/cursos\/cod\/9125\">Especializa\u00e7\u00e3o em Medicina de Fam\u00edlia e Comunidade<\/a><\/li><li><a href=\"https:\/\/institucional.ufpel.edu.br\/cursos\/cod\/9025\">Estudos Matem\u00e1ticos<\/a><\/li><li><a href=\"https:\/\/institucional.ufpel.edu.br\/cursos\/cod\/9020\">Filosofia<\/a><\/li><li><a href=\"https:\/\/institucional.ufpel.edu.br\/cursos\/cod\/9022\">Gestores Regionais de Recursos H\u00eddricos<\/a><\/li><li><a href=\"https:\/\/institucional.ufpel.edu.br\/cursos\/cod\/9087\">Gest\u00e3o Estrat\u00e9gica de Neg\u00f3cios<\/a><\/li><li><a href=\"https:\/\/institucional.ufpel.edu.br\/cursos\/cod\/9124\">Gest\u00e3o P\u00fablica EAD<\/a><\/li><li><a href=\"https:\/\/institucional.ufpel.edu.br\/cursos\/cod\/9079\">Gest\u00e3o P\u00fablica e Desenvolvimento Regional<\/a><\/li><li><a href=\"https:\/\/institucional.ufpel.edu.br\/cursos\/cod\/9129\">Gest\u00e3o da Escola P\u00fablica de Ensino M\u00e9dio<\/a><\/li><li><a href=\"https:\/\/institucional.ufpel.edu.br\/cursos\/cod\/9080\">Gest\u00e3o de P\u00f3los<\/a><\/li><li><a href=\"https:\/\/institucional.ufpel.edu.br\/cursos\/cod\/9118\">Gest\u00e3o para a Sustentabilidade<\/a><\/li><li><a href=\"https:\/\/institucional.ufpel.edu.br\/cursos\/cod\/9122\">Gest\u00e3o para a Sustentabilidade EAD<\/a><\/li><li><a href=\"https:\/\/institucional.ufpel.edu.br\/cursos\/cod\/9072\">Gr\u00e1fica Digital<\/a><\/li><li><a href=\"https:\/\/institucional.ufpel.edu.br\/cursos\/cod\/9121\">Gr\u00e1fica Digital EAD<\/a><\/li><li><a href=\"https:\/\/institucional.ufpel.edu.br\/cursos\/cod\/9071\">Letras<\/a><\/li><li><a href=\"https:\/\/institucional.ufpel.edu.br\/cursos\/cod\/9119\">MBA Inova\u00e7\u00e3o,Tecnologia e Gest\u00e3o de Novos Neg\u00f3cios<\/a><\/li><li><a href=\"https:\/\/institucional.ufpel.edu.br\/cursos\/cod\/9081\">M\u00eddias na Educa\u00e7\u00e3o<\/a><\/li><li><a href=\"https:\/\/institucional.ufpel.edu.br\/cursos\/cod\/9074\">Pesquisa em Educa\u00e7\u00e3o F\u00edsica<\/a><\/li><li><a href=\"https:\/\/institucional.ufpel.edu.br\/cursos\/cod\/9078\">Programa de Resid\u00eancia Multiprofissional e em \u00c1rea Profissional da Sa\u00fade<\/a><\/li><li><a href=\"https:\/\/institucional.ufpel.edu.br\/cursos\/cod\/9113\">Programa de Resid\u00eancia Multiprofissional em Aten\u00e7\u00e3o em Oncologia<\/a><\/li><li><a href=\"https:\/\/institucional.ufpel.edu.br\/cursos\/cod\/9112\">Programa de Resid\u00eancia Multiprofissional em Aten\u00e7\u00e3o \u00e0 Sa\u00fade da Crian\u00e7a<\/a><\/li><li><a href=\"https:\/\/institucional.ufpel.edu.br\/cursos\/cod\/9108\">Programa de Resid\u00eancia em \u00c0rea Profissional da Sa\u00fade: Patologia Cl\u00ednica Veterin\u00e1ria<\/a><\/li><li><a href=\"https:\/\/institucional.ufpel.edu.br\/cursos\/cod\/9097\">Programa de Resid\u00eancia em \u00c1rea Profissional da Sa\u00fade: Anestesiologia Veterin\u00e1ria<\/a><\/li><li><a href=\"https:\/\/institucional.ufpel.edu.br\/cursos\/cod\/9111\">Programa de Resid\u00eancia em \u00c1rea Profissional da Sa\u00fade: Cirurgia e Traumatologia Bucomaxilofacial<\/a><\/li><li><a href=\"https:\/\/institucional.ufpel.edu.br\/cursos\/cod\/9102\">Programa de Resid\u00eancia em \u00c1rea Profissional da Sa\u00fade: Cl\u00ednica Cir\u00fargica em Animais de Companhia<\/a><\/li><li><a href=\"https:\/\/institucional.ufpel.edu.br\/cursos\/cod\/9104\">Programa de Resid\u00eancia em \u00c1rea Profissional da Sa\u00fade: Cl\u00ednica M\u00e9dica de Equinos<\/a><\/li><li><a href=\"https:\/\/institucional.ufpel.edu.br\/cursos\/cod\/9105\">Programa de Resid\u00eancia em \u00c1rea Profissional da Sa\u00fade: Cl\u00ednica M\u00e9dica de Ruminantes<\/a><\/li><li><a href=\"https:\/\/institucional.ufpel.edu.br\/cursos\/cod\/9103\">Programa de Resid\u00eancia em \u00c1rea Profissional da Sa\u00fade: Cl\u00ednica M\u00e9dica em Animais de Companhia<\/a><\/li><li><a href=\"https:\/\/institucional.ufpel.edu.br\/cursos\/cod\/9107\">Programa de Resid\u00eancia em \u00c1rea Profissional da Sa\u00fade: Diagn\u00f3stico por Imagem em Medicina Veterin\u00e1ria<\/a><\/li><li><a href=\"https:\/\/institucional.ufpel.edu.br\/cursos\/cod\/9098\">Programa de Resid\u00eancia em \u00c1rea Profissional da Sa\u00fade: Inspe\u00e7\u00e3o e Tecnologia de Produtos de Origem Animal.<\/a><\/li><li><a href=\"https:\/\/institucional.ufpel.edu.br\/cursos\/cod\/9099\">Programa de Resid\u00eancia em \u00c1rea Profissional da Sa\u00fade: Medicina Veterin\u00e1ria Preventiva<\/a><\/li><li><a href=\"https:\/\/institucional.ufpel.edu.br\/cursos\/cod\/9109\">Programa de Resid\u00eancia em \u00c1rea Profissional da Sa\u00fade: Medicina de Animais Silvestres<\/a><\/li><li><a href=\"https:\/\/institucional.ufpel.edu.br\/cursos\/cod\/9106\">Programa de Resid\u00eancia em \u00c1rea Profissional da Sa\u00fade: Patologia Animal<\/a><\/li><li><a href=\"https:\/\/institucional.ufpel.edu.br\/cursos\/cod\/9110\">Programa de Resid\u00eancia em \u00c1rea Profissional da Sa\u00fade: Sa\u00fade Animal Integrada \u00e0 Sa\u00fade P\u00fablica<\/a><\/li><li><a href=\"https:\/\/institucional.ufpel.edu.br\/cursos\/cod\/9101\">Programa de Resid\u00eancia em \u00c1rea Profissional da Sa\u00fade: Sa\u00fade Coletiva<\/a><\/li><li><a href=\"https:\/\/institucional.ufpel.edu.br\/cursos\/cod\/9032\">Resid\u00eancia em Medicina Veterin\u00e1ria<\/a><\/li><li><a href=\"https:\/\/institucional.ufpel.edu.br\/cursos\/cod\/9085\">Sa\u00fade da Fam\u00edlia<\/a><\/li><li><a href=\"https:\/\/institucional.ufpel.edu.br\/cursos\/cod\/9096\">Servi\u00e7o de Atendimento Educacional Especializado<\/a><\/li><\/ul><\/p>\n<p>&nbsp;<\/p>\n<p><span style=\"color: #000000;\"><strong>RESID\u00caNCIA M\u00c9DICA<\/strong><\/span><\/p>\n<p><ul>Nenhum curso foi encontrado.<\/ul><\/p>\n<p>&nbsp;<\/p>\n","protected":false},"excerpt":{"rendered":"<p>&nbsp; ESPECIALIZA\u00c7\u00c3O &nbsp; RESID\u00caNCIA M\u00c9DICA &nbsp;<\/p>\n","protected":false},"author":45,"featured_media":0,"parent":0,"menu_order":0,"comment_status":"closed","ping_status":"closed","template":"","meta":{"footnotes":""},"class_list":["post-214","page","type-page","status-publish","hentry"],"_links":{"self":[{"href":"https:\/\/wp.ufpel.edu.br\/prppg\/wp-json\/wp\/v2\/pages\/214","targetHints":{"allow":["GET"]}}],"collection":[{"href":"https:\/\/wp.ufpel.edu.br\/prppg\/wp-json\/wp\/v2\/pages"}],"about":[{"href":"https:\/\/wp.ufpel.edu.br\/prppg\/wp-json\/wp\/v2\/types\/page"}],"author":[{"embeddable":true,"href":"https:\/\/wp.ufpel.edu.br\/prppg\/wp-json\/wp\/v2\/users\/45"}],"replies":[{"embeddable":true,"href":"https:\/\/wp.ufpel.edu.br\/prppg\/wp-json\/wp\/v2\/comments?post=214"}],"version-history":[{"count":53,"href":"https:\/\/wp.ufpel.edu.br\/prppg\/wp-json\/wp\/v2\/pages\/214\/revisions"}],"predecessor-version":[{"id":1699,"href":"https:\/\/wp.ufpel.edu.br\/prppg\/wp-json\/wp\/v2\/pages\/214\/revisions\/1699"}],"wp:attachment":[{"href":"https:\/\/wp.ufpel.edu.br\/prppg\/wp-json\/wp\/v2\/media?parent=214"}],"curies":[{"name":"wp","href":"https:\/\/api.w.org\/{rel}","templated":true}]}}