{"id":2018,"date":"2014-04-07T15:04:02","date_gmt":"2014-04-07T18:04:02","guid":{"rendered":"https:\/\/wp.ufpel.edu.br\/prppg\/?page_id=2018"},"modified":"2023-11-10T17:32:55","modified_gmt":"2023-11-10T20:32:55","slug":"pdse-capes","status":"publish","type":"page","link":"https:\/\/wp.ufpel.edu.br\/prppg\/pdse-capes\/","title":{"rendered":"PDSE\/CAPES"},"content":{"rendered":"<p><strong>PDSE 2023\/2024<\/strong><\/p>\n<p>A CAPES lan\u00e7ou o Edital Institucional para sele\u00e7\u00e3o ao Programa de Doutorado Sandu\u00edche no Exterior (PDSE) para 2024 com bolsas de dura\u00e7\u00e3o de 3 a 6 meses. O<span style=\"color: var(--cor-texto);font-family: var(--fonte-corpo)\"> processo de sele\u00e7\u00e3o contar\u00e1 com editais internos, os quais tratar\u00e3o da sele\u00e7\u00e3o dentro de cada Programa de P\u00f3s-Gradua\u00e7\u00e3o. Os editais internos ser\u00e3o publicados nas p\u00e1ginas de cada PPG e tamb\u00e9m na p\u00e1gina da PRPPGI, em se\u00e7\u00e3o espec\u00edfica apontada ao final da not\u00edcia.<\/span><\/p>\n<p style=\"text-align: justify\">Aos candidatos, recomenda-se fortemente o conhecimento do teor dos editais de seu Programa, do Edital Institucional e do Edital CAPES 30\/2023, observando os requisitos e prazos.<\/p>\n<p>Destaque importante para a flexibiliza\u00e7\u00e3o do requisito da profici\u00eancia com a previs\u00e3o do item 8.3., VII do Edital 30\/2023:<\/p>\n<p><em>&#8220;VII &#8211; ter a declara\u00e7\u00e3o de reconhecimento de flu\u00eancia lingu\u00edstica assinada pelo coorientador no exterior e a declara\u00e7\u00e3o de reconhecimento de flu\u00eancia lingu\u00edstica assinada pelo orientador no Brasil, conforme modelos dispon\u00edveis nos Anexo II e Anexo III, respectivamente. O candidato poder\u00e1, alternativamente, comprovar n\u00edvel de profici\u00eancia na l\u00edngua estrangeira conforme Anexo IV;&#8221;<\/em><\/p>\n<p style=\"text-align: justify\">Por fim, lembramos que o referido processo \u00e9 exclusivo para estudantes vinculados a Programas com curso de doutorado, com nota m\u00ednima 4 na Avalia\u00e7\u00e3o CAPES e que n\u00e3o participem do CAPES\/PrInt.<\/p>\n<p>Demais informa\u00e7\u00f5es sobre o PDSE podem ser encontrados na p\u00e1gina: https:\/\/wp.ufpel.edu.br\/prppg\/pdse-2024\/<\/p>\n<hr \/>\n<p style=\"text-align: justify\"><strong>PDSE 2023<\/strong><\/p>\n<p style=\"text-align: justify\">A CAPES lan\u00e7ou o Edital Institucional para sele\u00e7\u00e3o ao Programa de Doutorado Sandu\u00edche no Exterior (PDSE) para 2023. Em virtude de mudan\u00e7as implementadas pela CAPES para o processo, a sele\u00e7\u00e3o contar\u00e1 com editais internos, os quais tratar\u00e3o da sele\u00e7\u00e3o dentro de cada Programa de P\u00f3s-Gradua\u00e7\u00e3o. Os editais internos ser\u00e3o publicados nas p\u00e1ginas de cada PPG e tamb\u00e9m na p\u00e1gina da PRPPGI, em se\u00e7\u00e3o espec\u00edfica apontada ao final da not\u00edcia.<\/p>\n<p style=\"text-align: justify\">Aos candidatos, recomenda-se fortemente o conhecimento do teor dos editais de seu Programa, do Edital Institucional e do Edital CAPES 44\/2022, observando os requisitos e prazos.<\/p>\n<p style=\"text-align: justify\">Por fim, lembramos que o referido processo \u00e9 exclusivo para estudantes vinculados a Programas com curso de doutorado, com nota m\u00ednima 4 na Avalia\u00e7\u00e3o CAPES e que n\u00e3o participem do CAPES\/PrInt.<\/p>\n<p>Demais informa\u00e7\u00f5es sobre o PDSE podem ser encontrados na p\u00e1gina: <a href=\"https:\/\/wp.ufpel.edu.br\/prppg\/pdse-capes\/pdse-capes-2023\/\">https:\/\/wp.ufpel.edu.br\/prppg\/pdse-capes\/pdse-capes-2023\/<\/a><\/p>\n<hr \/>\n<p><strong>PDSE 2022<\/strong><\/p>\n<p>Em 16 de fevereiro de 2022, foi lan\u00e7ado o Edital Institucional para sele\u00e7\u00e3o ao Programa de Doutorado Sandu\u00edche no Exterior (PDSE). Em virtude de mudan\u00e7as implementadas pela CAPES para o processo, a sele\u00e7\u00e3o contar\u00e1 com editais internos, os quais tratar\u00e3o da sele\u00e7\u00e3o dentro de cada Programa de P\u00f3s-Gradua\u00e7\u00e3o. Os editais internos ser\u00e3o publicados nas p\u00e1ginas de cada PPG e tamb\u00e9m na p\u00e1gina da PRPPGI, em se\u00e7\u00e3o espec\u00edfica apontada ao final da not\u00edcia.<\/p>\n<p>Aos candidatos, recomenda-se fortemente o conhecimento do teor dos editais de seu Programa, do Edital Institucional e do Edital CAPES 10\/2022, observando os requisitos e prazos.<\/p>\n<p>Por fim, lembramos que o referido processo \u00e9 exclusivo para estudantes vinculados a Programas com curso de doutorado, com nota m\u00ednima 4 na Avalia\u00e7\u00e3o CAPES e que n\u00e3o participem do CAPES\/PrInt.<\/p>\n<ul>\n<li><a href=\"https:\/\/wp.ufpel.edu.br\/prppgi\/files\/2022\/03\/16022022_Edital10.22PDSE.pdf\">Edital 10-2022 PDSE<\/a><\/li>\n<li><a href=\"https:\/\/wp.ufpel.edu.br\/prppgi\/files\/2022\/03\/16022022_Edital_1633531_Anexo_II___Proficiencia.pdf\">Anexo_II___Proficiencia<\/a><\/li>\n<li><a href=\"https:\/\/wp.ufpel.edu.br\/prppgi\/files\/2022\/03\/16022022_Edital_1631066_Anexo_I___Termo_de_Outorga.pdf\">Anexo_I___Termo_de_Outorga<\/a><\/li>\n<li>Link para editais internos e resultados dos editais: <span id=\"sample-permalink\"><a href=\"https:\/\/wp.ufpel.edu.br\/prppgi\/pdse-capes\/editais-internos-pdse-2022\/\">https:\/\/wp.ufpel.edu.br\/prppgi\/pdse-capes\/<span id=\"editable-post-name\">editais-internos-pdse-2022<\/span>\/<\/a><\/span> \u200e<span id=\"edit-slug-buttons\"><\/span>\n<div id=\"titlediv\">\n<div class=\"inside\">\n<div id=\"edit-slug-box\" class=\"hide-if-no-js\"><\/div>\n<\/div>\n<\/div>\n<div id=\"postdivrich\" class=\"postarea wp-editor-expand\">\n<div id=\"wp-content-wrap\" class=\"wp-core-ui wp-editor-wrap tmce-active has-dfw\">\n<div class=\"wp-media-buttons\">\n<h1><span style=\"font-size: 14pt\">Cronograma PDSE &#8211; 2022<\/span><\/h1>\n<p><strong>\u00a0<\/strong><\/p>\n<table style=\"height: 1296px\" width=\"686\">\n<tbody>\n<tr>\n<td style=\"width: 231.35px\"><strong>Atividade<\/strong> <strong>Prevista<\/strong><\/td>\n<td style=\"width: 205.317px\"><strong>Per\u00edodo\/Data<\/strong><\/td>\n<td style=\"width: 227.333px\"><strong>Respons\u00e1vel<\/strong><\/td>\n<\/tr>\n<tr>\n<td style=\"width: 231.35px\">\n<p>Sele\u00e7\u00e3o interna dos candidatos e publica\u00e7\u00e3o do<\/p>\n<p>resultado final.<\/td>\n<td style=\"width: 205.317px\">at\u00e9 31 de mar\u00e7o de 2022.<\/td>\n<td style=\"width: 227.333px\">Institui\u00e7\u00e3o de Ensino Superior<\/td>\n<\/tr>\n<tr>\n<td style=\"width: 231.35px\">\n<p>Inscri\u00e7\u00e3o das candidaturas no sistema da CAPES, incluindo preenchimento do formul\u00e1rio de inscri\u00e7\u00e3o online e envio da documenta\u00e7\u00e3o<\/p>\n<p>obrigat\u00f3ria.<\/td>\n<td style=\"width: 205.317px\">\n<p><strong>\u00a0<\/strong><\/p>\n<p>Do dia 04 de abril at\u00e9 o dia 25 de abril de 2022 at\u00e9 as 17 horas (hor\u00e1rio oficial de Bras\u00edlia).<\/td>\n<td style=\"width: 227.333px\">\n<p><strong>\u00a0<\/strong><\/p>\n<p>Candidato<\/td>\n<\/tr>\n<tr>\n<td style=\"width: 231.35px\">\n<p>Homologa\u00e7\u00e3o dos candidatos inscritos no sistema<\/p>\n<p>da CAPES.<\/td>\n<td style=\"width: 205.317px\">\n<p>De 02 \u00e0 13 de maio de 2022 ate as 17 horas<\/p>\n<p>(hor\u00e1rio oficial de Bras\u00edlia).<\/td>\n<td style=\"width: 227.333px\">\n<p>Pr\u00f3-Reitoria de P\u00f3s-Gradua\u00e7\u00e3o ou<\/p>\n<p>\u00f3rg\u00e3o equivalente<\/td>\n<\/tr>\n<tr>\n<td style=\"width: 231.35px\">Publica\u00e7\u00e3o da rela\u00e7\u00e3o das inscri\u00e7\u00f5es homologadas.<\/td>\n<td style=\"width: 205.317px\">At\u00e9 18 de maio de 2022.<\/td>\n<td style=\"width: 227.333px\">CAPES<\/td>\n<\/tr>\n<tr>\n<td style=\"width: 231.35px\">An\u00e1lise t\u00e9cnica das candidaturas pela CAPES.<\/td>\n<td style=\"width: 205.317px\">A partir do dia 19 de maio de 2022.<\/td>\n<td style=\"width: 227.333px\">CAPES<\/td>\n<\/tr>\n<tr>\n<td style=\"width: 231.35px\">\n<p>Publica\u00e7\u00e3o da rela\u00e7\u00e3o preliminar de aprovados na<\/p>\n<p>an\u00e1lise documental.<\/td>\n<td style=\"width: 205.317px\">A partir de 22 de junho de 2022.<\/td>\n<td style=\"width: 227.333px\">CAPES<\/td>\n<\/tr>\n<tr>\n<td style=\"width: 231.35px\">\n<p>Interposi\u00e7\u00e3o de recurso administrativo nos casos de<\/p>\n<p>indeferimento na etapa de an\u00e1lise documental<\/td>\n<td style=\"width: 205.317px\">\n<p>Em at\u00e9 10 dias corridos ap\u00f3s a comunica\u00e7\u00e3o de<\/p>\n<p>indeferimento realizada pela CAPES.<\/td>\n<td style=\"width: 227.333px\">Candidato<\/td>\n<\/tr>\n<tr>\n<td style=\"width: 231.35px\">\n<p>Publica\u00e7\u00e3o da rela\u00e7\u00e3o final de aprovados na an\u00e1lise<\/p>\n<p>documental.<\/td>\n<td style=\"width: 205.317px\">A partir de 11 de julho de 2022.<\/td>\n<td style=\"width: 227.333px\">CAPES<\/td>\n<\/tr>\n<tr>\n<td style=\"width: 231.35px\">Emiss\u00e3o das cartas de concess\u00e3o.<\/td>\n<td style=\"width: 205.317px\">A partir do dia 23 de junho de 2022.<\/td>\n<td style=\"width: 227.333px\">CAPES<\/td>\n<\/tr>\n<tr>\n<td style=\"width: 231.35px\">In\u00edcio das atividades no exterior.<\/td>\n<td style=\"width: 205.317px\">setembro \u00e0 novembro de 2022.<\/td>\n<td style=\"width: 227.333px\">Bolsista<\/td>\n<\/tr>\n<\/tbody>\n<\/table>\n<\/div>\n<\/div>\n<\/div>\n<div class=\"wp-editor-tabs\"><\/div>\n<div id=\"wp-content-editor-tools\" class=\"wp-editor-tools hide-if-no-js\"><\/div>\n<\/li>\n<\/ul>\n<p>&nbsp;<\/p>\n<p>&nbsp;<\/p>\n<p>&#8230;&#8230;&#8230;&#8230;&#8230;&#8230;&#8230;&#8230;&#8230;&#8230;&#8230;&#8230;&#8230;&#8230;&#8230;&#8230;&#8230;&#8230;&#8230;&#8230;&#8230;&#8230;&#8230;&#8230;&#8230;&#8230;&#8230;&#8230;&#8230;&#8230;&#8230;&#8230;&#8230;&#8230;&#8230;&#8230;&#8230;&#8230;&#8230;&#8230;&#8230;&#8230;&#8230;&#8230;&#8230;&#8230;&#8230;&#8230;&#8230;&#8230;&#8230;&#8230;&#8230;&#8230;&#8230;&#8230;&#8230;&#8230;&#8230;&#8230;&#8230;&#8230;&#8230;&#8230;&#8230;&#8230;&#8230;&#8230;&#8230;&#8230;&#8230;&#8230;&#8230;&#8230;..<\/p>\n<p>&nbsp;<\/p>\n<p><strong>PDSE 2020\/2021<\/strong><\/p>\n<p>Em 1<sup>o<\/sup> de dezembro de 2020, foi lan\u00e7ado o Edital Institucional para sele\u00e7\u00e3o ao Programa de Doutorado Sandu\u00edche no Exterior (PDSE). Em virtude de mudan\u00e7as implementadas pela CAPES para o processo, a sele\u00e7\u00e3o contar\u00e1 com o regramento do Edital Institucional (link abaixo) e com editais internos, os quais tratar\u00e3o da sele\u00e7\u00e3o dentro de cada Programa de P\u00f3s-Gradua\u00e7\u00e3o. Os editais internos ser\u00e3o publicados nas p\u00e1ginas de cada PPG e tamb\u00e9m na p\u00e1gina da PRPPGI, em se\u00e7\u00e3o espec\u00edfica apontada ao final da not\u00edcia.<\/p>\n<p>Aos candidatos, recomenda-se fortemente o conhecimento do teor dos editais de seu Programa, do Edital Institucional e do Edital CAPES 19\/2020 (retificado), observando os requisitos e prazos.<\/p>\n<p>Por fim, lembramos que o referido processo \u00e9 exclusivo para estudantes vinculados a Programas com curso de doutorado, com nota m\u00ednima 4 na Avalia\u00e7\u00e3o CAPES e que n\u00e3o participem do CAPES\/PrInt.<\/p>\n<ul>\n<li><em><a href=\"https:\/\/wp.ufpel.edu.br\/prppgi\/files\/2020\/12\/EDITAL192020_PDSERETIFICAO_final.pdf\" target=\"_blank\" rel=\"noopener noreferrer\">Edital CAPES n\u00ba 19\/2020<\/a> (retificado)<\/em><\/li>\n<li><a href=\"https:\/\/wp.ufpel.edu.br\/prppgi\/files\/2020\/12\/SEI_23110.032754_2020_39_edital_institucional_PDSE_UFPel.pdf\" target=\"_blank\" rel=\"noopener noreferrer\"><em>Edital Institucional n\u00ba03\/2020 (PDSE\/UFPel)<\/em><\/a><\/li>\n<li><em><a href=\"https:\/\/wp.ufpel.edu.br\/prppgi\/pdse-2020-2021-editais-internos\/\">Editais Internos dos Programas de P\u00f3s-Gradua\u00e7\u00e3o e Resultados <\/a>(NOVO! 12\/03\/2021)<\/em><\/li>\n<\/ul>\n<p>&#8230;&#8230;&#8230;&#8230;&#8230;&#8230;&#8230;&#8230;&#8230;&#8230;&#8230;&#8230;&#8230;&#8230;&#8230;&#8230;&#8230;&#8230;&#8230;&#8230;&#8230;&#8230;&#8230;&#8230;&#8230;&#8230;&#8230;&#8230;&#8230;&#8230;&#8230;&#8230;&#8230;&#8230;&#8230;&#8230;&#8230;&#8230;&#8230;&#8230;&#8230;&#8230;&#8230;&#8230;&#8230;&#8230;&#8230;&#8230;&#8230;&#8230;&#8230;&#8230;&#8230;&#8230;&#8230;&#8230;&#8230;&#8230;&#8230;&#8230;&#8230;&#8230;<\/p>\n<p><span style=\"color: #999999\"><strong>PDSE 2019<\/strong><\/span><\/p>\n<p style=\"text-align: justify\"><span style=\"color: #999999\">Informamos que a CAPES exige, como requisito de candidatura para os editais que prevejam a concess\u00e3o de bolsa no exterior, a apresenta\u00e7\u00e3o de teste de profici\u00eancia no idioma do pa\u00eds de destino (ou ingl\u00eas, conforme o caso), bem como de ORCID (<a style=\"color: #999999\" href=\"https:\/\/orcid.org\/\">orcid.org<\/a>). Para mais informa\u00e7\u00f5es acerca do n\u00edvel de profici\u00eancia exigido, orientamos que verifique o edital de sele\u00e7\u00e3o do Programa no qual submeter\u00e1 a sua candidatura. Aten\u00e7\u00e3o! O prazo para inscri\u00e7\u00e3o do candidato selecionado no Sistema da CAPES (<a style=\"color: #999999\" href=\"http:\/\/capes.gov.br\/sicapes.capes.gov.br\/\">Sicapes<\/a>) foi prorrogado at\u00e9 \u00e0s 17h do dia 26 de abril de 2019.<\/span><\/p>\n<p style=\"text-align: justify\"><span style=\"color: #999999\">O PDSE foi institu\u00eddo em 2011, em substitui\u00e7\u00e3o ao Doutorado Sandu\u00edche Balc\u00e3o e ao Programa de Doutorado no Pa\u00eds com Est\u00e1gio no Exterior (PDEE). A altera\u00e7\u00e3o visou ampliar o n\u00famero de cotas concedidas \u00e0s Institui\u00e7\u00f5es de Ensino Superior (IES), e dar maior agilidade no processo de implementa\u00e7\u00e3o das bolsas de est\u00e1gio de doutorando no exterior.<\/span><\/p>\n<p style=\"text-align: justify\"><span style=\"color: #999999\">A Pr\u00f3-Reitoria de P\u00f3s-gradua\u00e7\u00e3o das IES, e os PPGs, s\u00e3o respons\u00e1veis por divulgar o PDSE, gerenciar suas cotas, selecionar e orientar seus estudantes, homologar as candidaturas aprovadas, divulgar os resultados, realizar o acompanhamento dos bolsistas e egressos, mantendo a CAPES informada sobre o andamento do est\u00e1gio no exterior e garantindo o cumprimento das normas do PDSE.<\/span><\/p>\n<p style=\"text-align: justify\"><span style=\"color: #999999\">Os Programas de P\u00f3s Gradua\u00e7\u00e3o participantes do Programa CAPES-PrInt n\u00e3o poder\u00e3o indicar estudantes para o PDSE.<\/span><\/p>\n<p style=\"text-align: justify\"><span style=\"color: #999999\"><strong>Inscri\u00e7\u00e3o<\/strong><\/span><\/p>\n<ul style=\"text-align: justify\">\n<li><span style=\"color: #999999\">Conferir calend\u00e1rio de inscri\u00e7\u00e3o nesta p\u00e1gina.<\/span><\/li>\n<li><span style=\"color: #999999\">O candidato deve apresentar Plano de Pesquisa e toda a documenta\u00e7\u00e3o necess\u00e1ria para a sele\u00e7\u00e3o pr\u00e9via \u00e0 Comiss\u00e3o de Sele\u00e7\u00e3o de Candidatura em sua Institui\u00e7\u00e3o.<\/span><\/li>\n<li><span style=\"color: #999999\">A IES far\u00e1 sele\u00e7\u00e3o e, se aprovado, o candidato dever\u00e1 fazer a inscri\u00e7\u00e3o online no site da Capes anexando a documenta\u00e7\u00e3o exigida, para que seja homologada pela Pr\u00f3-Reitoria. A Institui\u00e7\u00e3o, dever\u00e1 verificar a documenta\u00e7\u00e3o pertinente \u00e0 candidatura), validar as inscri\u00e7\u00f5es ao PDSE, mediante Homologa\u00e7\u00e3o na p\u00e1gina eletr\u00f4nica da Capes, atendendo \u00e0s cotas dispon\u00edveis na IES<\/span><\/li>\n<li><span style=\"color: #999999\">A Comiss\u00e3o far\u00e1 a an\u00e1lise e sele\u00e7\u00e3o e, se aprovado, o candidato dever\u00e1 fazer a inscri\u00e7\u00e3o online no site da Capes anexando a documenta\u00e7\u00e3o exigida, para que seja homologada pela Pr\u00f3-reitoria. A Pr\u00f3-reitoria, dever\u00e1 verificar a documenta\u00e7\u00e3o pertinente \u00e0 candidatura e validar as inscri\u00e7\u00f5es ao PDSE, mediante Homologa\u00e7\u00e3o na p\u00e1gina eletr\u00f4nica da Capes, atendendo \u00e0s cotas dispon\u00edveis na IES. Para a Pr\u00f3-Reitoria: enviar c\u00f3pia (<strong>Termo ou Ata de Sele\u00e7\u00e3o e resultado do Teste de Profici\u00eancia).<\/strong><\/span><\/li>\n<li><span style=\"color: #999999\">Para implementa\u00e7\u00e3o da bolsa, o aluno aprovado deve enviar a documenta\u00e7\u00e3o solicitada, em arquivo .pdf, por meio de seu processo eletr\u00f4nico, conforme orienta\u00e7\u00e3o recebida.<\/span><\/li>\n<li><span style=\"color: #999999\">Requisitos e condi\u00e7\u00f5es devem ser observados conforme o regulamento de bolsas para o exterior e edital do programa PDSE.<\/span><\/li>\n<li><span style=\"color: #999999\">\u00c9 vedado o ac\u00famulo de bolsa destinada \u00e0 mesma finalidade, quando concedida por ag\u00eancia de fomento brasileira. Estudantes\/pesquisadores que j\u00e1 usufru\u00edram da bolsa no exterior n\u00e3o poder\u00e3o ser contemplados novamente, na mesma modalidade, mesmo ap\u00f3s o cumprimento do interst\u00edcio exigido, exceto para bolsas de pesquisa p\u00f3s-doutoral.<\/span><\/li>\n<\/ul>\n<p><span style=\"color: #999999\">Cronograma<\/span><\/p>\n<table>\n<thead>\n<tr>\n<td><span style=\"color: #999999\"><strong>Etapa<\/strong><\/span><\/td>\n<td width=\"196\"><span style=\"color: #999999\"><strong>Prazo<\/strong><\/span><\/td>\n<td width=\"91\"><span style=\"color: #999999\"><strong>Respons\u00e1vel<\/strong><\/span><\/td>\n<\/tr>\n<\/thead>\n<tbody>\n<tr>\n<td><span style=\"color: #999999\">Sele\u00e7\u00e3o interna dos candidatos e publica\u00e7\u00e3o do resultado final<\/span><\/td>\n<td width=\"196\"><span style=\"color: #999999\">At\u00e9 08 de mar\u00e7o de 2019<\/span><\/td>\n<td style=\"text-align: center\" width=\"91\"><span style=\"color: #999999\">\u00a0\u00a0\u00a0\u00a0\u00a0\u00a0\u00a0 IES<\/span><\/td>\n<\/tr>\n<tr>\n<td><span style=\"color: #999999\">Inscri\u00e7\u00e3o do candidato selecionado no Sistema da CAPES (Sicapes)<\/span><\/td>\n<td width=\"196\"><span style=\"color: #999999\">At\u00e9 26 de abril de 2019 (at\u00e9 \u00e0s 17 horas)<\/span><\/td>\n<td style=\"text-align: center\" width=\"91\"><span style=\"color: #999999\">\u00a0\u00a0\u00a0\u00a0\u00a0\u00a0\u00a0\u00a0\u00a0\u00a0\u00a0\u00a0\u00a0\u00a0\u00a0\u00a0\u00a0\u00a0\u00a0\u00a0\u00a0\u00a0\u00a0\u00a0\u00a0 Candidato<\/span><\/td>\n<\/tr>\n<tr>\n<td><span style=\"color: #999999\">Homologa\u00e7\u00e3o dos candidatos inscritos no Sistema da CAPES (Sicapes)<\/span><\/td>\n<td width=\"196\"><span style=\"color: #999999\">De 29 de abril a 17 de maio de 2019<\/span><\/td>\n<td style=\"text-align: center\" width=\"91\"><span style=\"color: #999999\">\u00a0\u00a0\u00a0\u00a0\u00a0 Pr\u00f3-Reitoria<\/span><\/td>\n<\/tr>\n<tr>\n<td><span style=\"color: #999999\">Emiss\u00e3o das cartas de concess\u00e3o<\/span><\/td>\n<td width=\"196\"><span style=\"color: #999999\">A partir de 22 de maio de 2019<\/span><\/td>\n<td style=\"text-align: center\" width=\"91\"><span style=\"color: #999999\">CAPES<\/span><\/td>\n<\/tr>\n<tr>\n<td><span style=\"color: #999999\">In\u00edcio das atividades do programa de estudos no exterior<\/span><\/td>\n<td width=\"196\"><span style=\"color: #999999\">Agosto a novembro de 2019<\/span><\/td>\n<td style=\"text-align: center\" width=\"91\"><span style=\"color: #999999\">Bolsista<\/span><\/td>\n<\/tr>\n<\/tbody>\n<\/table>\n<p style=\"text-align: justify\"><span style=\"color: #999999\">Obs.: O(A) candidato(a) deve inscrever-se na Capes, exclusivamente via Internet, at\u00e9 \u00e0s 17h00m do \u00faltimo dia para inscri\u00e7\u00e3o.<\/span><\/p>\n<ul>\n<li style=\"text-align: justify\"><span style=\"color: #999999\"><a style=\"color: #999999\" href=\"https:\/\/inscricao.capes.gov.br\/individual\">Inscri\u00e7\u00e3o Online<\/a>\u00a0&#8211;\u00a0dispon\u00edvel em 11 de mar\u00e7o a 26 de abril de 2019 (at\u00e9 \u00e0s 17 horas).<\/span><\/li>\n<li style=\"text-align: justify\"><span style=\"color: #999999\"><a style=\"color: #999999\" href=\"https:\/\/inscricao.capes.gov.br\/homologacao\">Homologa\u00e7\u00e3o pela Pr\u00f3-Reitoria<\/a> &#8211; dispon\u00edvel em 29 de abril a 17 de maio de 2019.<\/span><\/li>\n<li style=\"text-align: justify\"><span style=\"color: #999999\">EDITAL 41\/2018 &#8211; <a style=\"color: #999999\" href=\"http:\/\/capes.gov.br\/bolsas\/bolsas-no-exterior\/programa-de-doutorado-sanduiche-no-exterior-pdse\"><strong>http:\/\/capes.gov.br\/bolsas\/bolsas-no-exterior\/programa-de-doutorado-sanduiche-no-exterior-pdse<\/strong><\/a><\/span><\/li>\n<\/ul>\n","protected":false},"excerpt":{"rendered":"<p>PDSE 2023\/2024 A CAPES lan\u00e7ou o Edital Institucional para sele\u00e7\u00e3o ao Programa de Doutorado Sandu\u00edche no Exterior (PDSE) para 2024 com bolsas de dura\u00e7\u00e3o de 3 a 6 meses. O processo de sele\u00e7\u00e3o contar\u00e1 com editais internos, os quais tratar\u00e3o da sele\u00e7\u00e3o dentro de cada Programa de P\u00f3s-Gradua\u00e7\u00e3o. Os editais internos ser\u00e3o publicados nas p\u00e1ginas [&hellip;]<\/p>\n","protected":false},"author":45,"featured_media":0,"parent":0,"menu_order":0,"comment_status":"closed","ping_status":"closed","template":"","meta":{"footnotes":""},"class_list":["post-2018","page","type-page","status-publish","hentry"],"_links":{"self":[{"href":"https:\/\/wp.ufpel.edu.br\/prppg\/wp-json\/wp\/v2\/pages\/2018","targetHints":{"allow":["GET"]}}],"collection":[{"href":"https:\/\/wp.ufpel.edu.br\/prppg\/wp-json\/wp\/v2\/pages"}],"about":[{"href":"https:\/\/wp.ufpel.edu.br\/prppg\/wp-json\/wp\/v2\/types\/page"}],"author":[{"embeddable":true,"href":"https:\/\/wp.ufpel.edu.br\/prppg\/wp-json\/wp\/v2\/users\/45"}],"replies":[{"embeddable":true,"href":"https:\/\/wp.ufpel.edu.br\/prppg\/wp-json\/wp\/v2\/comments?post=2018"}],"version-history":[{"count":21,"href":"https:\/\/wp.ufpel.edu.br\/prppg\/wp-json\/wp\/v2\/pages\/2018\/revisions"}],"predecessor-version":[{"id":9818,"href":"https:\/\/wp.ufpel.edu.br\/prppg\/wp-json\/wp\/v2\/pages\/2018\/revisions\/9818"}],"wp:attachment":[{"href":"https:\/\/wp.ufpel.edu.br\/prppg\/wp-json\/wp\/v2\/media?parent=2018"}],"curies":[{"name":"wp","href":"https:\/\/api.w.org\/{rel}","templated":true}]}}