{"id":12205,"date":"2025-08-28T09:37:15","date_gmt":"2025-08-28T12:37:15","guid":{"rendered":"https:\/\/wp.ufpel.edu.br\/prppg\/?page_id=12205"},"modified":"2025-08-28T12:22:26","modified_gmt":"2025-08-28T15:22:26","slug":"rua-da-ciencia","status":"publish","type":"page","link":"https:\/\/wp.ufpel.edu.br\/prppg\/rua-da-ciencia\/","title":{"rendered":"(XI SIIEPE) Rua da Ci\u00eancia"},"content":{"rendered":"<p>Em constru\u00e7\u00e3o&#8230;<\/p>\n<p><a href=\"https:\/\/wp.ufpel.edu.br\/prppg\/files\/2025\/08\/posts-modelo-13.png\"><img class=\"aligncenter wp-image-12210 size-full\" src=\"https:\/\/wp.ufpel.edu.br\/prppg\/files\/2025\/08\/posts-modelo-13.png\" alt=\"\" width=\"1080\" height=\"1350\" srcset=\"https:\/\/wp.ufpel.edu.br\/prppg\/files\/2025\/08\/posts-modelo-13.png 1080w, https:\/\/wp.ufpel.edu.br\/prppg\/files\/2025\/08\/posts-modelo-13-320x400.png 320w, https:\/\/wp.ufpel.edu.br\/prppg\/files\/2025\/08\/posts-modelo-13-819x1024.png 819w, https:\/\/wp.ufpel.edu.br\/prppg\/files\/2025\/08\/posts-modelo-13-768x960.png 768w\" sizes=\"(max-width: 1080px) 100vw, 1080px\" \/><\/a><\/p>\n","protected":false},"excerpt":{"rendered":"<p>Em constru\u00e7\u00e3o&#8230;<\/p>\n","protected":false},"author":45,"featured_media":0,"parent":0,"menu_order":0,"comment_status":"closed","ping_status":"closed","template":"","meta":{"footnotes":""},"class_list":["post-12205","page","type-page","status-publish","hentry"],"_links":{"self":[{"href":"https:\/\/wp.ufpel.edu.br\/prppg\/wp-json\/wp\/v2\/pages\/12205","targetHints":{"allow":["GET"]}}],"collection":[{"href":"https:\/\/wp.ufpel.edu.br\/prppg\/wp-json\/wp\/v2\/pages"}],"about":[{"href":"https:\/\/wp.ufpel.edu.br\/prppg\/wp-json\/wp\/v2\/types\/page"}],"author":[{"embeddable":true,"href":"https:\/\/wp.ufpel.edu.br\/prppg\/wp-json\/wp\/v2\/users\/45"}],"replies":[{"embeddable":true,"href":"https:\/\/wp.ufpel.edu.br\/prppg\/wp-json\/wp\/v2\/comments?post=12205"}],"version-history":[{"count":3,"href":"https:\/\/wp.ufpel.edu.br\/prppg\/wp-json\/wp\/v2\/pages\/12205\/revisions"}],"predecessor-version":[{"id":12211,"href":"https:\/\/wp.ufpel.edu.br\/prppg\/wp-json\/wp\/v2\/pages\/12205\/revisions\/12211"}],"wp:attachment":[{"href":"https:\/\/wp.ufpel.edu.br\/prppg\/wp-json\/wp\/v2\/media?parent=12205"}],"curies":[{"name":"wp","href":"https:\/\/api.w.org\/{rel}","templated":true}]}}