{"id":11130,"date":"2024-12-27T10:15:58","date_gmt":"2024-12-27T13:15:58","guid":{"rendered":"https:\/\/wp.ufpel.edu.br\/prppg\/?page_id=11130"},"modified":"2025-03-31T11:52:55","modified_gmt":"2025-03-31T14:52:55","slug":"pib-tt-2025","status":"publish","type":"page","link":"https:\/\/wp.ufpel.edu.br\/prppg\/bolsas-pib-tt\/pib-tt-2025\/","title":{"rendered":"Bolsas PIB TT &#8211; 2025"},"content":{"rendered":"<h1 class=\"corTexto\">Bolsas de Mestrado e Doutorado para estudantes travestis e transexuais<\/h1>\n<p>A Pr\u00f3-reitoria de Pesquisa e P\u00f3s-Gradua\u00e7\u00e3o da Universidade Federal de Pelotas torna p\u00fablico que est\u00e3o abertas as solicita\u00e7\u00f5es de cotas de bolsas de mestrado e doutorado alocadas na PRPPG, oriundas do Programa DS\/CAPES, com distribui\u00e7\u00e3o para estudantes travestis e transexuais, conforme Resolu\u00e7\u00f5es<br \/>\nCONSUN n<sup>o<\/sup>. 54\/2021 e 65\/2021 e Portaria n<sup>o<\/sup>. 475\/2022.<\/p>\n<p>Maiores informa\u00e7\u00f5es sobre prazo de inscri\u00e7\u00e3o, procedimentos e documentos necess\u00e1rios para submiss\u00e3o de pedidos pelas estudantes est\u00e3o dispon\u00edveis no Edital abaixo e anexos.<\/p>\n<p>As inscri\u00e7\u00f5es est\u00e3o abertas de de 02 de janeiro a 07 de fevereiro de 2025.<\/p>\n<ul>\n<li><a href=\"https:\/\/wp.ufpel.edu.br\/prppg\/files\/2024\/12\/SEI_2902453_Edital_02.pdf\">Edital 06\/2024<\/a><\/li>\n<li><a href=\"https:\/\/wp.ufpel.edu.br\/prppg\/files\/2024\/12\/anexos_I-1-1.docx\">Formul\u00e1rio de Inscri\u00e7\u00e3o<\/a><\/li>\n<li><a href=\"https:\/\/wp.ufpel.edu.br\/prppg\/files\/2024\/12\/anexo_II_autodeclaracao_de_identidade_de_genero.pdf\">Autodeclara\u00e7\u00e3o de identidade de g\u00eanero<\/a><\/li>\n<li><a href=\"https:\/\/wp.ufpel.edu.br\/prppg\/files\/2013\/08\/2046953ef9.xls\">Formul\u00e1rio de Cadastro de Bolsa<\/a><\/li>\n<li><a href=\"https:\/\/wp.ufpel.edu.br\/prppg\/files\/2024\/01\/anexo_IV___Termo_de_compromisso-1.docx\">Termo de Compromisso<\/a><\/li>\n<li><a href=\"https:\/\/wp.ufpel.edu.br\/prppg\/files\/2024\/12\/DeclaraodeAcmulos-1.pdf\">Declara\u00e7\u00e3o de Ac\u00famulos<\/a><\/li>\n<\/ul>\n<p>&nbsp;<\/p>\n<p>&nbsp;<\/p>\n<p><span style=\"font-size: 24pt;color: #993300\"><strong>Resultado Preliminar PIB TT 2025<\/strong><\/span><\/p>\n<p><strong>EDITAL PRPPG N.\u00ba 006\/2024<\/strong><\/p>\n<p><strong>(Bolsas PIB \u2013 TT \u2013 Cotas PRPPG)<\/strong><\/p>\n<p>&nbsp;<\/p>\n<p><em>A Pr\u00f3-Reitoria de Pesquisa e P\u00f3s-Gradua\u00e7\u00e3o da Universidade Federal de Pelotas torna p\u00fablico o\u00a0<strong><u>resultado PRELIMINAR<\/u><\/strong> da an\u00e1lise de solicita\u00e7\u00f5es de bolsas de mestrado e doutorado alocadas na PRPPG, com distribui\u00e7\u00e3o priorit\u00e1ria para estudantes ingressantes via acesso afirmativo, conforme Resolu\u00e7\u00f5es CONSUN n\u00ba. 54\/2021 e 65\/2021 e Portaria no. 475\/2022.<\/em><\/p>\n<p>&nbsp;<\/p>\n<p><strong>Solicita\u00e7\u00f5es de\u00a0<u>renova\u00e7\u00e3o<\/u>: candidaturas HOMOLOGADAS<\/strong><\/p>\n<p>&nbsp;<\/p>\n<table>\n<tbody>\n<tr>\n<td><\/td>\n<td><strong>Nome<\/strong><\/td>\n<td><strong>N\u00edvel<\/strong><\/td>\n<td><strong>PPG<\/strong><\/td>\n<td><strong>Situa\u00e7\u00e3o<\/strong><\/td>\n<\/tr>\n<tr>\n<td>1.<\/td>\n<td>MIRELLA ENCARNA\u00c7\u00c3O DA COSTA<\/td>\n<td>M<\/td>\n<td>DIREITO<\/td>\n<td>HOMOLOGADA<\/td>\n<\/tr>\n<tr>\n<td>2.<\/td>\n<td>AL\u00caXANDER CHRISTOPHER PEREIRA GARCIA<\/td>\n<td>M<\/td>\n<td>ARTES<\/td>\n<td>HOMOLOGADA<\/td>\n<\/tr>\n<\/tbody>\n<\/table>\n<p>&nbsp;<\/p>\n<p>&nbsp;<\/p>\n<p><strong><u>Novas<\/u><\/strong><strong>\u00a0solicita\u00e7\u00f5es de bolsas:\u00a0inscri\u00e7\u00f5es N\u00c3O HOMOLOGADAS<\/strong><\/p>\n<p>&nbsp;<\/p>\n<table>\n<tbody>\n<tr>\n<td><\/td>\n<td><strong>Nome<\/strong><\/td>\n<td><strong>PPG<\/strong><\/td>\n<td><strong>Motivo<\/strong><\/td>\n<\/tr>\n<tr>\n<td><strong>1.<\/strong><\/td>\n<td>JESSICA FERNANDES DA PORCIUNCULA<\/td>\n<td>ARTES<\/td>\n<td>Itens 3.1.1., 3.1.6. e 3.1.9. Sem registro de verifica\u00e7\u00e3o anterior junto ao NUGEN; Aus\u00eancia de documento previsto para verifica\u00e7\u00e3o.<\/td>\n<\/tr>\n<tr>\n<td><strong>2.<\/strong><\/td>\n<td>EL\u00dd ZAB\u00c9T SELVA SELVEIRA<\/td>\n<td>EDUCA\u00c7\u00c3O<\/td>\n<td>Item 2.1. N\u00e3o atendimento dos crit\u00e9rios de elegibilidade.<\/td>\n<\/tr>\n<\/tbody>\n<\/table>\n<p>&nbsp;<\/p>\n<p>Obs.: a interposi\u00e7\u00e3o de eventuais recursos deve ser feita conforme regramento do edital 06\/2024.<\/p>\n<p>As etapas seguem o cronograma previsto no item 4 do edital 06\/2024.<\/p>\n<p>&nbsp;<\/p>\n<p>Pelotas, 14 de fevereiro de 2025.<\/p>\n<p>CPG\/PRPPG\/UFPel.<\/p>\n<p>&nbsp;<\/p>\n<p>&nbsp;<\/p>\n<p><span style=\"font-size: 24pt;color: #993300\"><strong>Resultado da aprecia\u00e7\u00e3o dos recursos referentes \u00e0 homologa\u00e7\u00e3o das inscri\u00e7\u00f5es \u2013 PIB TT 2025<\/strong><\/span><\/p>\n<p>A Pr\u00f3-Reitoria de Pesquisa e P\u00f3s-Gradua\u00e7\u00e3o da Universidade Federal de Pelotas\u00a0torna p\u00fablico o resultado da an\u00e1lise de recursos interpostos na fase de homologa\u00e7\u00e3o.<\/p>\n<p>Resultado da aprecia\u00e7\u00e3o de recursos referentes \u00e0 homologa\u00e7\u00e3o das inscri\u00e7\u00f5es: <a href=\"https:\/\/wp.ufpel.edu.br\/prppg\/files\/2025\/02\/RESULTADO-DOS-RECURSOS-PIB-TT-2025.pdf\">RESULTADO DOS RECURSOS PIB TT 2025<\/a><\/p>\n<p>&nbsp;<\/p>\n<p>Pelotas, 24 de fevereiro de 2025.<\/p>\n<p>CPG\/PRPPG\/UFPel.<\/p>\n<p>&nbsp;<\/p>\n<h1 class=\"corTexto\"><strong>Comunicado sobre o resultado preliminar \u2013 PIB TT 2025<\/strong><\/h1>\n<p>A Pr\u00f3-Reitoria de Pesquisa e P\u00f3s-Gradua\u00e7\u00e3o da Universidade Federal de Pelotas comunica que o resultado preliminar do edital 06\/2024 ainda est\u00e1 para ser divulgado. A partir da data em que ocorrer a divulga\u00e7\u00e3o no site da PRPPG, ser\u00e1 disponibilizado o prazo de dois dias \u00fateis para interposi\u00e7\u00e3o de recurso ao resultado preliminar, conforme edital 06\/2024. Al\u00e9m da divulga\u00e7\u00e3o no site da PRPPG, ser\u00e1 enviado o link do resultado preliminar para o e-mail fornecido pela\/o candidata\/o no formul\u00e1rio de inscri\u00e7\u00e3o.<\/p>\n<p>Pelotas, 17 de mar\u00e7o de 2025.<\/p>\n<p>CPG\/PRPPG\/UFPel.<\/p>\n<p>&nbsp;<\/p>\n<p><span style=\"font-size: 24pt;color: #993300\"><strong>Resultado Preliminar PIB TT 2025: candidaturas <u>contempladas<\/u><\/strong><\/span><\/p>\n<p><strong>EDITAL PRPPG N.\u00ba 06\/2024<\/strong><\/p>\n<p><strong>(Bolsas PIB \u2013 TT \u2013 Cotas PRPPG)<\/strong><\/p>\n<p>&nbsp;<\/p>\n<p><em>A Pr\u00f3-Reitoria de Pesquisa e P\u00f3s-Gradua\u00e7\u00e3o da Universidade Federal de Pelotas torna p\u00fablico o <strong>resultado <u>PRELIMINAR<\/u><\/strong> com as candidaturas contempladas na an\u00e1lise de solicita\u00e7\u00f5es de bolsas alocadas na PRPPG, oriundas do Programa DS\/CAPES, com distribui\u00e7\u00e3o para estudantes travestis e transexuais, conforme Resolu\u00e7\u00f5es CONSUN no 54\/2021 e 65\/2021 e Portaria no 475\/2022.<\/em><\/p>\n<p>&nbsp;<\/p>\n<p>Acesse aqui o resultado: <a href=\"https:\/\/wp.ufpel.edu.br\/prppg\/files\/2025\/03\/Resultado-Preliminar-PIB-TT-candidaturas-contempladas.pdf\">Resultado Preliminar PIB TT &#8211; candidaturas contempladas<\/a><\/p>\n<p>&nbsp;<\/p>\n<p>Obs.: em observ\u00e2ncia \u00e0 previs\u00e3o do edital 06\/2024, ser\u00e1 aberto per\u00edodo de interposi\u00e7\u00e3o de recursos ao resultado preliminar at\u00e9 quarta-feira, 02\/04\/25. A interposi\u00e7\u00e3o de eventuais recursos deve ser feita conforme regramento do edital 06\/2024.<\/p>\n<p>Pelotas, 31 de mar\u00e7o de 2025.<\/p>\n<p>CPG\/PRPPG\/UFPel.<\/p>\n","protected":false},"excerpt":{"rendered":"<p>Bolsas de Mestrado e Doutorado para estudantes travestis e transexuais A Pr\u00f3-reitoria de Pesquisa e P\u00f3s-Gradua\u00e7\u00e3o da Universidade Federal de Pelotas torna p\u00fablico que est\u00e3o abertas as solicita\u00e7\u00f5es de cotas de bolsas de mestrado e doutorado alocadas na PRPPG, oriundas do Programa DS\/CAPES, com distribui\u00e7\u00e3o para estudantes travestis e transexuais, conforme Resolu\u00e7\u00f5es CONSUN no. 54\/2021 [&hellip;]<\/p>\n","protected":false},"author":45,"featured_media":0,"parent":9107,"menu_order":0,"comment_status":"closed","ping_status":"closed","template":"","meta":{"footnotes":""},"class_list":["post-11130","page","type-page","status-publish","hentry"],"_links":{"self":[{"href":"https:\/\/wp.ufpel.edu.br\/prppg\/wp-json\/wp\/v2\/pages\/11130","targetHints":{"allow":["GET"]}}],"collection":[{"href":"https:\/\/wp.ufpel.edu.br\/prppg\/wp-json\/wp\/v2\/pages"}],"about":[{"href":"https:\/\/wp.ufpel.edu.br\/prppg\/wp-json\/wp\/v2\/types\/page"}],"author":[{"embeddable":true,"href":"https:\/\/wp.ufpel.edu.br\/prppg\/wp-json\/wp\/v2\/users\/45"}],"replies":[{"embeddable":true,"href":"https:\/\/wp.ufpel.edu.br\/prppg\/wp-json\/wp\/v2\/comments?post=11130"}],"version-history":[{"count":7,"href":"https:\/\/wp.ufpel.edu.br\/prppg\/wp-json\/wp\/v2\/pages\/11130\/revisions"}],"predecessor-version":[{"id":11483,"href":"https:\/\/wp.ufpel.edu.br\/prppg\/wp-json\/wp\/v2\/pages\/11130\/revisions\/11483"}],"up":[{"embeddable":true,"href":"https:\/\/wp.ufpel.edu.br\/prppg\/wp-json\/wp\/v2\/pages\/9107"}],"wp:attachment":[{"href":"https:\/\/wp.ufpel.edu.br\/prppg\/wp-json\/wp\/v2\/media?parent=11130"}],"curies":[{"name":"wp","href":"https:\/\/api.w.org\/{rel}","templated":true}]}}