{"id":81,"date":"2015-11-17T22:07:23","date_gmt":"2015-11-18T00:07:23","guid":{"rendered":"https:\/\/wp.ufpel.edu.br\/protparcial\/?page_id=81"},"modified":"2020-03-03T15:39:13","modified_gmt":"2020-03-03T18:39:13","slug":"paineis","status":"publish","type":"page","link":"https:\/\/wp.ufpel.edu.br\/protparcial\/materiais-didaticos\/paineis\/","title":{"rendered":"Pain\u00e9is"},"content":{"rendered":"<p><a href=\"https:\/\/wp.ufpel.edu.br\/protparcial\/files\/2020\/03\/painel_preparos_format_final_2019_2020.pdf\" target=\"_blank\" rel=\"noopener noreferrer\">Painel de Preparos Totais em Pr\u00f3tese Parcial Fixa (PPF);<\/a><\/p>\n<p><a href=\"https:\/\/wp.ufpel.edu.br\/protparcial\/files\/2018\/06\/painel_preparos_format_final_2018_PB.pdf\" target=\"_blank\" rel=\"noopener noreferrer\">Painel de Preparos Totais em Pr\u00f3tese Parcial Fixa (PPF) em Preto e Branco;<\/a><\/p>\n<p><a href=\"https:\/\/wp.ufpel.edu.br\/protparcial\/files\/2020\/02\/PAINEL-PROVISORIOS_Final_2019.pdf\" target=\"_blank\" rel=\"noopener noreferrer\">Painel de Provis\u00f3rios em Pr\u00f3tese Parcial Fixa;<\/a><\/p>\n<p><a href=\"https:\/\/wp.ufpel.edu.br\/protparcial\/files\/2018\/02\/Arcos_PPR_2017.pdf\" target=\"_blank\" rel=\"noopener noreferrer\">Caderno de Desenho (Exerc\u00edcio) de arcos edentados parciais, arcos superior e inferior;<\/a><\/p>\n<p><a href=\"https:\/\/wp.ufpel.edu.br\/protparcial\/files\/2016\/02\/Princ_Prep_2016.pdf\" target=\"_blank\" rel=\"noopener noreferrer\">Princ\u00edpios gerais de preparo total em PPF (GOODACRE et al, 2001);<\/a><\/p>\n","protected":false},"excerpt":{"rendered":"<p>Painel de Preparos Totais em Pr\u00f3tese Parcial Fixa (PPF); Painel de Preparos Totais em Pr\u00f3tese Parcial Fixa (PPF) em Preto e Branco; Painel de Provis\u00f3rios em Pr\u00f3tese Parcial Fixa; Caderno de Desenho (Exerc\u00edcio) de arcos edentados parciais, arcos superior e &hellip; <a href=\"https:\/\/wp.ufpel.edu.br\/protparcial\/materiais-didaticos\/paineis\/\">Continue lendo <span class=\"meta-nav\">&rarr;<\/span><\/a><\/p>\n","protected":false},"author":575,"featured_media":0,"parent":7,"menu_order":0,"comment_status":"closed","ping_status":"closed","template":"","meta":{"jetpack_post_was_ever_published":false,"footnotes":""},"class_list":["post-81","page","type-page","status-publish","hentry"],"jetpack_sharing_enabled":true,"jetpack_shortlink":"https:\/\/wp.me\/P6Xzwn-1j","jetpack-related-posts":[],"_links":{"self":[{"href":"https:\/\/wp.ufpel.edu.br\/protparcial\/wp-json\/wp\/v2\/pages\/81","targetHints":{"allow":["GET"]}}],"collection":[{"href":"https:\/\/wp.ufpel.edu.br\/protparcial\/wp-json\/wp\/v2\/pages"}],"about":[{"href":"https:\/\/wp.ufpel.edu.br\/protparcial\/wp-json\/wp\/v2\/types\/page"}],"author":[{"embeddable":true,"href":"https:\/\/wp.ufpel.edu.br\/protparcial\/wp-json\/wp\/v2\/users\/575"}],"replies":[{"embeddable":true,"href":"https:\/\/wp.ufpel.edu.br\/protparcial\/wp-json\/wp\/v2\/comments?post=81"}],"version-history":[{"count":16,"href":"https:\/\/wp.ufpel.edu.br\/protparcial\/wp-json\/wp\/v2\/pages\/81\/revisions"}],"predecessor-version":[{"id":804,"href":"https:\/\/wp.ufpel.edu.br\/protparcial\/wp-json\/wp\/v2\/pages\/81\/revisions\/804"}],"up":[{"embeddable":true,"href":"https:\/\/wp.ufpel.edu.br\/protparcial\/wp-json\/wp\/v2\/pages\/7"}],"wp:attachment":[{"href":"https:\/\/wp.ufpel.edu.br\/protparcial\/wp-json\/wp\/v2\/media?parent=81"}],"curies":[{"name":"wp","href":"https:\/\/api.w.org\/{rel}","templated":true}]}}