{"id":77,"date":"2015-11-17T22:04:49","date_gmt":"2015-11-18T00:04:49","guid":{"rendered":"https:\/\/wp.ufpel.edu.br\/protparcial\/?page_id=77"},"modified":"2015-11-17T22:33:04","modified_gmt":"2015-11-18T00:33:04","slug":"teses-dissertacoes","status":"publish","type":"page","link":"https:\/\/wp.ufpel.edu.br\/protparcial\/materiais-didaticos\/teses-dissertacoes\/","title":{"rendered":"Casos Cl\u00ednicos"},"content":{"rendered":"<p>TCC &#8211; <a href=\"https:\/\/wp.ufpel.edu.br\/protparcial\/files\/2015\/11\/Reab_Oral_Complexa-Davi-Cieluck-TCC-2011.pdf\">Reabilita\u00e7\u00e3o oral complexa &#8211; Associa\u00e7\u00e3o de PPR com encaixes intracoron\u00e1rios: Relato de caso cl\u00ednico. Davi De Carli Cieluck;<\/a><\/p>\n<p>&nbsp;<\/p>\n","protected":false},"excerpt":{"rendered":"<p>TCC &#8211; Reabilita\u00e7\u00e3o oral complexa &#8211; Associa\u00e7\u00e3o de PPR com encaixes intracoron\u00e1rios: Relato de caso cl\u00ednico. Davi De Carli Cieluck; &nbsp;<\/p>\n","protected":false},"author":575,"featured_media":0,"parent":7,"menu_order":0,"comment_status":"closed","ping_status":"closed","template":"","meta":{"jetpack_post_was_ever_published":false,"footnotes":""},"class_list":["post-77","page","type-page","status-publish","hentry"],"jetpack_sharing_enabled":true,"jetpack_shortlink":"https:\/\/wp.me\/P6Xzwn-1f","jetpack-related-posts":[],"_links":{"self":[{"href":"https:\/\/wp.ufpel.edu.br\/protparcial\/wp-json\/wp\/v2\/pages\/77","targetHints":{"allow":["GET"]}}],"collection":[{"href":"https:\/\/wp.ufpel.edu.br\/protparcial\/wp-json\/wp\/v2\/pages"}],"about":[{"href":"https:\/\/wp.ufpel.edu.br\/protparcial\/wp-json\/wp\/v2\/types\/page"}],"author":[{"embeddable":true,"href":"https:\/\/wp.ufpel.edu.br\/protparcial\/wp-json\/wp\/v2\/users\/575"}],"replies":[{"embeddable":true,"href":"https:\/\/wp.ufpel.edu.br\/protparcial\/wp-json\/wp\/v2\/comments?post=77"}],"version-history":[{"count":4,"href":"https:\/\/wp.ufpel.edu.br\/protparcial\/wp-json\/wp\/v2\/pages\/77\/revisions"}],"predecessor-version":[{"id":96,"href":"https:\/\/wp.ufpel.edu.br\/protparcial\/wp-json\/wp\/v2\/pages\/77\/revisions\/96"}],"up":[{"embeddable":true,"href":"https:\/\/wp.ufpel.edu.br\/protparcial\/wp-json\/wp\/v2\/pages\/7"}],"wp:attachment":[{"href":"https:\/\/wp.ufpel.edu.br\/protparcial\/wp-json\/wp\/v2\/media?parent=77"}],"curies":[{"name":"wp","href":"https:\/\/api.w.org\/{rel}","templated":true}]}}