{"id":39,"date":"2015-11-17T21:16:52","date_gmt":"2015-11-17T23:16:52","guid":{"rendered":"https:\/\/wp.ufpel.edu.br\/protparcial\/?page_id=39"},"modified":"2022-11-04T17:36:10","modified_gmt":"2022-11-04T20:36:10","slug":"links","status":"publish","type":"page","link":"https:\/\/wp.ufpel.edu.br\/protparcial\/links\/","title":{"rendered":"Links"},"content":{"rendered":"<p>&nbsp;<\/p>\n<ul>\n<li>\n<h4><span style=\"font-family: georgia, palatino, serif;\">Comiss\u00e3o de \u00c9tica da Universidade Federal de Pelotas <a href=\"https:\/\/wp.ufpel.edu.br\/comet\/\">&#8211; COMET<\/a><span id=\"und_vinc\"><\/span><\/span><\/h4>\n<\/li>\n<li>\n<h4><span style=\"font-family: georgia, palatino, serif;\"><span id=\"und_vinc\">Faculdade de Odontologia<\/span> <span id=\"nomesite\">Comit\u00ea de \u00c9tica em Pesquisa da FO-UFPel<\/span> &#8211;<a href=\"https:\/\/wp.ufpel.edu.br\/cepfo\/\" target=\"_blank\" rel=\"noopener noreferrer\"> CEPFO<\/a><\/span><\/h4>\n<\/li>\n<\/ul>\n<hr \/>\n","protected":false},"excerpt":{"rendered":"<p>&nbsp; Comiss\u00e3o de \u00c9tica da Universidade Federal de Pelotas &#8211; COMET Faculdade de Odontologia Comit\u00ea de \u00c9tica em Pesquisa da FO-UFPel &#8211; CEPFO<\/p>\n","protected":false},"author":575,"featured_media":0,"parent":0,"menu_order":5,"comment_status":"closed","ping_status":"closed","template":"","meta":{"jetpack_post_was_ever_published":false,"footnotes":""},"class_list":["post-39","page","type-page","status-publish","hentry"],"jetpack_sharing_enabled":true,"jetpack_shortlink":"https:\/\/wp.me\/P6Xzwn-D","jetpack-related-posts":[],"_links":{"self":[{"href":"https:\/\/wp.ufpel.edu.br\/protparcial\/wp-json\/wp\/v2\/pages\/39","targetHints":{"allow":["GET"]}}],"collection":[{"href":"https:\/\/wp.ufpel.edu.br\/protparcial\/wp-json\/wp\/v2\/pages"}],"about":[{"href":"https:\/\/wp.ufpel.edu.br\/protparcial\/wp-json\/wp\/v2\/types\/page"}],"author":[{"embeddable":true,"href":"https:\/\/wp.ufpel.edu.br\/protparcial\/wp-json\/wp\/v2\/users\/575"}],"replies":[{"embeddable":true,"href":"https:\/\/wp.ufpel.edu.br\/protparcial\/wp-json\/wp\/v2\/comments?post=39"}],"version-history":[{"count":20,"href":"https:\/\/wp.ufpel.edu.br\/protparcial\/wp-json\/wp\/v2\/pages\/39\/revisions"}],"predecessor-version":[{"id":972,"href":"https:\/\/wp.ufpel.edu.br\/protparcial\/wp-json\/wp\/v2\/pages\/39\/revisions\/972"}],"wp:attachment":[{"href":"https:\/\/wp.ufpel.edu.br\/protparcial\/wp-json\/wp\/v2\/media?parent=39"}],"curies":[{"name":"wp","href":"https:\/\/api.w.org\/{rel}","templated":true}]}}