{"id":5053,"date":"2022-07-19T11:14:10","date_gmt":"2022-07-19T14:14:10","guid":{"rendered":"https:\/\/wp.ufpel.edu.br\/proplan\/?page_id=5053"},"modified":"2022-07-19T11:14:10","modified_gmt":"2022-07-19T14:14:10","slug":"auditorio-da-faem","status":"publish","type":"page","link":"https:\/\/wp.ufpel.edu.br\/proplad\/agenda-das-salas\/auditorio-da-faem\/","title":{"rendered":"Audit\u00f3rio da FAEM"},"content":{"rendered":"\n<!-- iframe plugin v.6.0 wordpress.org\/plugins\/iframe\/ -->\n<iframe src=\"https:\/\/calendar.google.com\/calendar\/embed?src=proplan.ufpel.edu.br_1886kpib3hg1mg4unqda1c0rgnn286gb6ksjgc9h64q3gdpp6c%40resource.calendar.google.com&#038;ctz=America%2FSao_Paulo\" style=\"border: 0\" width=\"700\" height=\"500\" frameborder=\"0\" scrolling=\"no\" class=\"iframe-class\"><\/iframe>\n\n<div style=\"float: right;clear: right;margin-top: 2%;width: 230px;height: 60px\">\n<p style=\"line-height: 100%\"><strong>Capacidade: <\/strong>540<\/p>\n<\/div>\n<p>Regulamento de uso atrav\u00e9s da Portaria n\u00ba 1264, de 01 de Julho de 2022.<\/p>\n<p>A solicita\u00e7\u00e3o de reserva ser\u00e1 formalizada por meio do \u201cFormul\u00e1rio para Solicita\u00e7\u00e3o de Reserva do Audit\u00f3rio Wilson de Oliveira\u201d, dispon\u00edvel no SEI, o qual deve ser enviado \u00e0 Se\u00e7\u00e3o de Aloca\u00e7\u00e3o e Compartilhamento de Espa\u00e7os (SACE).<\/p>\n<p>Acesso \u00e0 Portaria:<br \/>\n<a href=\"https:\/\/sei.ufpel.edu.br\/sei\/publicacoes\/controlador_publicacoes.php?acao=publicacao_visualizar&amp;id_documento=1989049&amp;id_orgao_publicacao=0\">https:\/\/sei.ufpel.edu.br\/sei\/publicacoes\/controlador_publicacoes.php?acao=publicacao_visualizar&amp;id_documento=1989049&amp;id_orgao_publicacao=0<\/a><\/p>\n<p>&nbsp;<\/p>\n","protected":false},"excerpt":{"rendered":"<p>Capacidade: 540 Regulamento de uso atrav\u00e9s da Portaria n\u00ba 1264, de 01 de Julho de 2022. A solicita\u00e7\u00e3o de reserva ser\u00e1 formalizada por meio do \u201cFormul\u00e1rio para Solicita\u00e7\u00e3o de Reserva do Audit\u00f3rio Wilson de Oliveira\u201d, dispon\u00edvel no SEI, o qual deve ser enviado \u00e0 Se\u00e7\u00e3o de Aloca\u00e7\u00e3o e Compartilhamento de Espa\u00e7os (SACE). Acesso \u00e0 Portaria: [&hellip;]<\/p>\n","protected":false},"author":1353,"featured_media":0,"parent":1361,"menu_order":0,"comment_status":"closed","ping_status":"closed","template":"page-sem-sidebar.php","meta":{"jetpack_post_was_ever_published":false,"footnotes":""},"class_list":["post-5053","page","type-page","status-publish","hentry"],"jetpack_sharing_enabled":true,"_links":{"self":[{"href":"https:\/\/wp.ufpel.edu.br\/proplad\/wp-json\/wp\/v2\/pages\/5053","targetHints":{"allow":["GET"]}}],"collection":[{"href":"https:\/\/wp.ufpel.edu.br\/proplad\/wp-json\/wp\/v2\/pages"}],"about":[{"href":"https:\/\/wp.ufpel.edu.br\/proplad\/wp-json\/wp\/v2\/types\/page"}],"author":[{"embeddable":true,"href":"https:\/\/wp.ufpel.edu.br\/proplad\/wp-json\/wp\/v2\/users\/1353"}],"replies":[{"embeddable":true,"href":"https:\/\/wp.ufpel.edu.br\/proplad\/wp-json\/wp\/v2\/comments?post=5053"}],"version-history":[{"count":0,"href":"https:\/\/wp.ufpel.edu.br\/proplad\/wp-json\/wp\/v2\/pages\/5053\/revisions"}],"up":[{"embeddable":true,"href":"https:\/\/wp.ufpel.edu.br\/proplad\/wp-json\/wp\/v2\/pages\/1361"}],"wp:attachment":[{"href":"https:\/\/wp.ufpel.edu.br\/proplad\/wp-json\/wp\/v2\/media?parent=5053"}],"curies":[{"name":"wp","href":"https:\/\/api.w.org\/{rel}","templated":true}]}}