{"id":3730,"date":"2017-01-26T09:02:25","date_gmt":"2017-01-26T11:02:25","guid":{"rendered":"https:\/\/wp.ufpel.edu.br\/proplan\/?page_id=3730"},"modified":"2026-01-30T09:50:34","modified_gmt":"2026-01-30T12:50:34","slug":"nucleos-copf","status":"publish","type":"page","link":"https:\/\/wp.ufpel.edu.br\/proplad\/coordenacao-de-obras-e-projetos-para-estrutura-fisica\/nucleos-copf\/","title":{"rendered":"Se\u00e7\u00f5es COPF"},"content":{"rendered":"<p>SA &#8211; Se\u00e7\u00e3o de Arquitetura<\/p>\n<p><strong>S.A<\/strong><strong>rquitetura<\/strong> \u00e9 respons\u00e1vel pela concep\u00e7\u00e3o e organiza\u00e7\u00e3o dos espa\u00e7os que se tornar\u00e3o lugares onde se desenvolvem as diversas atividades acad\u00eamicas e afins, existentes na universidade.<\/p>\n<p>Tem atribui\u00e7\u00e3o de fiscalizar obras e servi\u00e7os, elaborar laudos, planos e projetos associados \u00e0 arquitetura em todas as suas etapas, analisar dados e informa\u00e7\u00f5es, definindo materiais, acabamentos, t\u00e9cnicas, metodologias, avaliar a contrata\u00e7\u00e3o de servi\u00e7os, controlar a qualidade dos suprimentos e servi\u00e7os comprados e executados, elaborar normas e documenta\u00e7\u00e3o t\u00e9cnica. Assessorar as atividades de ensino, pesquisa e extens\u00e3o.<\/p>\n<p><strong>\u00c1rea<\/strong>: Arquitetura<\/p>\n<p><strong>Chefe<\/strong>: Arq\u00aa Marcia Beatriz Rotta<\/p>\n<p><span style=\"font-family: georgia, palatino, serif; font-size: 12pt;\">Telefone: (53) 3284-3958\/ 3284-3959\/ 3284-3960<\/span><\/p>\n<p><span style=\"font-family: georgia, palatino, serif; font-size: 12pt;\">E-mail:\u00a0copf@ufpel.edu.br<\/span><\/p>\n<p>SE &#8211; Se\u00e7\u00e3o de Engenharia<\/p>\n<p><strong>S.E<\/strong><strong>ngenharia <\/strong>\u00e9 respons\u00e1vel pelos estudos e projetos complementares, estrutura de concreto armado e estrutura met\u00e1lica para constru\u00e7\u00f5es novas ou consolida\u00e7\u00e3o dos pr\u00e9dios existentes na universidade.<\/p>\n<p>Tem atribui\u00e7\u00e3o de fiscalizar obras e servi\u00e7os, elaborar laudos, planos e projetos associados \u00e0 engenharia civil em todas as suas etapas, analisar dados e informa\u00e7\u00f5es, definindo materiais, acabamentos, t\u00e9cnicas, metodologias, avaliar a contrata\u00e7\u00e3o de servi\u00e7os, controlar a qualidade dos suprimentos e servi\u00e7os comprados e executados; elaborar normas e documenta\u00e7\u00e3o t\u00e9cnica. Assessorar as atividades de ensino, pesquisa e extens\u00e3o.<\/p>\n<p><strong>\u00c1rea<\/strong>: Civil<\/p>\n<p><strong>Chefe:<\/strong> Eng\u00ba Rog\u00e9rio Daltro Knuth<\/p>\n<p><span style=\"font-family: georgia, palatino, serif; font-size: 12pt;\">Telefone: (53) 3284-3958\/ 3284-3959\/ 3284-3960<\/span><\/p>\n<p><span style=\"font-family: georgia, palatino, serif; font-size: 12pt;\">E-mail:\u00a0copf@ufpel.edu.br<\/span><\/p>\n<p>&nbsp;<\/p>\n<p>SI &#8211; Se\u00e7\u00e3o de Instala\u00e7\u00f5es e Seguran\u00e7a<\/p>\n<p><strong>S.I<\/strong><strong>nstala\u00e7\u00f5es e Seguran\u00e7a<\/strong> \u00e9 respons\u00e1vel pelos estudos e projetos visando a flexibiliza\u00e7\u00e3o e consolida\u00e7\u00e3o de recursos que venham a permitir, com seguran\u00e7a, efici\u00eancia e economia, a perfeita execu\u00e7\u00e3o dos servi\u00e7os necess\u00e1rios \u00e0 comunidade acad\u00eamica.<\/p>\n<p>Tem atribui\u00e7\u00e3o de fiscalizar obras e servi\u00e7os, elaborar laudos, planos e projetos associados \u00e0 \u00e1rea de instala\u00e7\u00f5es el\u00e9tricas, hidr\u00e1ulicas e seguran\u00e7a do trabalho, em todas as suas etapas, analisar dados e informa\u00e7\u00f5es, definindo materiais, acabamentos, t\u00e9cnicas, metodologias, avaliar a contrata\u00e7\u00e3o de servi\u00e7os, controlar a qualidade dos suprimentos e servi\u00e7os comprados e executados; elaborar normas e documenta\u00e7\u00e3o t\u00e9cnica, desenvolvendo estudos e estabelecendo m\u00e9todos e t\u00e9cnicas para prevenir inc\u00eandio. Assessorar nas atividades de ensino, pesquisa e extens\u00e3o.<\/p>\n<p><strong>\u00c1rea<\/strong>: El\u00e9trica, Hidr\u00e1ulica e Seguran\u00e7a.<\/p>\n<p><strong>Chefe:<\/strong> Eng\u00b0 Jo\u00e3o Lu\u00eds Fernandes Ramos<\/p>\n<p><span style=\"font-family: georgia, palatino, serif; font-size: 12pt;\">Telefone: (53) 3284-3958\/ 3284-3959\/ 3284-3960<\/span><\/p>\n<p><span style=\"font-family: georgia, palatino, serif; font-size: 12pt;\">E-mail:\u00a0copf@ufpel.edu.br<\/span><\/p>\n<p>&nbsp;<\/p>\n<p>SO &#8211; Se\u00e7\u00e3o de Or\u00e7amento e Custo<\/p>\n<p><strong>S.O<\/strong><strong>r\u00e7amento e Custo<\/strong> \u00e9 respons\u00e1vel pelos custos diretos e indiretos dos servi\u00e7os de engenharia e arquitetura, levantamento dos quantitativos de projetos, elabora\u00e7\u00e3o de or\u00e7amentos de refer\u00eancia para contrata\u00e7\u00e3o, definindo o percentual BDI, cronograma f\u00edsico-financeiro e fluxo de caixa. Al\u00e9m de auxiliar na an\u00e1lise de propostas de pleitos em contratos e no planejamento e controle dos servi\u00e7os.<\/p>\n<p>Tem atribui\u00e7\u00e3o de fiscalizar obras e servi\u00e7os, elaborar laudos, or\u00e7amentos e custos em todas as suas etapas, analisar dados e informa\u00e7\u00f5es, definindo custos dos materiais, acabamentos, t\u00e9cnicas, metodologias, avaliar e controlar a qualidade dos suprimentos\/servi\u00e7os comprados e executados, elaborar normas e documenta\u00e7\u00e3o t\u00e9cnica. Assessorar as atividades de ensino, pesquisa e extens\u00e3o.<\/p>\n<p><strong>\u00c1rea<\/strong>: Custos de constru\u00e7\u00e3o<\/p>\n<p><strong>Chefe<\/strong>: M\u00e1rcia Pinto Miranda<\/p>\n<p><span style=\"font-family: georgia, palatino, serif; font-size: 12pt;\">Telefone: (53) 3284-3958\/ 3284-3959\/ 3284-3960<\/span><\/p>\n<p><span style=\"font-family: georgia, palatino, serif; font-size: 12pt;\">E-mail:\u00a0copf@ufpel.edu.br<\/span><\/p>\n","protected":false},"excerpt":{"rendered":"<p>SA &#8211; Se\u00e7\u00e3o de Arquitetura S.Arquitetura \u00e9 respons\u00e1vel pela concep\u00e7\u00e3o e organiza\u00e7\u00e3o dos espa\u00e7os que se tornar\u00e3o lugares onde se desenvolvem as diversas atividades acad\u00eamicas e afins, existentes na universidade. Tem atribui\u00e7\u00e3o de fiscalizar obras e servi\u00e7os, elaborar laudos, planos e projetos associados \u00e0 arquitetura em todas as suas etapas, analisar dados e informa\u00e7\u00f5es, definindo [&hellip;]<\/p>\n","protected":false},"author":1353,"featured_media":0,"parent":3653,"menu_order":0,"comment_status":"closed","ping_status":"closed","template":"","meta":{"jetpack_post_was_ever_published":false,"footnotes":""},"class_list":["post-3730","page","type-page","status-publish","hentry"],"jetpack_sharing_enabled":true,"_links":{"self":[{"href":"https:\/\/wp.ufpel.edu.br\/proplad\/wp-json\/wp\/v2\/pages\/3730","targetHints":{"allow":["GET"]}}],"collection":[{"href":"https:\/\/wp.ufpel.edu.br\/proplad\/wp-json\/wp\/v2\/pages"}],"about":[{"href":"https:\/\/wp.ufpel.edu.br\/proplad\/wp-json\/wp\/v2\/types\/page"}],"author":[{"embeddable":true,"href":"https:\/\/wp.ufpel.edu.br\/proplad\/wp-json\/wp\/v2\/users\/1353"}],"replies":[{"embeddable":true,"href":"https:\/\/wp.ufpel.edu.br\/proplad\/wp-json\/wp\/v2\/comments?post=3730"}],"version-history":[{"count":2,"href":"https:\/\/wp.ufpel.edu.br\/proplad\/wp-json\/wp\/v2\/pages\/3730\/revisions"}],"predecessor-version":[{"id":5588,"href":"https:\/\/wp.ufpel.edu.br\/proplad\/wp-json\/wp\/v2\/pages\/3730\/revisions\/5588"}],"up":[{"embeddable":true,"href":"https:\/\/wp.ufpel.edu.br\/proplad\/wp-json\/wp\/v2\/pages\/3653"}],"wp:attachment":[{"href":"https:\/\/wp.ufpel.edu.br\/proplad\/wp-json\/wp\/v2\/media?parent=3730"}],"curies":[{"name":"wp","href":"https:\/\/api.w.org\/{rel}","templated":true}]}}