{"id":3721,"date":"2017-01-26T08:56:06","date_gmt":"2017-01-26T10:56:06","guid":{"rendered":"https:\/\/wp.ufpel.edu.br\/proplan\/?page_id=3721"},"modified":"2017-01-26T08:56:06","modified_gmt":"2017-01-26T10:56:06","slug":"planejamento-do-espaco-fisico","status":"publish","type":"page","link":"https:\/\/wp.ufpel.edu.br\/proplad\/coordenacao-de-desenvolvimento-do-plano-diretor\/nucleos-diretor\/planejamento-do-espaco-fisico\/","title":{"rendered":"N\u00facleo de Planejamento do Espa\u00e7o F\u00edsico"},"content":{"rendered":"<p><span style=\"font-family: arial, helvetica, sans-serif;font-size: 10pt\">Planejamento do espa\u00e7o f\u00edsico institucional, sistematizando demandas por expans\u00e3o e adequa\u00e7\u00e3o e preserva\u00e7\u00e3o do espa\u00e7o constru\u00eddo, com capacidade construtiva e disponibilidade de espa\u00e7os institucionais.<\/span><\/p>\n<p><span style=\"font-family: arial, helvetica, sans-serif;font-size: 10pt\">Finalidade:<\/span><\/p>\n<ul>\n<li><span style=\"font-family: arial, helvetica, sans-serif;font-size: 10pt\">Constituir zoneamento para os Campi Universit\u00e1rios<\/span><\/li>\n<li><span style=\"font-family: arial, helvetica, sans-serif;font-size: 10pt\">Planejar do sistema de mobilidade universit\u00e1ria.<\/span><\/li>\n<li><span style=\"font-family: arial, helvetica, sans-serif;font-size: 10pt\">Construir plano de acessibilidade universal<\/span><\/li>\n<li><span style=\"font-family: arial, helvetica, sans-serif;font-size: 10pt\">Constituir plano de ocupa\u00e7\u00e3o e reinser\u00e7\u00e3o de pr\u00e9dios, im\u00f3veis e terrenos vazios e ociosos<\/span><\/li>\n<li><span style=\"font-family: arial, helvetica, sans-serif;font-size: 10pt\">Construir plano para o Patrim\u00f4nio Cultural Constru\u00eddo<\/span><\/li>\n<\/ul>\n<p>&nbsp;<\/p>\n<p><strong><span style=\"font-family: arial, helvetica, sans-serif;font-size: 10pt\">Contato<\/span><\/strong><\/p>\n<p><span style=\"font-family: arial, helvetica, sans-serif;font-size: 10pt\">Jeferson Dutra Salaberry<\/span><\/p>\n<p><span style=\"font-family: arial, helvetica, sans-serif;font-size: 10pt\">Telefone:\u00a0 (53) 3284 &#8211; 3965<\/span><\/p>\n<p><span style=\"font-family: arial, helvetica, sans-serif;font-size: 10pt\">E-mail:\u00a0 <a href=\"mailto:planodiretor@ufpel.edu.br\" target=\"_blank\" rel=\"noopener noreferrer\">planodiretor@ufpel.edu.br<\/a><\/span><\/p>\n","protected":false},"excerpt":{"rendered":"<p>Planejamento do espa\u00e7o f\u00edsico institucional, sistematizando demandas por expans\u00e3o e adequa\u00e7\u00e3o e preserva\u00e7\u00e3o do espa\u00e7o constru\u00eddo, com capacidade construtiva e disponibilidade de espa\u00e7os institucionais. Finalidade: Constituir zoneamento para os Campi Universit\u00e1rios Planejar do sistema de mobilidade universit\u00e1ria. Construir plano de acessibilidade universal Constituir plano de ocupa\u00e7\u00e3o e reinser\u00e7\u00e3o de pr\u00e9dios, im\u00f3veis e terrenos vazios e [&hellip;]<\/p>\n","protected":false},"author":1353,"featured_media":0,"parent":3707,"menu_order":0,"comment_status":"closed","ping_status":"closed","template":"","meta":{"jetpack_post_was_ever_published":false,"footnotes":""},"class_list":["post-3721","page","type-page","status-publish","hentry"],"jetpack_sharing_enabled":true,"_links":{"self":[{"href":"https:\/\/wp.ufpel.edu.br\/proplad\/wp-json\/wp\/v2\/pages\/3721","targetHints":{"allow":["GET"]}}],"collection":[{"href":"https:\/\/wp.ufpel.edu.br\/proplad\/wp-json\/wp\/v2\/pages"}],"about":[{"href":"https:\/\/wp.ufpel.edu.br\/proplad\/wp-json\/wp\/v2\/types\/page"}],"author":[{"embeddable":true,"href":"https:\/\/wp.ufpel.edu.br\/proplad\/wp-json\/wp\/v2\/users\/1353"}],"replies":[{"embeddable":true,"href":"https:\/\/wp.ufpel.edu.br\/proplad\/wp-json\/wp\/v2\/comments?post=3721"}],"version-history":[{"count":0,"href":"https:\/\/wp.ufpel.edu.br\/proplad\/wp-json\/wp\/v2\/pages\/3721\/revisions"}],"up":[{"embeddable":true,"href":"https:\/\/wp.ufpel.edu.br\/proplad\/wp-json\/wp\/v2\/pages\/3707"}],"wp:attachment":[{"href":"https:\/\/wp.ufpel.edu.br\/proplad\/wp-json\/wp\/v2\/media?parent=3721"}],"curies":[{"name":"wp","href":"https:\/\/api.w.org\/{rel}","templated":true}]}}