{"id":3689,"date":"2017-01-25T11:46:00","date_gmt":"2017-01-25T13:46:00","guid":{"rendered":"https:\/\/wp.ufpel.edu.br\/proplan\/?page_id=3689"},"modified":"2017-01-25T11:46:00","modified_gmt":"2017-01-25T13:46:00","slug":"execucao-orcamentaria","status":"publish","type":"page","link":"https:\/\/wp.ufpel.edu.br\/proplad\/superintendencia-de-orcamento-e-gestao-de-recursos\/nucleos-sor\/execucao-orcamentaria\/","title":{"rendered":"Execu\u00e7\u00e3o Or\u00e7ament\u00e1ria"},"content":{"rendered":"<p><span style=\"font-family: arial, helvetica, sans-serif;font-size: 10pt\">Realiza os lan\u00e7amentos or\u00e7ament\u00e1rios de acordo com os limites estabelecidos para o exerc\u00edcio financeiro anual.<\/span><\/p>\n<p><span style=\"font-family: arial, helvetica, sans-serif;font-size: 10pt\">Finalidade:<\/span><\/p>\n<p><span style=\"font-family: arial, helvetica, sans-serif;font-size: 10pt\">Realizar a execu\u00e7\u00e3o or\u00e7ament\u00e1ria para o exerc\u00edcio corrente. Implementar, via sistema SIAFI, o lan\u00e7amento or\u00e7ament\u00e1rio observando os limites institucionais e das respectivas unidades e programas da UFPel. Elaborar relat\u00f3rios de execu\u00e7\u00e3o or\u00e7ament\u00e1ria.<\/span><\/p>\n<p><span style=\"font-family: arial, helvetica, sans-serif;font-size: 10pt\">Chefe do N\u00facleo: Letiane Mendes Martins<\/span><\/p>\n<p>&nbsp;<\/p>\n<p dir=\"ltr\" style=\"text-align: center\"><span style=\"font-family: arial, helvetica, sans-serif;font-size: 10pt\"><strong>Orienta\u00e7\u00f5es sobre o encerramento do exerc\u00edcio<\/strong><\/span><\/p>\n<p dir=\"ltr\" style=\"text-align: center\"><span style=\"font-family: arial, helvetica, sans-serif;font-size: 10pt\"><strong>Prazos para execu\u00e7\u00e3o or\u00e7ament\u00e1ria<\/strong><\/span><\/p>\n<p dir=\"ltr\"><span style=\"font-family: arial, helvetica, sans-serif;font-size: 10pt\">Para o correto encerramento or\u00e7ament\u00e1rio do exerc\u00edcio anual, a UFPel dever\u00e1 realizar a execu\u00e7\u00e3o da totalidade dos seus recursos or\u00e7ament\u00e1rios dentro dos prazos estipulados pela SPO\/MEC. Dessa forma, ser\u00e3o informados em outubro, via calend\u00e1rio administrativo e memorando-circular, os prazos limite para a execu\u00e7\u00e3o or\u00e7ament\u00e1ria pelas unidades administrativas e acad\u00eamicas da UFPel. Solicitamos que as unidades administrativas e acad\u00eamicas repassem a todos os seus setores esse informe sobre os prazos limite.<\/span><\/p>\n<p dir=\"ltr\"><span style=\"font-family: arial, helvetica, sans-serif;font-size: 10pt\">Devem ser considerados, no planejamento das Unidades, que os processos de abertura de cr\u00e9ditos somente t\u00eam seus recursos atualizados no sistema Cobalto um (01) dia \u00fatil ap\u00f3s o atendimento por parte da SOR, o que j\u00e1 est\u00e1 considerado nas datas informadas acima.\u00a0<\/span><\/p>\n<p dir=\"ltr\"><span style=\"font-family: arial, helvetica, sans-serif;font-size: 10pt\">A data para emiss\u00e3o e refor\u00e7o de empenhos de cr\u00e9ditos provenientes de outros Minist\u00e9rios (recebidos via nota de cr\u00e9dito ou TEDs) ser\u00e1 posteriormente informada, de acordo com os cronogramas definidos por cada Minist\u00e9rio.<\/span><\/p>\n<p dir=\"ltr\"><span style=\"font-family: arial, helvetica, sans-serif;font-size: 10pt\">A CGO\/PROPLAD, no cumprimento dos prazos de encerramento a serem informados e em conformidade com a agenda de compras da UFPel, n\u00e3o atender\u00e1 \u00e0s solicita\u00e7\u00f5es para descentraliza\u00e7\u00e3o de cr\u00e9ditos ap\u00f3s as datas estabelecidas.\u00a0<\/span><\/p>\n<p dir=\"ltr\"><span style=\"font-family: arial, helvetica, sans-serif;font-size: 10pt\">O atendimento \u00e0s demandas or\u00e7ament\u00e1rias estar\u00e1 sujeito \u00e0 disponibilidade de cr\u00e9dito na conta geral da UFPel.<\/span><\/p>\n<p>&nbsp;<\/p>\n<p dir=\"ltr\"><span style=\"font-family: arial, helvetica, sans-serif;font-size: 10pt\">Em caso de d\u00favidas entre em contato:<\/span><\/p>\n<p dir=\"ltr\"><span style=\"font-family: arial, helvetica, sans-serif;font-size: 10pt\"><a href=\"mailto:orcamento@ufpel.edu.br\" target=\"_blank\" rel=\"noopener\">orcamento@ufpel.edu.br<\/a><\/span><\/p>\n<p dir=\"ltr\"><span style=\"font-family: arial, helvetica, sans-serif;font-size: 10pt\">(53) 3284-3961\u00a0<\/span><\/p>\n<p dir=\"ltr\"><span style=\"font-family: arial, helvetica, sans-serif;font-size: 10pt\">Campus Anglo &#8211; Pr\u00e9dio da Reitoria &#8211; Sala 403, Bloco A.<\/span><\/p>\n","protected":false},"excerpt":{"rendered":"<p>Realiza os lan\u00e7amentos or\u00e7ament\u00e1rios de acordo com os limites estabelecidos para o exerc\u00edcio financeiro anual. Finalidade: Realizar a execu\u00e7\u00e3o or\u00e7ament\u00e1ria para o exerc\u00edcio corrente. Implementar, via sistema SIAFI, o lan\u00e7amento or\u00e7ament\u00e1rio observando os limites institucionais e das respectivas unidades e programas da UFPel. Elaborar relat\u00f3rios de execu\u00e7\u00e3o or\u00e7ament\u00e1ria. Chefe do N\u00facleo: Letiane Mendes Martins &nbsp; [&hellip;]<\/p>\n","protected":false},"author":1353,"featured_media":0,"parent":3683,"menu_order":0,"comment_status":"closed","ping_status":"closed","template":"","meta":{"jetpack_post_was_ever_published":false,"footnotes":""},"class_list":["post-3689","page","type-page","status-publish","hentry"],"jetpack_sharing_enabled":true,"_links":{"self":[{"href":"https:\/\/wp.ufpel.edu.br\/proplad\/wp-json\/wp\/v2\/pages\/3689","targetHints":{"allow":["GET"]}}],"collection":[{"href":"https:\/\/wp.ufpel.edu.br\/proplad\/wp-json\/wp\/v2\/pages"}],"about":[{"href":"https:\/\/wp.ufpel.edu.br\/proplad\/wp-json\/wp\/v2\/types\/page"}],"author":[{"embeddable":true,"href":"https:\/\/wp.ufpel.edu.br\/proplad\/wp-json\/wp\/v2\/users\/1353"}],"replies":[{"embeddable":true,"href":"https:\/\/wp.ufpel.edu.br\/proplad\/wp-json\/wp\/v2\/comments?post=3689"}],"version-history":[{"count":0,"href":"https:\/\/wp.ufpel.edu.br\/proplad\/wp-json\/wp\/v2\/pages\/3689\/revisions"}],"up":[{"embeddable":true,"href":"https:\/\/wp.ufpel.edu.br\/proplad\/wp-json\/wp\/v2\/pages\/3683"}],"wp:attachment":[{"href":"https:\/\/wp.ufpel.edu.br\/proplad\/wp-json\/wp\/v2\/media?parent=3689"}],"curies":[{"name":"wp","href":"https:\/\/api.w.org\/{rel}","templated":true}]}}