{"id":3686,"date":"2017-01-25T11:45:31","date_gmt":"2017-01-25T13:45:31","guid":{"rendered":"https:\/\/wp.ufpel.edu.br\/proplan\/?page_id=3686"},"modified":"2017-01-25T11:45:31","modified_gmt":"2017-01-25T13:45:31","slug":"planejamento-orcamentario","status":"publish","type":"page","link":"https:\/\/wp.ufpel.edu.br\/proplad\/superintendencia-de-orcamento-e-gestao-de-recursos\/nucleos-sor\/planejamento-orcamentario\/","title":{"rendered":"Planejamento Or\u00e7ament\u00e1rio"},"content":{"rendered":"<p><span style=\"font-family: arial, helvetica, sans-serif;font-size: 10pt\">Realiza o planejamento or\u00e7ament\u00e1rio da institui\u00e7\u00e3o para o exerc\u00edcio financeiro, mediante a previs\u00e3o de investimentos e a proje\u00e7\u00e3o de despesas.<\/span><\/p>\n<p><span style=\"font-family: arial, helvetica, sans-serif;font-size: 10pt\">Finalidade:<\/span><\/p>\n<p><span style=\"font-family: arial, helvetica, sans-serif;font-size: 10pt\">Elaborar a proposta or\u00e7ament\u00e1ria para o exerc\u00edcio financeiro seguinte. Sistematizar as informa\u00e7\u00f5es de receitas e despesas e elaborar uma previs\u00e3o or\u00e7ament\u00e1ria para aplica\u00e7\u00e3o or\u00e7ament\u00e1ria.<\/span><\/p>\n<p>&nbsp;<\/p>\n<p><strong><span style=\"font-family: arial, helvetica, sans-serif;font-size: 10pt\">Contato<\/span><\/strong><\/p>\n<p><span style=\"font-family: arial, helvetica, sans-serif;font-size: 10pt\">Telefone: (53) 3284 3955<\/span><\/p>\n<p><span style=\"font-family: arial, helvetica, sans-serif;font-size: 10pt\">E-mail:\u00a0orcamento@ufpel.edu.br<\/span><\/p>\n<p>&nbsp;<\/p>\n","protected":false},"excerpt":{"rendered":"<p>Realiza o planejamento or\u00e7ament\u00e1rio da institui\u00e7\u00e3o para o exerc\u00edcio financeiro, mediante a previs\u00e3o de investimentos e a proje\u00e7\u00e3o de despesas. Finalidade: Elaborar a proposta or\u00e7ament\u00e1ria para o exerc\u00edcio financeiro seguinte. Sistematizar as informa\u00e7\u00f5es de receitas e despesas e elaborar uma previs\u00e3o or\u00e7ament\u00e1ria para aplica\u00e7\u00e3o or\u00e7ament\u00e1ria. &nbsp; Contato Telefone: (53) 3284 3955 E-mail:\u00a0orcamento@ufpel.edu.br &nbsp;<\/p>\n","protected":false},"author":1353,"featured_media":0,"parent":3683,"menu_order":0,"comment_status":"closed","ping_status":"closed","template":"","meta":{"jetpack_post_was_ever_published":false,"footnotes":""},"class_list":["post-3686","page","type-page","status-publish","hentry"],"jetpack_sharing_enabled":true,"_links":{"self":[{"href":"https:\/\/wp.ufpel.edu.br\/proplad\/wp-json\/wp\/v2\/pages\/3686","targetHints":{"allow":["GET"]}}],"collection":[{"href":"https:\/\/wp.ufpel.edu.br\/proplad\/wp-json\/wp\/v2\/pages"}],"about":[{"href":"https:\/\/wp.ufpel.edu.br\/proplad\/wp-json\/wp\/v2\/types\/page"}],"author":[{"embeddable":true,"href":"https:\/\/wp.ufpel.edu.br\/proplad\/wp-json\/wp\/v2\/users\/1353"}],"replies":[{"embeddable":true,"href":"https:\/\/wp.ufpel.edu.br\/proplad\/wp-json\/wp\/v2\/comments?post=3686"}],"version-history":[{"count":0,"href":"https:\/\/wp.ufpel.edu.br\/proplad\/wp-json\/wp\/v2\/pages\/3686\/revisions"}],"up":[{"embeddable":true,"href":"https:\/\/wp.ufpel.edu.br\/proplad\/wp-json\/wp\/v2\/pages\/3683"}],"wp:attachment":[{"href":"https:\/\/wp.ufpel.edu.br\/proplad\/wp-json\/wp\/v2\/media?parent=3686"}],"curies":[{"name":"wp","href":"https:\/\/api.w.org\/{rel}","templated":true}]}}