{"id":367,"date":"2012-03-08T16:19:43","date_gmt":"2012-03-08T19:19:43","guid":{"rendered":"https:\/\/wp.ufpel.edu.br\/prpd\/"},"modified":"2012-03-08T16:19:43","modified_gmt":"2012-03-08T19:19:43","slug":"prpd","status":"publish","type":"page","link":"https:\/\/wp.ufpel.edu.br\/proplad\/prpd\/","title":{"rendered":"Pr\u00f3-Reitoria de Planejamento e Administra\u00e7\u00e3o &#8211; PROPLAD"},"content":{"rendered":"<p><span style=\"font-family: arial, helvetica, sans-serif;font-size: 10pt;color: #000000\">A Pr\u00f3 Reitoria de Planejamento e Administra\u00e7\u00e3o p<\/span><span style=\"font-family: arial, helvetica, sans-serif;font-size: 10pt;color: #000000\">ossui como atribui\u00e7\u00e3o coordenar o planejamento institucional, cabendo-lhe projetar e acompanhar a pol\u00edtica or\u00e7ament\u00e1ria, aplicar e revisar o Plano de Desenvolvimento Institucional, desenvolver o Plano Diretor Institucional e a pol\u00edtica ambiental, bem como desenvolver projetos e obras relativos ao espa\u00e7o f\u00edsico. Al\u00e9m de garantir o pleno funcionamento das atividades administrativas, cabendo-lhe as gest\u00f5es financeira, material, patrimonial, contratual e de infraestrutura.<\/span><\/p>\n<p><span style=\"font-family: arial, helvetica, sans-serif;font-size: 10pt;color: #000000\">\u00a0<\/span><\/p>\n<p style=\"text-align: justify\"><span style=\"font-family: arial, helvetica, sans-serif;font-size: 10pt;color: #000000\"><strong>Pr\u00f3-Reitora: <\/strong>Aline Ribeiro Paliga<\/span><br \/>\n<span style=\"font-family: arial, helvetica, sans-serif;font-size: 10pt;color: #000000\"> <strong>Telefone:<\/strong> (53)\u00a03284-3951<\/span><br \/>\n<span style=\"font-family: arial, helvetica, sans-serif;font-size: 10pt;color: #000000\"><strong>E-mail:<\/strong> proplad@ufpel.edu.br<\/span><\/p>\n","protected":false},"excerpt":{"rendered":"<p>A Pr\u00f3 Reitoria de Planejamento e Administra\u00e7\u00e3o possui como atribui\u00e7\u00e3o coordenar o planejamento institucional, cabendo-lhe projetar e acompanhar a pol\u00edtica or\u00e7ament\u00e1ria, aplicar e revisar o Plano de Desenvolvimento Institucional, desenvolver o Plano Diretor Institucional e a pol\u00edtica ambiental, bem como desenvolver projetos e obras relativos ao espa\u00e7o f\u00edsico. Al\u00e9m de garantir o pleno funcionamento das [&hellip;]<\/p>\n","protected":false},"author":1353,"featured_media":0,"parent":0,"menu_order":0,"comment_status":"closed","ping_status":"closed","template":"","meta":{"jetpack_post_was_ever_published":false,"footnotes":""},"class_list":["post-367","page","type-page","status-publish","hentry"],"jetpack_sharing_enabled":true,"_links":{"self":[{"href":"https:\/\/wp.ufpel.edu.br\/proplad\/wp-json\/wp\/v2\/pages\/367","targetHints":{"allow":["GET"]}}],"collection":[{"href":"https:\/\/wp.ufpel.edu.br\/proplad\/wp-json\/wp\/v2\/pages"}],"about":[{"href":"https:\/\/wp.ufpel.edu.br\/proplad\/wp-json\/wp\/v2\/types\/page"}],"author":[{"embeddable":true,"href":"https:\/\/wp.ufpel.edu.br\/proplad\/wp-json\/wp\/v2\/users\/1353"}],"replies":[{"embeddable":true,"href":"https:\/\/wp.ufpel.edu.br\/proplad\/wp-json\/wp\/v2\/comments?post=367"}],"version-history":[{"count":0,"href":"https:\/\/wp.ufpel.edu.br\/proplad\/wp-json\/wp\/v2\/pages\/367\/revisions"}],"wp:attachment":[{"href":"https:\/\/wp.ufpel.edu.br\/proplad\/wp-json\/wp\/v2\/media?parent=367"}],"curies":[{"name":"wp","href":"https:\/\/api.w.org\/{rel}","templated":true}]}}

Pró-Reitoria de Planejamento e Administração &#8211; PROPLAD

<p><span style="font-family: arial, helvetica, sans-serif;font-size: 10pt;color: #000000">A Pró Reitoria de Planejamento e Administração p</span><span style="font-family: arial, helvetica, sans-serif;font-size: 10pt;color: #000000">ossui como atribuição coordenar o planejamento institucional, cabendo-lhe projetar e acompanhar a política orçamentária, aplicar e revisar o Plano de Desenvolvimento Institucional, desenvolver o Plano Diretor Institucional e a política ambiental, bem como desenvolver projetos e obras relativos ao espaço físico. Além de garantir o pleno funcionamento das atividades administrativas, cabendo-lhe as gestões financeira, material, patrimonial, contratual e de infraestrutura.</span></p>
<p><span style="font-family: arial, helvetica, sans-serif;font-size: 10pt;color: #000000"> </span></p>
<p style="text-align: justify"><span style="font-family: arial, helvetica, sans-serif;font-size: 10pt;color: #000000"><strong>Pró-Reitora: </strong>Aline Ribeiro Paliga</span><br />
<span style="font-family: arial, helvetica, sans-serif;font-size: 10pt;color: #000000"> <strong>Telefone:</strong> (53) 3284-3951</span><br />
<span style="font-family: arial, helvetica, sans-serif;font-size: 10pt;color: #000000"><strong>E-mail:</strong> proplad@ufpel.edu.br</span></p>

<p>A Pró Reitoria de Planejamento e Administração possui como atribuição coordenar o planejamento institucional, cabendo-lhe projetar e acompanhar a política orçamentária, aplicar e revisar o Plano de Desenvolvimento Institucional, desenvolver o Plano Diretor Institucional e a política ambiental, bem como desenvolver projetos e obras relativos ao espaço físico. Além de garantir o pleno funcionamento das [&hellip;]</p>
