{"id":3645,"date":"2017-01-25T10:57:27","date_gmt":"2017-01-25T12:57:27","guid":{"rendered":"https:\/\/wp.ufpel.edu.br\/proplan\/?page_id=3645"},"modified":"2017-01-25T10:57:27","modified_gmt":"2017-01-25T12:57:27","slug":"superintendencia-de-orcamento-e-gestao-de-recursos","status":"publish","type":"page","link":"https:\/\/wp.ufpel.edu.br\/proplad\/superintendencia-de-orcamento-e-gestao-de-recursos\/","title":{"rendered":"Coordena\u00e7\u00e3o de Gest\u00e3o do Or\u00e7amento &#8211; CGO"},"content":{"rendered":"<p><span style=\"font-family: arial, helvetica, sans-serif;font-size: 10pt;color: #000000\">Realiza o planejamento e a execu\u00e7\u00e3o dos recursos or\u00e7ament\u00e1rios. Prop\u00f5e a aloca\u00e7\u00e3o dos recursos existentes e dispon\u00edveis na institui\u00e7\u00e3o. Realiza o acompanhamento da distribui\u00e7\u00e3o dos recursos institucionais relacionados ao espa\u00e7o f\u00edsico e aos recursos humanos, mediante levantamentos e sistematiza\u00e7\u00e3o de informa\u00e7\u00f5es, avalia\u00e7\u00f5es de desempenho, aplica\u00e7\u00e3o de matrizes e an\u00e1lise de crit\u00e9rios de distribui\u00e7\u00e3o.<\/span><\/p>\n<p><span style=\"font-family: arial, helvetica, sans-serif;font-size: 10pt;color: #000000\">Finalidade:<\/span><\/p>\n<ul>\n<li><span style=\"font-family: arial, helvetica, sans-serif;font-size: 10pt;color: #000000\">Realizar o planejamento e execu\u00e7\u00e3o or\u00e7ament\u00e1ria.<\/span><\/li>\n<li><span style=\"font-family: arial, helvetica, sans-serif;font-size: 10pt;color: #000000\">Elabora relat\u00f3rios de execu\u00e7\u00e3o or\u00e7ament\u00e1ria e de distribui\u00e7\u00e3o dos recursos or\u00e7ament\u00e1rios para os programas institucionais.<\/span><\/li>\n<li><span style=\"font-family: arial, helvetica, sans-serif;font-size: 10pt;color: #000000\">Avaliar despesas cont\u00ednuas institucional.<\/span><\/li>\n<li><span style=\"font-family: arial, helvetica, sans-serif;font-size: 10pt;color: #000000\">Sistematizar informa\u00e7\u00f5es do espa\u00e7o institucional e avalia\u00e7\u00e3o de uso.<\/span><\/li>\n<li><span style=\"font-family: arial, helvetica, sans-serif;font-size: 10pt;color: #000000\">Alocar os espa\u00e7os e avalia a efici\u00eancia no uso do espa\u00e7o institucional.<\/span><\/li>\n<li><span style=\"font-family: arial, helvetica, sans-serif;font-size: 10pt;color: #000000\">Desenvolver e aplicar matrizes de aloca\u00e7\u00e3o de recursos.<\/span><\/li>\n<\/ul>\n<p>&nbsp;<\/p>\n<p><span style=\"font-family: arial, helvetica, sans-serif;font-size: 10pt;color: #000000\">A estrutura organizacional da CGO \u00e9 composta pelo seguinte N\u00facleo:<\/span><\/p>\n<p><span style=\"font-family: arial, helvetica, sans-serif;font-size: 10pt;color: #000000\"><strong><a href=\"https:\/\/wp.ufpel.edu.br\/proplan\/superintendencia-de-orcamento-e-gestao-de-recursos\/nucleos-sor\/execucao-orcamentaria\/\">N\u00facleo de Execu\u00e7\u00e3o Or\u00e7ament\u00e1ria<\/a><\/strong><\/span><\/p>\n","protected":false},"excerpt":{"rendered":"<p>Realiza o planejamento e a execu\u00e7\u00e3o dos recursos or\u00e7ament\u00e1rios. Prop\u00f5e a aloca\u00e7\u00e3o dos recursos existentes e dispon\u00edveis na institui\u00e7\u00e3o. Realiza o acompanhamento da distribui\u00e7\u00e3o dos recursos institucionais relacionados ao espa\u00e7o f\u00edsico e aos recursos humanos, mediante levantamentos e sistematiza\u00e7\u00e3o de informa\u00e7\u00f5es, avalia\u00e7\u00f5es de desempenho, aplica\u00e7\u00e3o de matrizes e an\u00e1lise de crit\u00e9rios de distribui\u00e7\u00e3o. Finalidade: Realizar [&hellip;]<\/p>\n","protected":false},"author":1353,"featured_media":0,"parent":0,"menu_order":0,"comment_status":"closed","ping_status":"closed","template":"","meta":{"jetpack_post_was_ever_published":false,"footnotes":""},"class_list":["post-3645","page","type-page","status-publish","hentry"],"jetpack_sharing_enabled":true,"_links":{"self":[{"href":"https:\/\/wp.ufpel.edu.br\/proplad\/wp-json\/wp\/v2\/pages\/3645","targetHints":{"allow":["GET"]}}],"collection":[{"href":"https:\/\/wp.ufpel.edu.br\/proplad\/wp-json\/wp\/v2\/pages"}],"about":[{"href":"https:\/\/wp.ufpel.edu.br\/proplad\/wp-json\/wp\/v2\/types\/page"}],"author":[{"embeddable":true,"href":"https:\/\/wp.ufpel.edu.br\/proplad\/wp-json\/wp\/v2\/users\/1353"}],"replies":[{"embeddable":true,"href":"https:\/\/wp.ufpel.edu.br\/proplad\/wp-json\/wp\/v2\/comments?post=3645"}],"version-history":[{"count":0,"href":"https:\/\/wp.ufpel.edu.br\/proplad\/wp-json\/wp\/v2\/pages\/3645\/revisions"}],"wp:attachment":[{"href":"https:\/\/wp.ufpel.edu.br\/proplad\/wp-json\/wp\/v2\/media?parent=3645"}],"curies":[{"name":"wp","href":"https:\/\/api.w.org\/{rel}","templated":true}]}}