{"id":3327,"date":"2016-06-21T09:20:14","date_gmt":"2016-06-21T12:20:14","guid":{"rendered":"https:\/\/wp.ufpel.edu.br\/proplan\/?page_id=3327"},"modified":"2016-06-21T09:20:14","modified_gmt":"2016-06-21T12:20:14","slug":"proequip","status":"publish","type":"page","link":"https:\/\/wp.ufpel.edu.br\/proplad\/cdit\/proequip\/","title":{"rendered":"PROEQUIP"},"content":{"rendered":"<p><span style=\"font-family: arial, helvetica, sans-serif;font-size: 10pt;color: #000000\">O PROEQUIP\u00a0\u00e9 um edital anual que busca apoiar os cursos de gradua\u00e7\u00e3o presenciais da UFPel para qualificar seus laborat\u00f3rios de ensino e bibliotecas.<\/span><\/p>\n<p style=\"padding-left: 30px\"><span style=\"font-family: arial, helvetica, sans-serif;font-size: 10pt;color: #000000\"><a style=\"color: #000000\" href=\"https:\/\/wp.ufpel.edu.br\/proplan\/cpdi\/proequip-20162017-chamada-02\/\" target=\"_blank\">PROEQUIP 2016\/2017 &#8211; Chamada 02<\/a><\/span><br \/>\n<a style=\"color: #000000\" href=\"https:\/\/wp.ufpel.edu.br\/proplan\/cpdi\/proequip-20162017\/\"><span style=\"font-family: arial, helvetica, sans-serif;font-size: 10pt\">PROEQUIP 2016\/2017<\/span><\/a><\/span><br \/>\n<span style=\"color: #000000\"> <a style=\"color: #000000\" href=\"https:\/\/wp.ufpel.edu.br\/proplan\/cpdi\/proequip2014\/\"><span style=\"font-family: arial, helvetica, sans-serif;font-size: 10pt\">PROEQUIP 2014<\/span><\/a><\/span><\/p>\n","protected":false},"excerpt":{"rendered":"<p>O PROEQUIP\u00a0\u00e9 um edital anual que busca apoiar os cursos de gradua\u00e7\u00e3o presenciais da UFPel para qualificar seus laborat\u00f3rios de ensino e bibliotecas. PROEQUIP 2016\/2017 &#8211; Chamada 02 PROEQUIP 2016\/2017 PROEQUIP 2014<\/p>\n","protected":false},"author":1353,"featured_media":0,"parent":136,"menu_order":0,"comment_status":"closed","ping_status":"closed","template":"","meta":{"jetpack_post_was_ever_published":false,"footnotes":""},"class_list":["post-3327","page","type-page","status-publish","hentry"],"jetpack_sharing_enabled":true,"_links":{"self":[{"href":"https:\/\/wp.ufpel.edu.br\/proplad\/wp-json\/wp\/v2\/pages\/3327","targetHints":{"allow":["GET"]}}],"collection":[{"href":"https:\/\/wp.ufpel.edu.br\/proplad\/wp-json\/wp\/v2\/pages"}],"about":[{"href":"https:\/\/wp.ufpel.edu.br\/proplad\/wp-json\/wp\/v2\/types\/page"}],"author":[{"embeddable":true,"href":"https:\/\/wp.ufpel.edu.br\/proplad\/wp-json\/wp\/v2\/users\/1353"}],"replies":[{"embeddable":true,"href":"https:\/\/wp.ufpel.edu.br\/proplad\/wp-json\/wp\/v2\/comments?post=3327"}],"version-history":[{"count":0,"href":"https:\/\/wp.ufpel.edu.br\/proplad\/wp-json\/wp\/v2\/pages\/3327\/revisions"}],"up":[{"embeddable":true,"href":"https:\/\/wp.ufpel.edu.br\/proplad\/wp-json\/wp\/v2\/pages\/136"}],"wp:attachment":[{"href":"https:\/\/wp.ufpel.edu.br\/proplad\/wp-json\/wp\/v2\/media?parent=3327"}],"curies":[{"name":"wp","href":"https:\/\/api.w.org\/{rel}","templated":true}]}}