{"id":1895,"date":"2014-11-12T14:15:41","date_gmt":"2014-11-12T16:15:41","guid":{"rendered":"https:\/\/wp.ufpel.edu.br\/proplan\/?page_id=1895"},"modified":"2014-11-12T14:15:41","modified_gmt":"2014-11-12T16:15:41","slug":"projetos","status":"publish","type":"page","link":"https:\/\/wp.ufpel.edu.br\/proplad\/copf\/projetos\/","title":{"rendered":"Projetos"},"content":{"rendered":"<ul>\n<li><span style=\"color: #000000\"><a style=\"color: #000000\" href=\"https:\/\/wp.ufpel.edu.br\/proplad\/files\/2014\/11\/FLUXOGRAMA.pdf\" target=\"_blank\">Fluxograma do processo para elabora\u00e7\u00e3o de projeto<\/a><\/span><\/li>\n<li><span style=\"color: #000000\"><a style=\"color: #000000\" href=\"https:\/\/wp.ufpel.edu.br\/proplad\/files\/2014\/11\/Modelo-de-Pedido-de-Obra.docx\">Formul\u00e1rio de solicita\u00e7\u00e3o de\u00a0projetos e obras<\/a><\/span><\/li>\n<li><span style=\"color: #000000\"><a style=\"color: #000000\" href=\"https:\/\/wp.ufpel.edu.br\/proplad\/files\/2014\/11\/COPF-projetos-em-elaboracao-anexo-1.pdf\" target=\"_blank\">Projetos em elabora\u00e7\u00e3o<\/a><\/span><\/li>\n<li><span style=\"color: #000000\"><a style=\"color: #000000\" href=\"https:\/\/wp.ufpel.edu.br\/proplad\/files\/2014\/11\/COPF-alguns-trabalhos-anexo-2.pdf\" target=\"_blank\">Alguns trabalhos<\/a><\/span><\/li>\n<\/ul>\n","protected":false},"excerpt":{"rendered":"<p>Fluxograma do processo para elabora\u00e7\u00e3o de projeto Formul\u00e1rio de solicita\u00e7\u00e3o de\u00a0projetos e obras Projetos em elabora\u00e7\u00e3o Alguns trabalhos<\/p>\n","protected":false},"author":1353,"featured_media":0,"parent":140,"menu_order":0,"comment_status":"closed","ping_status":"closed","template":"","meta":{"jetpack_post_was_ever_published":false,"footnotes":""},"class_list":["post-1895","page","type-page","status-publish","hentry"],"jetpack_sharing_enabled":true,"_links":{"self":[{"href":"https:\/\/wp.ufpel.edu.br\/proplad\/wp-json\/wp\/v2\/pages\/1895","targetHints":{"allow":["GET"]}}],"collection":[{"href":"https:\/\/wp.ufpel.edu.br\/proplad\/wp-json\/wp\/v2\/pages"}],"about":[{"href":"https:\/\/wp.ufpel.edu.br\/proplad\/wp-json\/wp\/v2\/types\/page"}],"author":[{"embeddable":true,"href":"https:\/\/wp.ufpel.edu.br\/proplad\/wp-json\/wp\/v2\/users\/1353"}],"replies":[{"embeddable":true,"href":"https:\/\/wp.ufpel.edu.br\/proplad\/wp-json\/wp\/v2\/comments?post=1895"}],"version-history":[{"count":0,"href":"https:\/\/wp.ufpel.edu.br\/proplad\/wp-json\/wp\/v2\/pages\/1895\/revisions"}],"up":[{"embeddable":true,"href":"https:\/\/wp.ufpel.edu.br\/proplad\/wp-json\/wp\/v2\/pages\/140"}],"wp:attachment":[{"href":"https:\/\/wp.ufpel.edu.br\/proplad\/wp-json\/wp\/v2\/media?parent=1895"}],"curies":[{"name":"wp","href":"https:\/\/api.w.org\/{rel}","templated":true}]}}