{"id":1321,"date":"2014-10-15T11:16:48","date_gmt":"2014-10-15T14:16:48","guid":{"rendered":"https:\/\/wp.ufpel.edu.br\/proplan\/?page_id=1321"},"modified":"2014-10-15T11:16:48","modified_gmt":"2014-10-15T14:16:48","slug":"censo","status":"publish","type":"page","link":"https:\/\/wp.ufpel.edu.br\/proplad\/corac\/censo\/","title":{"rendered":"Censo"},"content":{"rendered":"<h1><span style=\"color: #000000;font-family: arial, helvetica, sans-serif;font-size: 10pt\">Censo da Educa\u00e7\u00e3o Superior<\/span><\/h1>\n<p><span style=\"color: #000000;font-family: arial, helvetica, sans-serif;font-size: 10pt\">Anualmente, o Inep realiza a coleta de dados sobre a educa\u00e7\u00e3o superior com o objetivo de oferecer \u00e0 comunidade acad\u00eamica e \u00e0 sociedade em geral informa\u00e7\u00f5es detalhadas sobre a situa\u00e7\u00e3o e as grandes tend\u00eancias nas IES, a partir de 2013 tamb\u00e9m ser\u00e1 coletada informa\u00e7\u00f5es para o calculo da matriz or\u00e7amentaria.<\/span><\/p>\n<p><span style=\"color: #000000;font-family: arial, helvetica, sans-serif;font-size: 10pt\">O Censo da Educa\u00e7\u00e3o Superior re\u00fane informa\u00e7\u00f5es sobre as institui\u00e7\u00f5es de ensino superior, seus cursos de gradua\u00e7\u00e3o presencial ou a dist\u00e2ncia, cursos sequenciais, vagas oferecidas, inscri\u00e7\u00f5es, matr\u00edculas, ingressantes e concluintes, informa\u00e7\u00f5es sobre docentes, nas diferentes formas de organiza\u00e7\u00e3o acad\u00eamica e categoria administrativa , sobre as bibliotecas e local de oferta.<\/span><\/p>\n<p><span style=\"color: #000000;font-family: arial, helvetica, sans-serif;font-size: 10pt\">Os dados s\u00e3o coletados a partir do preenchimento dos question\u00e1rios, por parte das Institui\u00e7\u00f5es de Ensino Superior (IES) e por importa\u00e7\u00e3o de dados do Sistema e-MEC. Durante o per\u00edodo de preenchimento do question\u00e1rio, a IES poder\u00e1 fazer, a qualquer momento, altera\u00e7\u00f5es ou inclus\u00f5es necess\u00e1rias nos dados das respectivas institui\u00e7\u00f5es. Ap\u00f3s esse per\u00edodo, o Inep verifica a consist\u00eancia dos dados coletados. O sistema do Censo \u00e9 ent\u00e3o reaberto para confer\u00eancia e valida\u00e7\u00e3o dos dados pelas IES.<\/span><\/p>\n<p><span style=\"color: #000000;font-family: arial, helvetica, sans-serif;font-size: 10pt\">Passado esse per\u00edodo de valida\u00e7\u00e3o ou corre\u00e7\u00e3o das informa\u00e7\u00f5es prestadas pelas IES, o Inep realiza rotinas de an\u00e1lise na base de dados do Censo, para conferir as informa\u00e7\u00f5es. Ap\u00f3s essa fase de confer\u00eancia, em colabora\u00e7\u00e3o com os pesquisadores institucionais, o Censo \u00e9 finalizado.\u00a0Os dados s\u00e3o divulgados e a Sinopse Estat\u00edstica \u00e9 publicada. Depois disso n\u00e3o pode mais haver altera\u00e7\u00e3o nas informa\u00e7\u00f5es, pois passam a ser estat\u00edsticas oficiais.<\/span><\/p>\n","protected":false},"excerpt":{"rendered":"<p>Censo da Educa\u00e7\u00e3o Superior Anualmente, o Inep realiza a coleta de dados sobre a educa\u00e7\u00e3o superior com o objetivo de oferecer \u00e0 comunidade acad\u00eamica e \u00e0 sociedade em geral informa\u00e7\u00f5es detalhadas sobre a situa\u00e7\u00e3o e as grandes tend\u00eancias nas IES, a partir de 2013 tamb\u00e9m ser\u00e1 coletada informa\u00e7\u00f5es para o calculo da matriz or\u00e7amentaria. O [&hellip;]<\/p>\n","protected":false},"author":1353,"featured_media":0,"parent":1043,"menu_order":0,"comment_status":"closed","ping_status":"closed","template":"","meta":{"jetpack_post_was_ever_published":false,"footnotes":""},"class_list":["post-1321","page","type-page","status-publish","hentry"],"jetpack_sharing_enabled":true,"_links":{"self":[{"href":"https:\/\/wp.ufpel.edu.br\/proplad\/wp-json\/wp\/v2\/pages\/1321","targetHints":{"allow":["GET"]}}],"collection":[{"href":"https:\/\/wp.ufpel.edu.br\/proplad\/wp-json\/wp\/v2\/pages"}],"about":[{"href":"https:\/\/wp.ufpel.edu.br\/proplad\/wp-json\/wp\/v2\/types\/page"}],"author":[{"embeddable":true,"href":"https:\/\/wp.ufpel.edu.br\/proplad\/wp-json\/wp\/v2\/users\/1353"}],"replies":[{"embeddable":true,"href":"https:\/\/wp.ufpel.edu.br\/proplad\/wp-json\/wp\/v2\/comments?post=1321"}],"version-history":[{"count":0,"href":"https:\/\/wp.ufpel.edu.br\/proplad\/wp-json\/wp\/v2\/pages\/1321\/revisions"}],"up":[{"embeddable":true,"href":"https:\/\/wp.ufpel.edu.br\/proplad\/wp-json\/wp\/v2\/pages\/1043"}],"wp:attachment":[{"href":"https:\/\/wp.ufpel.edu.br\/proplad\/wp-json\/wp\/v2\/media?parent=1321"}],"curies":[{"name":"wp","href":"https:\/\/api.w.org\/{rel}","templated":true}]}}