{"id":1039,"date":"2013-11-25T12:46:33","date_gmt":"2013-11-25T14:46:33","guid":{"rendered":"https:\/\/wp.ufpel.edu.br\/prpd\/?page_id=1039"},"modified":"2013-11-25T12:46:33","modified_gmt":"2013-11-25T14:46:33","slug":"secao-de-acompanhamento-de-projetos","status":"publish","type":"page","link":"https:\/\/wp.ufpel.edu.br\/proplad\/secao-de-acompanhamento-de-projetos\/","title":{"rendered":"Se\u00e7\u00e3o de Acompanhamento de Projetos"},"content":{"rendered":"<p><span style=\"font-family: arial, helvetica, sans-serif;font-size: 10pt;color: #000000\">S\u00e3o atribui\u00e7\u00f5es da Se\u00e7\u00e3o de Acompanhamento de Projetos:<\/span><\/p>\n<ul>\n<li><span style=\"font-family: arial, helvetica, sans-serif;font-size: 10pt;color: #000000\">Acompanhar a execu\u00e7\u00e3o dos projetos, visando adequar as condi\u00e7\u00f5es de execu\u00e7\u00e3o a seu objeto, controlando o atendimento das exig\u00eancias de presta\u00e7\u00e3o de contas;<\/span><\/li>\n<li><span style=\"font-family: arial, helvetica, sans-serif;font-size: 10pt;color: #000000\">Assessorar os Coordenadores no atendimento \u00e0s exig\u00eancias dos \u00f3rg\u00e3os financiadores, especialmente quanto \u00e0 presta\u00e7\u00e3o de contas.<\/span><\/li>\n<\/ul>\n","protected":false},"excerpt":{"rendered":"<p>S\u00e3o atribui\u00e7\u00f5es da Se\u00e7\u00e3o de Acompanhamento de Projetos: Acompanhar a execu\u00e7\u00e3o dos projetos, visando adequar as condi\u00e7\u00f5es de execu\u00e7\u00e3o a seu objeto, controlando o atendimento das exig\u00eancias de presta\u00e7\u00e3o de contas; Assessorar os Coordenadores no atendimento \u00e0s exig\u00eancias dos \u00f3rg\u00e3os financiadores, especialmente quanto \u00e0 presta\u00e7\u00e3o de contas.<\/p>\n","protected":false},"author":1353,"featured_media":0,"parent":0,"menu_order":0,"comment_status":"closed","ping_status":"open","template":"","meta":{"jetpack_post_was_ever_published":false,"footnotes":""},"class_list":["post-1039","page","type-page","status-publish","hentry"],"jetpack_sharing_enabled":true,"_links":{"self":[{"href":"https:\/\/wp.ufpel.edu.br\/proplad\/wp-json\/wp\/v2\/pages\/1039","targetHints":{"allow":["GET"]}}],"collection":[{"href":"https:\/\/wp.ufpel.edu.br\/proplad\/wp-json\/wp\/v2\/pages"}],"about":[{"href":"https:\/\/wp.ufpel.edu.br\/proplad\/wp-json\/wp\/v2\/types\/page"}],"author":[{"embeddable":true,"href":"https:\/\/wp.ufpel.edu.br\/proplad\/wp-json\/wp\/v2\/users\/1353"}],"replies":[{"embeddable":true,"href":"https:\/\/wp.ufpel.edu.br\/proplad\/wp-json\/wp\/v2\/comments?post=1039"}],"version-history":[{"count":0,"href":"https:\/\/wp.ufpel.edu.br\/proplad\/wp-json\/wp\/v2\/pages\/1039\/revisions"}],"wp:attachment":[{"href":"https:\/\/wp.ufpel.edu.br\/proplad\/wp-json\/wp\/v2\/media?parent=1039"}],"curies":[{"name":"wp","href":"https:\/\/api.w.org\/{rel}","templated":true}]}}