{"id":1029,"date":"2013-11-25T12:41:42","date_gmt":"2013-11-25T14:41:42","guid":{"rendered":"https:\/\/wp.ufpel.edu.br\/prpd\/?page_id=1029"},"modified":"2013-11-25T12:41:42","modified_gmt":"2013-11-25T14:41:42","slug":"nucleo-de-planejamento-e-desenvolvimento","status":"publish","type":"page","link":"https:\/\/wp.ufpel.edu.br\/proplad\/nucleo-de-planejamento-e-desenvolvimento\/","title":{"rendered":"N\u00facleo de Planejamento e Desenvolvimento"},"content":{"rendered":"<p><span style=\"font-family: arial, helvetica, sans-serif;font-size: 10pt;color: #000000\">S\u00e3o atribui\u00e7\u00f5es do N\u00facleo de Planejamento e Desenvolvimento Institucional:<\/span><\/p>\n<ul>\n<li><span style=\"font-family: arial, helvetica, sans-serif;font-size: 10pt;color: #000000\">Desenvolver metodologias para o planejamento institucional;<\/span><\/li>\n<li><span style=\"font-family: arial, helvetica, sans-serif;font-size: 10pt;color: #000000\">Descrever e redefinir processos organizacionais visando racionaliz\u00e1-los e informatiz\u00e1-los;<\/span><\/li>\n<li><span style=\"font-family: arial, helvetica, sans-serif;font-size: 10pt;color: #000000\">Acompanhar projetos institucionais com vistas \u00e0 capta\u00e7\u00e3o de recursos;<\/span><\/li>\n<li><span style=\"font-family: arial, helvetica, sans-serif;font-size: 10pt;color: #000000\">Apoiar as unidades acad\u00eamicas e administrativas na realiza\u00e7\u00e3o de seus respectivos planejamentos;<\/span><\/li>\n<li><span style=\"font-family: arial, helvetica, sans-serif;font-size: 10pt;color: #000000\">Desenvolver sistemas de acompanhamento das a\u00e7\u00f5es planejadas.<\/span><\/li>\n<\/ul>\n","protected":false},"excerpt":{"rendered":"<p>S\u00e3o atribui\u00e7\u00f5es do N\u00facleo de Planejamento e Desenvolvimento Institucional: Desenvolver metodologias para o planejamento institucional; Descrever e redefinir processos organizacionais visando racionaliz\u00e1-los e informatiz\u00e1-los; Acompanhar projetos institucionais com vistas \u00e0 capta\u00e7\u00e3o de recursos; Apoiar as unidades acad\u00eamicas e administrativas na realiza\u00e7\u00e3o de seus respectivos planejamentos; Desenvolver sistemas de acompanhamento das a\u00e7\u00f5es planejadas.<\/p>\n","protected":false},"author":1353,"featured_media":0,"parent":0,"menu_order":0,"comment_status":"closed","ping_status":"open","template":"","meta":{"jetpack_post_was_ever_published":false,"footnotes":""},"class_list":["post-1029","page","type-page","status-publish","hentry"],"jetpack_sharing_enabled":true,"_links":{"self":[{"href":"https:\/\/wp.ufpel.edu.br\/proplad\/wp-json\/wp\/v2\/pages\/1029","targetHints":{"allow":["GET"]}}],"collection":[{"href":"https:\/\/wp.ufpel.edu.br\/proplad\/wp-json\/wp\/v2\/pages"}],"about":[{"href":"https:\/\/wp.ufpel.edu.br\/proplad\/wp-json\/wp\/v2\/types\/page"}],"author":[{"embeddable":true,"href":"https:\/\/wp.ufpel.edu.br\/proplad\/wp-json\/wp\/v2\/users\/1353"}],"replies":[{"embeddable":true,"href":"https:\/\/wp.ufpel.edu.br\/proplad\/wp-json\/wp\/v2\/comments?post=1029"}],"version-history":[{"count":0,"href":"https:\/\/wp.ufpel.edu.br\/proplad\/wp-json\/wp\/v2\/pages\/1029\/revisions"}],"wp:attachment":[{"href":"https:\/\/wp.ufpel.edu.br\/proplad\/wp-json\/wp\/v2\/media?parent=1029"}],"curies":[{"name":"wp","href":"https:\/\/api.w.org\/{rel}","templated":true}]}}