{"id":1023,"date":"2013-11-25T12:37:40","date_gmt":"2013-11-25T14:37:40","guid":{"rendered":"https:\/\/wp.ufpel.edu.br\/prpd\/?page_id=1023"},"modified":"2013-11-25T12:37:40","modified_gmt":"2013-11-25T14:37:40","slug":"nucleo-de-planejamento-tecnico","status":"publish","type":"page","link":"https:\/\/wp.ufpel.edu.br\/proplad\/nucleo-de-planejamento-tecnico\/","title":{"rendered":"N\u00facleo de Planejamento T\u00e9cnico"},"content":{"rendered":"<p><span style=\"font-family: arial, helvetica, sans-serif;font-size: 10pt;color: #000000\">S\u00e3o atribui\u00e7\u00f5es do N\u00facleo de Planejamento T\u00e9cnico:<\/span><\/p>\n<ul>\n<li><span style=\"font-family: arial, helvetica, sans-serif;font-size: 10pt;color: #000000\">Planejar, organizar, coordenar, dirigir, controlar e fiscalizar a execu\u00e7\u00e3o de obras e servi\u00e7os de engenharia;<\/span><\/li>\n<li><span style=\"font-family: arial, helvetica, sans-serif;font-size: 10pt;color: #000000\">Orientar e apresentar solu\u00e7\u00f5es para as atividades ligadas \u00e0s obras novas e aos pr\u00e9dios existentes;<\/span><\/li>\n<li><span style=\"font-family: arial, helvetica, sans-serif;font-size: 10pt;color: #000000\">Controlar e avaliar a qualidade dos materiais fornecidos e dos servi\u00e7os prestados pelas empresas contratadas;<\/span><\/li>\n<li><span style=\"font-family: arial, helvetica, sans-serif;font-size: 10pt;color: #000000\">Estabelecer um plano de fiscaliza\u00e7\u00e3o segundo as normas de seguran\u00e7a e higiene do trabalho;<\/span><\/li>\n<li><span style=\"font-family: arial, helvetica, sans-serif;font-size: 10pt;color: #000000\">Executar vistoria das edifica\u00e7\u00f5es, apresentar relat\u00f3rio do estado de conserva\u00e7\u00e3o;<\/span><\/li>\n<li><span style=\"font-family: arial, helvetica, sans-serif;font-size: 10pt;color: #000000\">Elabora\u00e7\u00e3o de avalia\u00e7\u00f5es financeiras de im\u00f3veis;<\/span><\/li>\n<li><span style=\"font-family: arial, helvetica, sans-serif;font-size: 10pt;color: #000000\">Apoio t\u00e9cnico \u00e0 Comiss\u00e3o Permanente de Licita\u00e7\u00f5es;<\/span><\/li>\n<li><span style=\"font-family: arial, helvetica, sans-serif;font-size: 10pt;color: #000000\">Analisar e sistematizar legisla\u00e7\u00e3o existente;<\/span><\/li>\n<li><span style=\"font-family: arial, helvetica, sans-serif;font-size: 10pt;color: #000000\">Zelar pela observ\u00e2ncia de diretrizes para uso e ocupa\u00e7\u00e3o do espa\u00e7o e monitorar o cumprimento da legisla\u00e7\u00e3o urban\u00edstica;<\/span><\/li>\n<li><span style=\"font-family: arial, helvetica, sans-serif;font-size: 10pt;color: #000000\">Elaborar projetos e or\u00e7amentos, assessorando supervisionando a sua realiza\u00e7\u00e3o.<\/span><\/li>\n<\/ul>\n","protected":false},"excerpt":{"rendered":"<p>S\u00e3o atribui\u00e7\u00f5es do N\u00facleo de Planejamento T\u00e9cnico: Planejar, organizar, coordenar, dirigir, controlar e fiscalizar a execu\u00e7\u00e3o de obras e servi\u00e7os de engenharia; Orientar e apresentar solu\u00e7\u00f5es para as atividades ligadas \u00e0s obras novas e aos pr\u00e9dios existentes; Controlar e avaliar a qualidade dos materiais fornecidos e dos servi\u00e7os prestados pelas empresas contratadas; Estabelecer um plano [&hellip;]<\/p>\n","protected":false},"author":1353,"featured_media":0,"parent":0,"menu_order":0,"comment_status":"closed","ping_status":"open","template":"","meta":{"jetpack_post_was_ever_published":false,"footnotes":""},"class_list":["post-1023","page","type-page","status-publish","hentry"],"jetpack_sharing_enabled":true,"_links":{"self":[{"href":"https:\/\/wp.ufpel.edu.br\/proplad\/wp-json\/wp\/v2\/pages\/1023","targetHints":{"allow":["GET"]}}],"collection":[{"href":"https:\/\/wp.ufpel.edu.br\/proplad\/wp-json\/wp\/v2\/pages"}],"about":[{"href":"https:\/\/wp.ufpel.edu.br\/proplad\/wp-json\/wp\/v2\/types\/page"}],"author":[{"embeddable":true,"href":"https:\/\/wp.ufpel.edu.br\/proplad\/wp-json\/wp\/v2\/users\/1353"}],"replies":[{"embeddable":true,"href":"https:\/\/wp.ufpel.edu.br\/proplad\/wp-json\/wp\/v2\/comments?post=1023"}],"version-history":[{"count":0,"href":"https:\/\/wp.ufpel.edu.br\/proplad\/wp-json\/wp\/v2\/pages\/1023\/revisions"}],"wp:attachment":[{"href":"https:\/\/wp.ufpel.edu.br\/proplad\/wp-json\/wp\/v2\/media?parent=1023"}],"curies":[{"name":"wp","href":"https:\/\/api.w.org\/{rel}","templated":true}]}}