{"id":70,"date":"2025-08-12T19:38:33","date_gmt":"2025-08-12T22:38:33","guid":{"rendered":"https:\/\/wp.ufpel.edu.br\/projetolibrasemacao\/?page_id=70"},"modified":"2025-08-14T14:25:07","modified_gmt":"2025-08-14T17:25:07","slug":"depoimentos","status":"publish","type":"page","link":"https:\/\/wp.ufpel.edu.br\/projetolibrasemacao\/depoimentos\/","title":{"rendered":"Depoimentos"},"content":{"rendered":"<h1><strong><img loading=\"lazy\" decoding=\"async\" class=\"size-medium wp-image-106 alignleft\" src=\"https:\/\/wp.ufpel.edu.br\/projetolibrasemacao\/files\/2025\/08\/Mariana-Borges-322x400.jpg\" alt=\"\" width=\"322\" height=\"400\" srcset=\"https:\/\/wp.ufpel.edu.br\/projetolibrasemacao\/files\/2025\/08\/Mariana-Borges-322x400.jpg 322w, https:\/\/wp.ufpel.edu.br\/projetolibrasemacao\/files\/2025\/08\/Mariana-Borges-824x1024.jpg 824w, https:\/\/wp.ufpel.edu.br\/projetolibrasemacao\/files\/2025\/08\/Mariana-Borges-768x954.jpg 768w, https:\/\/wp.ufpel.edu.br\/projetolibrasemacao\/files\/2025\/08\/Mariana-Borges-1236x1536.jpg 1236w, https:\/\/wp.ufpel.edu.br\/projetolibrasemacao\/files\/2025\/08\/Mariana-Borges.jpg 1288w\" sizes=\"auto, (max-width: 322px) 100vw, 322px\" \/>Mariana Borges<\/strong><\/h1>\n<h2><strong><span style=\"font-size: 10pt;\">Medicina<\/span><\/strong><\/h2>\n<blockquote><p><span style=\"font-size: 16px;\">&#8220;Participar do projeto Libras em A\u00e7\u00e3o na sa\u00fade \u00e9 uma experi\u00eancia extremamente enriquecedora, tanto profissional quanto pessoalmente. \u00c9 um privil\u00e9gio fazer parte de um projeto que foca em algo t\u00e3o essencial para o cuidado em sa\u00fade: o <\/span><span style=\"font-size: 16px;\">desenvolvimento da comunica\u00e7\u00e3o com o paciente de forma abrangente.&#8221;<\/span><\/p><\/blockquote>\n<p>&nbsp;<\/p>\n<p><!--nextpage--><\/p>\n<p><img loading=\"lazy\" decoding=\"async\" class=\"size-medium wp-image-105 alignleft\" src=\"https:\/\/wp.ufpel.edu.br\/projetolibrasemacao\/files\/2025\/08\/Beatriz-312x400.jpg\" alt=\"\" width=\"312\" height=\"400\" srcset=\"https:\/\/wp.ufpel.edu.br\/projetolibrasemacao\/files\/2025\/08\/Beatriz-312x400.jpg 312w, https:\/\/wp.ufpel.edu.br\/projetolibrasemacao\/files\/2025\/08\/Beatriz-799x1024.jpg 799w, https:\/\/wp.ufpel.edu.br\/projetolibrasemacao\/files\/2025\/08\/Beatriz-768x984.jpg 768w, https:\/\/wp.ufpel.edu.br\/projetolibrasemacao\/files\/2025\/08\/Beatriz.jpg 999w\" sizes=\"auto, (max-width: 312px) 100vw, 312px\" \/><\/p>\n<h1><strong>Beatriz Hartwig<\/strong><\/h1>\n<h2><span style=\"font-size: 10pt;\"><strong>Pedagogia<\/strong><\/span><\/h2>\n<blockquote><p><span style=\"font-size: 12pt;\">&#8220;Meu nome \u00e9 Beatriz e curso Licenciatura em Pedagogia na UFPel. Participar do projeto Libras em A\u00e7\u00e3o, junto com a professora Daiana, tem sido uma experi\u00eancia incr\u00edvel e muito especial para mim. Sinto que cada momento dedicado ao projeto est\u00e1 enriquecendo demais minha trajet\u00f3ria na faculdade, trazendo aprendizados que v\u00e3o muito al\u00e9m da sala de aula. Um dos aspectos mais legais \u00e9 essa troca com pessoas de outros cursos que tamb\u00e9m participam do projeto. Cada conversa, experi\u00eancia e ponto de vista amplia meu olhar e torna o aprendizado ainda mais rico. Mesmo nos dias em que o cansa\u00e7o aparece, a sensa\u00e7\u00e3o de estar contribuindo e aprendendo algo novo \u00e9 t\u00e3o prazerosa que tudo vale a pena. \u00c9 um privil\u00e9gio poder viver essa troca, conhecer pessoas, compartilhar ideias e crescer n\u00e3o s\u00f3 como futura pedagoga, mas tamb\u00e9m como pessoa.&#8221;<\/span><\/p><\/blockquote>\n<p><!--nextpage--><\/p>\n<h1><img loading=\"lazy\" decoding=\"async\" class=\"size-medium wp-image-138 alignleft\" src=\"https:\/\/wp.ufpel.edu.br\/projetolibrasemacao\/files\/2025\/08\/Rebeca-Barbosa-225x400.jpg\" alt=\"\" width=\"225\" height=\"400\" srcset=\"https:\/\/wp.ufpel.edu.br\/projetolibrasemacao\/files\/2025\/08\/Rebeca-Barbosa-225x400.jpg 225w, https:\/\/wp.ufpel.edu.br\/projetolibrasemacao\/files\/2025\/08\/Rebeca-Barbosa-576x1024.jpg 576w, https:\/\/wp.ufpel.edu.br\/projetolibrasemacao\/files\/2025\/08\/Rebeca-Barbosa-768x1365.jpg 768w, https:\/\/wp.ufpel.edu.br\/projetolibrasemacao\/files\/2025\/08\/Rebeca-Barbosa-864x1536.jpg 864w, https:\/\/wp.ufpel.edu.br\/projetolibrasemacao\/files\/2025\/08\/Rebeca-Barbosa.jpg 900w\" sizes=\"auto, (max-width: 225px) 100vw, 225px\" \/>Rebeca Barbosa<\/h1>\n<h2><span style=\"font-size: 10pt;\"><strong>Letras Portugu\u00eas\/Franc\u00eas \u2013 Licenciatura<\/strong><\/span><\/h2>\n<blockquote><p>&#8220;Fazer parte do projeto Libras em A\u00e7\u00e3o, \u00e9 a cada encontro, reuni\u00e3o, conversa descobrir uma nova forma de colocar a inclus\u00e3o em pr\u00e1tica. Um aspecto que faz toda diferen\u00e7a \u00e9 a equipe ser composta por integrantes de diferentes \u00e1reas de gradua\u00e7\u00e3o. Permetindo uma ampla troca de conhecimentos, visando o mesmo objetivo: Incluir.&#8221;<\/p><\/blockquote>\n<p><!--nextpage--><\/p>\n<h1><img loading=\"lazy\" decoding=\"async\" class=\"size-medium wp-image-137 alignleft\" src=\"https:\/\/wp.ufpel.edu.br\/projetolibrasemacao\/files\/2025\/08\/Luisa-P-Einhardt-267x400.jpg\" alt=\"\" width=\"267\" height=\"400\" srcset=\"https:\/\/wp.ufpel.edu.br\/projetolibrasemacao\/files\/2025\/08\/Luisa-P-Einhardt-267x400.jpg 267w, https:\/\/wp.ufpel.edu.br\/projetolibrasemacao\/files\/2025\/08\/Luisa-P-Einhardt-682x1024.jpg 682w, https:\/\/wp.ufpel.edu.br\/projetolibrasemacao\/files\/2025\/08\/Luisa-P-Einhardt-768x1153.jpg 768w, https:\/\/wp.ufpel.edu.br\/projetolibrasemacao\/files\/2025\/08\/Luisa-P-Einhardt-1023x1536.jpg 1023w, https:\/\/wp.ufpel.edu.br\/projetolibrasemacao\/files\/2025\/08\/Luisa-P-Einhardt.jpg 1066w\" sizes=\"auto, (max-width: 267px) 100vw, 267px\" \/>Luisa P. Einhardt<\/h1>\n<h2><span style=\"font-size: 10pt;\"><strong>Medicina<\/strong><\/span><\/h2>\n<p>&#8220;O projeto Libras em A\u00e7\u00e3o me possibilitou novas perspectivas acerca da inclus\u00e3o e da acessibilidade na \u00e1rea da sa\u00fade, al\u00e9m de me permitir conhecer pessoas maravilhosas e empenhadas em construir um mundo melhor para todos! Aprender a conversar em Libras expandiu novos horizontes para meu futuro acad\u00eamico e profissional. Uma experi\u00eancia verdadeiramente enriquecedora.&#8221;<\/p>\n","protected":false},"excerpt":{"rendered":"<p>Mariana Borges Medicina &#8220;Participar do projeto Libras em A\u00e7\u00e3o na sa\u00fade \u00e9 uma experi\u00eancia extremamente enriquecedora, tanto profissional quanto pessoalmente. \u00c9 um privil\u00e9gio fazer parte de um projeto que foca em algo t\u00e3o essencial para o cuidado em sa\u00fade: o desenvolvimento da comunica\u00e7\u00e3o com o paciente de forma abrangente.&#8221; &nbsp;<\/p>\n","protected":false},"author":1369,"featured_media":0,"parent":0,"menu_order":0,"comment_status":"closed","ping_status":"closed","template":"","meta":{"footnotes":""},"class_list":["post-70","page","type-page","status-publish","hentry","post"],"_links":{"self":[{"href":"https:\/\/wp.ufpel.edu.br\/projetolibrasemacao\/wp-json\/wp\/v2\/pages\/70","targetHints":{"allow":["GET"]}}],"collection":[{"href":"https:\/\/wp.ufpel.edu.br\/projetolibrasemacao\/wp-json\/wp\/v2\/pages"}],"about":[{"href":"https:\/\/wp.ufpel.edu.br\/projetolibrasemacao\/wp-json\/wp\/v2\/types\/page"}],"author":[{"embeddable":true,"href":"https:\/\/wp.ufpel.edu.br\/projetolibrasemacao\/wp-json\/wp\/v2\/users\/1369"}],"replies":[{"embeddable":true,"href":"https:\/\/wp.ufpel.edu.br\/projetolibrasemacao\/wp-json\/wp\/v2\/comments?post=70"}],"version-history":[{"count":3,"href":"https:\/\/wp.ufpel.edu.br\/projetolibrasemacao\/wp-json\/wp\/v2\/pages\/70\/revisions"}],"predecessor-version":[{"id":139,"href":"https:\/\/wp.ufpel.edu.br\/projetolibrasemacao\/wp-json\/wp\/v2\/pages\/70\/revisions\/139"}],"wp:attachment":[{"href":"https:\/\/wp.ufpel.edu.br\/projetolibrasemacao\/wp-json\/wp\/v2\/media?parent=70"}],"curies":[{"name":"wp","href":"https:\/\/api.w.org\/{rel}","templated":true}]}}

<h1><strong><img loading="lazy" decoding="async" class="size-medium wp-image-106 alignleft" src="https://wp.ufpel.edu.br/projetolibrasemacao/files/2025/08/Mariana-Borges-322x400.jpg" alt="" width="322" height="400" srcset="https://wp.ufpel.edu.br/projetolibrasemacao/files/2025/08/Mariana-Borges-322x400.jpg 322w, https://wp.ufpel.edu.br/projetolibrasemacao/files/2025/08/Mariana-Borges-824x1024.jpg 824w, https://wp.ufpel.edu.br/projetolibrasemacao/files/2025/08/Mariana-Borges-768x954.jpg 768w, https://wp.ufpel.edu.br/projetolibrasemacao/files/2025/08/Mariana-Borges-1236x1536.jpg 1236w, https://wp.ufpel.edu.br/projetolibrasemacao/files/2025/08/Mariana-Borges.jpg 1288w" sizes="auto, (max-width: 322px) 100vw, 322px" />Mariana Borges</strong></h1>
<h2><strong><span style="font-size: 10pt;">Medicina</span></strong></h2>
<blockquote><p><span style="font-size: 16px;">&#8220;Participar do projeto Libras em Ação na saúde é uma experiência extremamente enriquecedora, tanto profissional quanto pessoalmente. É um privilégio fazer parte de um projeto que foca em algo tão essencial para o cuidado em saúde: o </span><span style="font-size: 16px;">desenvolvimento da comunicação com o paciente de forma abrangente.&#8221;</span></p></blockquote>
<p>&nbsp;</p>
<p><!--nextpage--></p>
<p><img loading="lazy" decoding="async" class="size-medium wp-image-105 alignleft" src="https://wp.ufpel.edu.br/projetolibrasemacao/files/2025/08/Beatriz-312x400.jpg" alt="" width="312" height="400" srcset="https://wp.ufpel.edu.br/projetolibrasemacao/files/2025/08/Beatriz-312x400.jpg 312w, https://wp.ufpel.edu.br/projetolibrasemacao/files/2025/08/Beatriz-799x1024.jpg 799w, https://wp.ufpel.edu.br/projetolibrasemacao/files/2025/08/Beatriz-768x984.jpg 768w, https://wp.ufpel.edu.br/projetolibrasemacao/files/2025/08/Beatriz.jpg 999w" sizes="auto, (max-width: 312px) 100vw, 312px" /></p>
<h1><strong>Beatriz Hartwig</strong></h1>
<h2><span style="font-size: 10pt;"><strong>Pedagogia</strong></span></h2>
<blockquote><p><span style="font-size: 12pt;">&#8220;Meu nome é Beatriz e curso Licenciatura em Pedagogia na UFPel. Participar do projeto Libras em Ação, junto com a professora Daiana, tem sido uma experiência incrível e muito especial para mim. Sinto que cada momento dedicado ao projeto está enriquecendo demais minha trajetória na faculdade, trazendo aprendizados que vão muito além da sala de aula. Um dos aspectos mais legais é essa troca com pessoas de outros cursos que também participam do projeto. Cada conversa, experiência e ponto de vista amplia meu olhar e torna o aprendizado ainda mais rico. Mesmo nos dias em que o cansaço aparece, a sensação de estar contribuindo e aprendendo algo novo é tão prazerosa que tudo vale a pena. É um privilégio poder viver essa troca, conhecer pessoas, compartilhar ideias e crescer não só como futura pedagoga, mas também como pessoa.&#8221;</span></p></blockquote>
<p><!--nextpage--></p>
<h1><img loading="lazy" decoding="async" class="size-medium wp-image-138 alignleft" src="https://wp.ufpel.edu.br/projetolibrasemacao/files/2025/08/Rebeca-Barbosa-225x400.jpg" alt="" width="225" height="400" srcset="https://wp.ufpel.edu.br/projetolibrasemacao/files/2025/08/Rebeca-Barbosa-225x400.jpg 225w, https://wp.ufpel.edu.br/projetolibrasemacao/files/2025/08/Rebeca-Barbosa-576x1024.jpg 576w, https://wp.ufpel.edu.br/projetolibrasemacao/files/2025/08/Rebeca-Barbosa-768x1365.jpg 768w, https://wp.ufpel.edu.br/projetolibrasemacao/files/2025/08/Rebeca-Barbosa-864x1536.jpg 864w, https://wp.ufpel.edu.br/projetolibrasemacao/files/2025/08/Rebeca-Barbosa.jpg 900w" sizes="auto, (max-width: 225px) 100vw, 225px" />Rebeca Barbosa</h1>
<h2><span style="font-size: 10pt;"><strong>Letras Português/Francês – Licenciatura</strong></span></h2>
<blockquote><p>&#8220;Fazer parte do projeto Libras em Ação, é a cada encontro, reunião, conversa descobrir uma nova forma de colocar a inclusão em prática. Um aspecto que faz toda diferença é a equipe ser composta por integrantes de diferentes áreas de graduação. Permetindo uma ampla troca de conhecimentos, visando o mesmo objetivo: Incluir.&#8221;</p></blockquote>
<p><!--nextpage--></p>
<h1><img loading="lazy" decoding="async" class="size-medium wp-image-137 alignleft" src="https://wp.ufpel.edu.br/projetolibrasemacao/files/2025/08/Luisa-P-Einhardt-267x400.jpg" alt="" width="267" height="400" srcset="https://wp.ufpel.edu.br/projetolibrasemacao/files/2025/08/Luisa-P-Einhardt-267x400.jpg 267w, https://wp.ufpel.edu.br/projetolibrasemacao/files/2025/08/Luisa-P-Einhardt-682x1024.jpg 682w, https://wp.ufpel.edu.br/projetolibrasemacao/files/2025/08/Luisa-P-Einhardt-768x1153.jpg 768w, https://wp.ufpel.edu.br/projetolibrasemacao/files/2025/08/Luisa-P-Einhardt-1023x1536.jpg 1023w, https://wp.ufpel.edu.br/projetolibrasemacao/files/2025/08/Luisa-P-Einhardt.jpg 1066w" sizes="auto, (max-width: 267px) 100vw, 267px" />Luisa P. Einhardt</h1>
<h2><span style="font-size: 10pt;"><strong>Medicina</strong></span></h2>
<p>&#8220;O projeto Libras em Ação me possibilitou novas perspectivas acerca da inclusão e da acessibilidade na área da saúde, além de me permitir conhecer pessoas maravilhosas e empenhadas em construir um mundo melhor para todos! Aprender a conversar em Libras expandiu novos horizontes para meu futuro acadêmico e profissional. Uma experiência verdadeiramente enriquecedora.&#8221;</p>

<p>Mariana Borges Medicina &#8220;Participar do projeto Libras em Ação na saúde é uma experiência extremamente enriquecedora, tanto profissional quanto pessoalmente. É um privilégio fazer parte de um projeto que foca em algo tão essencial para o cuidado em saúde: o desenvolvimento da comunicação com o paciente de forma abrangente.&#8221; &nbsp;</p>
