{"id":26,"date":"2025-08-12T19:07:40","date_gmt":"2025-08-12T22:07:40","guid":{"rendered":"https:\/\/wp.ufpel.edu.br\/projetolibrasemacao\/?page_id=26"},"modified":"2025-08-18T12:25:21","modified_gmt":"2025-08-18T15:25:21","slug":"cronograma","status":"publish","type":"page","link":"https:\/\/wp.ufpel.edu.br\/projetolibrasemacao\/cronograma\/","title":{"rendered":"Cronograma"},"content":{"rendered":"<div id=\"pl-26\" class=\"panel-layout\">\n<div id=\"pg-26-0\" class=\"panel-grid panel-no-style\">\n<div id=\"pgc-26-0-0\" class=\"panel-grid-cell\" data-weight=\"1\">\n<div id=\"panel-26-0-0-0\" class=\"so-panel widget widget_sow-editor panel-first-child panel-last-child\" data-index=\"0\" data-style=\"{&quot;background_image_attachment&quot;:false,&quot;background_display&quot;:&quot;tile&quot;,&quot;background_image_size&quot;:&quot;full&quot;,&quot;background_image_opacity&quot;:&quot;100&quot;,&quot;border_thickness&quot;:&quot;1px&quot;}\">\n<div class=\"so-widget-sow-editor so-widget-sow-editor-base\">\n<div class=\"siteorigin-widget-tinymce textwidget\">\n<p>Nossa programa\u00e7\u00e3o de cursos, oficinas, encontros e eventos \u00e9 divulgada e atualizada regularmente no Instagram do projeto.<\/p>\n<p>Acompanhe em <a href=\"https:\/\/www.instagram.com\/librasemacao.ufpel\">@librasemacao.ufpel<\/a> para ficar por dentro das pr\u00f3ximas atividades, conferir datas e hor\u00e1rios, e garantir sua participa\u00e7\u00e3o! (:<\/p>\n<\/div>\n<\/div>\n<\/div>\n<\/div>\n<\/div>\n<\/div>\n","protected":false},"excerpt":{"rendered":"<p>Nossa programa\u00e7\u00e3o de cursos, oficinas, encontros e eventos \u00e9 divulgada e atualizada regularmente no Instagram do projeto. Acompanhe em @librasemacao.ufpel para ficar por dentro das pr\u00f3ximas atividades, conferir datas e hor\u00e1rios, e garantir sua participa\u00e7\u00e3o! (:<\/p>\n","protected":false},"author":1369,"featured_media":0,"parent":0,"menu_order":0,"comment_status":"closed","ping_status":"closed","template":"","meta":{"footnotes":""},"class_list":["post-26","page","type-page","status-publish","hentry","post"],"_links":{"self":[{"href":"https:\/\/wp.ufpel.edu.br\/projetolibrasemacao\/wp-json\/wp\/v2\/pages\/26","targetHints":{"allow":["GET"]}}],"collection":[{"href":"https:\/\/wp.ufpel.edu.br\/projetolibrasemacao\/wp-json\/wp\/v2\/pages"}],"about":[{"href":"https:\/\/wp.ufpel.edu.br\/projetolibrasemacao\/wp-json\/wp\/v2\/types\/page"}],"author":[{"embeddable":true,"href":"https:\/\/wp.ufpel.edu.br\/projetolibrasemacao\/wp-json\/wp\/v2\/users\/1369"}],"replies":[{"embeddable":true,"href":"https:\/\/wp.ufpel.edu.br\/projetolibrasemacao\/wp-json\/wp\/v2\/comments?post=26"}],"version-history":[{"count":4,"href":"https:\/\/wp.ufpel.edu.br\/projetolibrasemacao\/wp-json\/wp\/v2\/pages\/26\/revisions"}],"predecessor-version":[{"id":191,"href":"https:\/\/wp.ufpel.edu.br\/projetolibrasemacao\/wp-json\/wp\/v2\/pages\/26\/revisions\/191"}],"wp:attachment":[{"href":"https:\/\/wp.ufpel.edu.br\/projetolibrasemacao\/wp-json\/wp\/v2\/media?parent=26"}],"curies":[{"name":"wp","href":"https:\/\/api.w.org\/{rel}","templated":true}]}}

<div id="pl-26" class="panel-layout">
<div id="pg-26-0" class="panel-grid panel-no-style">
<div id="pgc-26-0-0" class="panel-grid-cell" data-weight="1">
<div id="panel-26-0-0-0" class="so-panel widget widget_sow-editor panel-first-child panel-last-child" data-index="0" data-style="{&quot;background_image_attachment&quot;:false,&quot;background_display&quot;:&quot;tile&quot;,&quot;background_image_size&quot;:&quot;full&quot;,&quot;background_image_opacity&quot;:&quot;100&quot;,&quot;border_thickness&quot;:&quot;1px&quot;}">
<div class="so-widget-sow-editor so-widget-sow-editor-base">
<div class="siteorigin-widget-tinymce textwidget">
<p>Nossa programação de cursos, oficinas, encontros e eventos é divulgada e atualizada regularmente no Instagram do projeto.</p>
<p>Acompanhe em <a href="https://www.instagram.com/librasemacao.ufpel">@librasemacao.ufpel</a> para ficar por dentro das próximas atividades, conferir datas e horários, e garantir sua participação! (:</p>
</div>
</div>
</div>
</div>
</div>
</div>

<p>Nossa programação de cursos, oficinas, encontros e eventos é divulgada e atualizada regularmente no Instagram do projeto. Acompanhe em @librasemacao.ufpel para ficar por dentro das próximas atividades, conferir datas e horários, e garantir sua participação! (:</p>
