{"id":23,"date":"2025-08-12T19:06:44","date_gmt":"2025-08-12T22:06:44","guid":{"rendered":"https:\/\/wp.ufpel.edu.br\/projetolibrasemacao\/?page_id=23"},"modified":"2025-08-13T15:46:58","modified_gmt":"2025-08-13T18:46:58","slug":"participe","status":"publish","type":"page","link":"https:\/\/wp.ufpel.edu.br\/projetolibrasemacao\/participe\/","title":{"rendered":"Participe!"},"content":{"rendered":"<p>Quer fazer parte do Libras em A\u00e7\u00e3o e contribuir para a promo\u00e7\u00e3o da inclus\u00e3o e da acessibilidade?<\/p>\n<p>O projeto est\u00e1 aberto a novos volunt\u00e1rios que queiram somar esfor\u00e7os na realiza\u00e7\u00e3o de cursos, oficinas, eventos e demais atividades voltadas \u00e0 L\u00edngua Brasileira de Sinais e \u00e0 valoriza\u00e7\u00e3o da cultura surda.<\/p>\n<p>Seja voc\u00ea estudante, profissional ou algu\u00e9m que simplesmente acredita na import\u00e2ncia da comunica\u00e7\u00e3o sem barreiras, sua participa\u00e7\u00e3o \u00e9 bem-vinda. Aqui, cada volunt\u00e1rio ajuda a fortalecer nosso movimento e a levar a Libras a mais pessoas.<\/p>\n<p>Como participar<br \/>\nEntre em contato para saber mais sobre as formas de atua\u00e7\u00e3o, datas e hor\u00e1rios das atividades:<br \/>\n\ud83d\udce7 E-mail: <a href=\"mailto:projetolibrasemacao@gmail.com\" target=\"_blank\" rel=\"noopener\">projetolibrasemacao@gmail.com<\/a><br \/>\n\ud83d\udcf1 Instagram: <a href=\"https:\/\/www.instagram.com\/librasemacao.ufpel\" target=\"_blank\" rel=\"noopener\">@librasemacao.ufpel<\/a><\/p>\n<p>Por esses mesmos canais, voc\u00ea tamb\u00e9m pode verificar a agenda atualizada, confirmar hor\u00e1rios e se inscrever para participar das pr\u00f3ximas a\u00e7\u00f5es.<\/p>\n<p>Junte-se a n\u00f3s e ajude a transformar inclus\u00e3o em pr\u00e1tica!<\/p>\n","protected":false},"excerpt":{"rendered":"<p>Quer fazer parte do Libras em A\u00e7\u00e3o e contribuir para a promo\u00e7\u00e3o da inclus\u00e3o e da acessibilidade? O projeto est\u00e1 aberto a novos volunt\u00e1rios que queiram somar esfor\u00e7os na realiza\u00e7\u00e3o de cursos, oficinas, eventos e demais atividades voltadas \u00e0 L\u00edngua Brasileira de Sinais e \u00e0 valoriza\u00e7\u00e3o da cultura surda. Seja voc\u00ea estudante, profissional ou algu\u00e9m [&hellip;]<\/p>\n","protected":false},"author":1369,"featured_media":0,"parent":0,"menu_order":0,"comment_status":"closed","ping_status":"closed","template":"","meta":{"footnotes":""},"class_list":["post-23","page","type-page","status-publish","hentry","post"],"_links":{"self":[{"href":"https:\/\/wp.ufpel.edu.br\/projetolibrasemacao\/wp-json\/wp\/v2\/pages\/23","targetHints":{"allow":["GET"]}}],"collection":[{"href":"https:\/\/wp.ufpel.edu.br\/projetolibrasemacao\/wp-json\/wp\/v2\/pages"}],"about":[{"href":"https:\/\/wp.ufpel.edu.br\/projetolibrasemacao\/wp-json\/wp\/v2\/types\/page"}],"author":[{"embeddable":true,"href":"https:\/\/wp.ufpel.edu.br\/projetolibrasemacao\/wp-json\/wp\/v2\/users\/1369"}],"replies":[{"embeddable":true,"href":"https:\/\/wp.ufpel.edu.br\/projetolibrasemacao\/wp-json\/wp\/v2\/comments?post=23"}],"version-history":[{"count":3,"href":"https:\/\/wp.ufpel.edu.br\/projetolibrasemacao\/wp-json\/wp\/v2\/pages\/23\/revisions"}],"predecessor-version":[{"id":136,"href":"https:\/\/wp.ufpel.edu.br\/projetolibrasemacao\/wp-json\/wp\/v2\/pages\/23\/revisions\/136"}],"wp:attachment":[{"href":"https:\/\/wp.ufpel.edu.br\/projetolibrasemacao\/wp-json\/wp\/v2\/media?parent=23"}],"curies":[{"name":"wp","href":"https:\/\/api.w.org\/{rel}","templated":true}]}}

<p>Quer fazer parte do Libras em Ação e contribuir para a promoção da inclusão e da acessibilidade?</p>
<p>O projeto está aberto a novos voluntários que queiram somar esforços na realização de cursos, oficinas, eventos e demais atividades voltadas à Língua Brasileira de Sinais e à valorização da cultura surda.</p>
<p>Seja você estudante, profissional ou alguém que simplesmente acredita na importância da comunicação sem barreiras, sua participação é bem-vinda. Aqui, cada voluntário ajuda a fortalecer nosso movimento e a levar a Libras a mais pessoas.</p>
<p>Como participar<br />
Entre em contato para saber mais sobre as formas de atuação, datas e horários das atividades:<br />
📧 E-mail: <a href="mailto:projetolibrasemacao@gmail.com" target="_blank" rel="noopener">projetolibrasemacao@gmail.com</a><br />
📱 Instagram: <a href="https://www.instagram.com/librasemacao.ufpel" target="_blank" rel="noopener">@librasemacao.ufpel</a></p>
<p>Por esses mesmos canais, você também pode verificar a agenda atualizada, confirmar horários e se inscrever para participar das próximas ações.</p>
<p>Junte-se a nós e ajude a transformar inclusão em prática!</p>

<p>Quer fazer parte do Libras em Ação e contribuir para a promoção da inclusão e da acessibilidade? O projeto está aberto a novos voluntários que queiram somar esforços na realização de cursos, oficinas, eventos e demais atividades voltadas à Língua Brasileira de Sinais e à valorização da cultura surda. Seja você estudante, profissional ou alguém [&hellip;]</p>
