{"id":2,"date":"2024-04-29T15:45:21","date_gmt":"2024-04-29T18:45:21","guid":{"rendered":"https:\/\/wp.ufpel.edu.br\/projetolibrasemacao\/?page_id=2"},"modified":"2025-08-13T14:49:55","modified_gmt":"2025-08-13T17:49:55","slug":"pagina-exemplo","status":"publish","type":"page","link":"https:\/\/wp.ufpel.edu.br\/projetolibrasemacao\/","title":{"rendered":"N\u00f3s somos o Libras em A\u00e7\u00e3o"},"content":{"rendered":"\r\n<p>Somos um projeto vinculado ao curso de Letras Libras\/Literatura Surda da <a href=\"https:\/\/portal.ufpel.edu.br\/\">Universidade Federal de Pelotas (UFPel)<\/a>, criado para aproximar pessoas surdas e ouvintes por meio da L\u00edngua Brasileira de Sinais.<\/p>\r\n<p>Nossa miss\u00e3o \u00e9 aproximar pessoas surdas e ouvintes, oferecendo espa\u00e7os de aprendizagem, conviv\u00eancia e troca cultural. Aqui, cada atividade \u00e9 pensada para valorizar a Libras, fortalecer a comunica\u00e7\u00e3o e abrir novas possibilidades de intera\u00e7\u00e3o.<\/p>\r\n<p>Queremos desenvolver a\u00e7\u00f5es que contemplem a divulga\u00e7\u00e3o e o ensino da L\u00edngua Brasileira de Sinais em diversos contextos de comunica\u00e7\u00e3o e fomentar discuss\u00f5es a respeito dos aspectos culturais que constituem as comunidades\u00a0surdas.<\/p>\r\n<p>Desde que come\u00e7amos, promovemos oficinas, encontros e capacita\u00e7\u00f5es que unem diferentes p\u00fablicos, sempre com o mesmo prop\u00f3sito: derrubar barreiras de comunica\u00e7\u00e3o e valorizar a cultura surda. Atuamos dentro e fora da universidade, levando acessibilidade para espa\u00e7os acad\u00eamicos, culturais e de servi\u00e7os, como a sa\u00fade, onde compreender o outro pode fazer toda a diferen\u00e7a.<\/p>\r\n","protected":false},"excerpt":{"rendered":"<p>Somos um projeto vinculado ao curso de Letras Libras\/Literatura Surda da Universidade Federal de Pelotas (UFPel), criado para aproximar pessoas surdas e ouvintes por meio da L\u00edngua Brasileira de Sinais. Nossa miss\u00e3o \u00e9 aproximar pessoas surdas e ouvintes, oferecendo espa\u00e7os de aprendizagem, conviv\u00eancia e troca cultural. Aqui, cada atividade \u00e9 pensada para valorizar a Libras, [&hellip;]<\/p>\n","protected":false},"author":1369,"featured_media":0,"parent":0,"menu_order":0,"comment_status":"closed","ping_status":"closed","template":"","meta":{"footnotes":""},"class_list":["post-2","page","type-page","status-publish","hentry","post"],"_links":{"self":[{"href":"https:\/\/wp.ufpel.edu.br\/projetolibrasemacao\/wp-json\/wp\/v2\/pages\/2","targetHints":{"allow":["GET"]}}],"collection":[{"href":"https:\/\/wp.ufpel.edu.br\/projetolibrasemacao\/wp-json\/wp\/v2\/pages"}],"about":[{"href":"https:\/\/wp.ufpel.edu.br\/projetolibrasemacao\/wp-json\/wp\/v2\/types\/page"}],"author":[{"embeddable":true,"href":"https:\/\/wp.ufpel.edu.br\/projetolibrasemacao\/wp-json\/wp\/v2\/users\/1369"}],"replies":[{"embeddable":true,"href":"https:\/\/wp.ufpel.edu.br\/projetolibrasemacao\/wp-json\/wp\/v2\/comments?post=2"}],"version-history":[{"count":3,"href":"https:\/\/wp.ufpel.edu.br\/projetolibrasemacao\/wp-json\/wp\/v2\/pages\/2\/revisions"}],"predecessor-version":[{"id":93,"href":"https:\/\/wp.ufpel.edu.br\/projetolibrasemacao\/wp-json\/wp\/v2\/pages\/2\/revisions\/93"}],"wp:attachment":[{"href":"https:\/\/wp.ufpel.edu.br\/projetolibrasemacao\/wp-json\/wp\/v2\/media?parent=2"}],"curies":[{"name":"wp","href":"https:\/\/api.w.org\/{rel}","templated":true}]}}

Nós somos o Libras em Ação

<p>Somos um projeto vinculado ao curso de Letras Libras/Literatura Surda da <a href="https://portal.ufpel.edu.br/">Universidade Federal de Pelotas (UFPel)</a>, criado para aproximar pessoas surdas e ouvintes por meio da Língua Brasileira de Sinais.</p>
<p>Nossa missão é aproximar pessoas surdas e ouvintes, oferecendo espaços de aprendizagem, convivência e troca cultural. Aqui, cada atividade é pensada para valorizar a Libras, fortalecer a comunicação e abrir novas possibilidades de interação.</p>
<p>Queremos desenvolver ações que contemplem a divulgação e o ensino da Língua Brasileira de Sinais em diversos contextos de comunicação e fomentar discussões a respeito dos aspectos culturais que constituem as comunidades surdas.</p>
<p>Desde que começamos, promovemos oficinas, encontros e capacitações que unem diferentes públicos, sempre com o mesmo propósito: derrubar barreiras de comunicação e valorizar a cultura surda. Atuamos dentro e fora da universidade, levando acessibilidade para espaços acadêmicos, culturais e de serviços, como a saúde, onde compreender o outro pode fazer toda a diferença.</p>

<p>Somos um projeto vinculado ao curso de Letras Libras/Literatura Surda da Universidade Federal de Pelotas (UFPel), criado para aproximar pessoas surdas e ouvintes por meio da Língua Brasileira de Sinais. Nossa missão é aproximar pessoas surdas e ouvintes, oferecendo espaços de aprendizagem, convivência e troca cultural. Aqui, cada atividade é pensada para valorizar a Libras, [&hellip;]</p>
