{"id":890,"date":"2020-09-19T17:05:31","date_gmt":"2020-09-19T20:05:31","guid":{"rendered":"https:\/\/wp.ufpel.edu.br\/projetoimplantes\/?page_id=890"},"modified":"2022-10-06T19:15:26","modified_gmt":"2022-10-06T22:15:26","slug":"modelos_3d","status":"publish","type":"page","link":"https:\/\/wp.ufpel.edu.br\/projetoimplantes\/ensino\/modelos_3d\/","title":{"rendered":"Ensino de Implantodontia atrav\u00e9s de Modelos 3D"},"content":{"rendered":"<div id=\"pl-890\"  class=\"panel-layout\" ><div id=\"pg-890-0\"  class=\"panel-grid panel-no-style\" ><div id=\"pgc-890-0-0\"  class=\"panel-grid-cell\" ><div id=\"panel-890-0-0-0\" class=\"so-panel widget widget_sow-editor panel-first-child panel-last-child\" data-index=\"0\" ><div\n\t\t\t\n\t\t\tclass=\"so-widget-sow-editor so-widget-sow-editor-base\"\n\t\t\t\n\t\t>\n<div class=\"siteorigin-widget-tinymce textwidget\">\n\t<div style=\"text-align: center;\"><span style=\"font-size: 18pt;\"><strong>Procedimentos<\/strong><\/span><\/div>\n<div><\/div>\n<div style=\"text-align: justify;\"><a href=\"https:\/\/wp.me\/Pau6CR-lX\"><span style=\"font-size: 14pt;\">- Fresagem<\/span><\/a><\/div>\n<div style=\"text-align: justify;\"><a href=\"https:\/\/wp.me\/Pau6CR-m1\"><span style=\"font-size: 14pt;\">- Instala\u00e7\u00e3o de implantes<\/span><\/a><\/div>\n<div style=\"text-align: justify;\"><a href=\"https:\/\/wp.me\/Pau6CR-m7\"><span style=\"font-size: 14pt;\">- Reabertura e instala\u00e7\u00e3o de cicatrizador<\/span><\/a><\/div>\n<div style=\"text-align: justify;\"><span style=\"font-size: 14pt;\"><a href=\"https:\/\/wp.me\/Pau6CR-lg\">- Moldagem de implantes<\/a><\/span><\/div>\n<div style=\"text-align: justify;\">\n<div><span style=\"font-size: 14pt;\"><a href=\"https:\/\/wp.me\/Pau6CR-lm\">- Modelos de trabalho<\/a><\/span><\/div>\n<div><a href=\"https:\/\/wp.me\/Pau6CR-ms\"><span style=\"font-size: 14pt;\">- Provis\u00f3rio direto no implante - Munh\u00e3o PEEK<\/span><\/a><\/div>\n<div><a href=\"https:\/\/wp.me\/Pau6CR-mb\"><span style=\"font-size: 14pt;\">- Sele\u00e7\u00e3o de altura de componentes<\/span><\/a><\/div>\n<\/div>\n<div style=\"text-align: justify;\"><\/div>\n<div style=\"text-align: justify;\">\n<hr \/>\n<\/div>\n<div style=\"text-align: justify;\"><\/div>\n<div style=\"text-align: justify;\"><span style=\"font-size: 14pt; color: #ff0000;\"><strong>Pr\u00f3tese cimentada:<\/strong><\/span><\/div>\n<div style=\"text-align: justify;\"><span style=\"font-size: 14pt;\">\u00a0<\/span><\/div>\n<div style=\"text-align: justify;\"><span style=\"font-size: 14pt;\"><a href=\"https:\/\/wp.me\/Pau6CR-mi\">- Instala\u00e7\u00e3o do componente ciment\u00e1vel<\/a><br \/>\n<\/span><\/div>\n<div style=\"text-align: justify;\"><a href=\"https:\/\/wp.me\/Pau6CR-mm\"><span style=\"font-size: 14pt;\">- Provis\u00f3rio e condicionamento tecidual<\/span><\/a><\/div>\n<div><a href=\"https:\/\/wp.me\/Pau6CR-lK\"><span style=\"font-size: 14pt;\">- Individualiza\u00e7\u00e3o de transferente<\/span><\/a><\/div>\n<div style=\"text-align: justify;\"><span style=\"font-size: 14pt;\"><a href=\"https:\/\/wp.me\/Pau6CR-lE\">- Moldagem para pr\u00f3tese cimentada com moldeira fechada<\/a><\/span><\/div>\n<div><a href=\"https:\/\/wp.me\/Pau6CR-mC\"><span style=\"font-size: 14pt;\">- Modelo de trabalho - pr\u00f3tese cimentada<\/span><\/a><\/div>\n<div style=\"text-align: justify;\"><a href=\"https:\/\/wp.me\/Pau6CR-lR\"><span style=\"font-size: 14pt;\">- Instala\u00e7\u00e3o de pr\u00f3tese cimentada - remo\u00e7\u00e3o de excessos<\/span><\/a><\/div>\n<div style=\"text-align: justify;\"><\/div>\n<div style=\"text-align: justify;\">\n<hr \/>\n<\/div>\n<div style=\"text-align: justify;\"><\/div>\n<div style=\"text-align: justify;\">\n<div><span style=\"font-size: 14pt; color: #ff0000;\"><strong>Pr\u00f3tese parafusada:<\/strong><\/span><\/div>\n<div><span style=\"font-size: 14pt;\">\u00a0<\/span><\/div>\n<div><a href=\"https:\/\/wp.me\/Pau6CR-na\"><span style=\"font-size: 14pt;\">- Instala\u00e7\u00e3o do pilar para pr\u00f3tese parafusada<\/span><\/a><\/div>\n<div><a href=\"https:\/\/wp.me\/Pau6CR-ly\"><span style=\"font-size: 14pt;\">- Moldagem para pr\u00f3tese parafusada com moldeira aberta<\/span><\/a><\/div>\n<div><a href=\"https:\/\/wp.me\/Pau6CR-np\"><span style=\"font-size: 14pt;\">- Modelo de trabalho - Pr\u00f3tese parafusada<\/span><\/a><\/div>\n<div><a href=\"https:\/\/wp.me\/Pau6CR-ni\"><span style=\"font-size: 14pt;\">- Instala\u00e7\u00e3o de pr\u00f3tese parafusada<\/span><\/a><\/div>\n<div><\/div>\n<\/div>\n<div style=\"text-align: justify;\"><\/div>\n<\/div>\n<\/div><\/div><\/div><\/div><div id=\"pg-890-1\"  class=\"panel-grid panel-no-style\" ><div id=\"pgc-890-1-0\"  class=\"panel-grid-cell\" ><div id=\"panel-890-1-0-0\" class=\"so-panel widget widget_sow-editor panel-first-child panel-last-child\" data-index=\"1\" ><div\n\t\t\t\n\t\t\tclass=\"so-widget-sow-editor so-widget-sow-editor-base\"\n\t\t\t\n\t\t>\n<div class=\"siteorigin-widget-tinymce textwidget\">\n\t<div><span style=\"color: #ff0000; font-size: 14pt;\"><strong>Overdentures:<\/strong><\/span><\/div>\n<div><\/div>\n<div><span style=\"font-size: 14pt;\">- Instala\u00e7\u00e3o de implantes<\/span><\/div>\n<div><a href=\"https:\/\/wp.me\/Pau6CR-nw\"><span style=\"font-size: 14pt;\">- O'rings - Captura dos attachments<\/span><\/a><\/div>\n<div><span style=\"font-size: 14pt;\"><a href=\"https:\/\/wp.me\/Pau6CR-nG\">- Barra-clipe: Moldagem de trabalho para confec\u00e7\u00e3o da barra<\/a><br \/>\n<\/span><\/div>\n<div><a href=\"https:\/\/wp.me\/Pau6CR-nC\"><span style=\"font-size: 14pt;\">- Barra-clipe: Captura do clipe<\/span><\/a><\/div>\n<\/div>\n<\/div><\/div><\/div><\/div><div id=\"pg-890-2\"  class=\"panel-grid panel-no-style\" ><div id=\"pgc-890-2-0\"  class=\"panel-grid-cell\" ><div id=\"panel-890-2-0-0\" class=\"so-panel widget widget_sow-editor panel-first-child panel-last-child\" data-index=\"2\" ><div\n\t\t\t\n\t\t\tclass=\"so-widget-sow-editor so-widget-sow-editor-base\"\n\t\t\t\n\t\t>\n<div class=\"siteorigin-widget-tinymce textwidget\">\n\t<div style=\"text-align: center;\"><span style=\"font-size: 18pt;\"><strong>Tipos de implantes<\/strong><\/span><\/div>\n<div><\/div>\n<div><span style=\"font-family: georgia, palatino, serif; font-size: 14pt;\"><strong>Diferentes geometrias e sistemas de conex\u00e3o prot\u00e9tica<\/strong><\/span><\/div>\n<div><\/div>\n<div class=\"ot1jtd\"><span style=\"font-family: georgia, palatino, serif; font-size: 14pt;\">\n<!-- iframe plugin v.6.0 wordpress.org\/plugins\/iframe\/ -->\n<iframe loading=\"lazy\" title=\"implant connections\" frameborder=\"0\" 0=\"allowfullscreen\" mozallowfullscreen=\"true\" webkitallowfullscreen=\"true\" allow=\"autoplay; fullscreen; xr-spatial-tracking\" 1=\"xr-spatial-tracking\" 2=\"execution-while-out-of-viewport\" 3=\"execution-while-not-rendered\" 4=\"web-share\" src=\"https:\/\/sketchfab.com\/models\/a708158edf1d4718a52e1682e318ae37\/embed\" width=\"100%\" height=\"500\" scrolling=\"yes\" class=\"iframe-class\"><\/iframe>\n<\/span><\/div>\n<\/div>\n<\/div><\/div><\/div><\/div><div id=\"pg-890-3\"  class=\"panel-grid panel-no-style\" ><div id=\"pgc-890-3-0\"  class=\"panel-grid-cell\" ><div id=\"panel-890-3-0-0\" class=\"so-panel widget widget_sow-editor panel-first-child panel-last-child\" data-index=\"3\" ><div\n\t\t\t\n\t\t\tclass=\"so-widget-sow-editor so-widget-sow-editor-base\"\n\t\t\t\n\t\t>\n<div class=\"siteorigin-widget-tinymce textwidget\">\n\t<div style=\"text-align: center;\"><span style=\"font-size: 18pt;\"><strong>Conex\u00f5es prot\u00e9ticas<\/strong><\/span><\/div>\n<div><\/div>\n<div>\n<div><span style=\"font-family: georgia, palatino, serif; font-size: 14pt;\"><strong>Conex\u00f5es prot\u00e9ticas - Vista seccionada<\/strong><\/span><\/div>\n<div><\/div>\n<div class=\"ot1jtd\"><span style=\"font-family: georgia, palatino, serif; font-size: 14pt;\">\n<!-- iframe plugin v.6.0 wordpress.org\/plugins\/iframe\/ -->\n<iframe loading=\"lazy\" title=\"implant connections_slice\" frameborder=\"0\" 0=\"allowfullscreen\" mozallowfullscreen=\"true\" webkitallowfullscreen=\"true\" allow=\"autoplay; fullscreen; xr-spatial-tracking\" 1=\"xr-spatial-tracking\" 2=\"execution-while-out-of-viewport\" 3=\"execution-while-not-rendered\" 4=\"web-share\" src=\"https:\/\/sketchfab.com\/models\/2a9e5d36625f41899bce86b06d563cb1\/embed\" width=\"100%\" height=\"500\" scrolling=\"yes\" class=\"iframe-class\"><\/iframe>\n<\/span><\/div>\n<\/div>\n<div><\/div>\n<div><\/div>\n<\/div>\n<\/div><\/div><\/div><\/div><div id=\"pg-890-4\"  class=\"panel-grid panel-no-style\" ><div id=\"pgc-890-4-0\"  class=\"panel-grid-cell\" ><div id=\"panel-890-4-0-0\" class=\"so-panel widget widget_sow-editor panel-first-child panel-last-child\" data-index=\"4\" ><div\n\t\t\t\n\t\t\tclass=\"so-widget-sow-editor so-widget-sow-editor-base\"\n\t\t\t\n\t\t>\n<div class=\"siteorigin-widget-tinymce textwidget\">\n\t<div style=\"text-align: center;\" data-mce-style=\"text-align: center;\"><span style=\"font-size: 18pt;\" data-mce-style=\"font-size: 18pt;\"><strong>Tipos de pr\u00f3tese<\/strong><\/span><\/div>\n<div><\/div>\n<div><span style=\"font-family: georgia, palatino, serif; font-size: 14pt;\" data-mce-style=\"font-family: georgia, palatino, serif; font-size: 14pt;\"><strong>Pr\u00f3teses parafusadas<\/strong><\/span><\/div>\n<div><\/div>\n<div class=\"ot1jtd\"><span style=\"font-size: 14pt; font-family: georgia, palatino, serif;\" data-mce-style=\"font-size: 14pt; font-family: georgia, palatino, serif;\">\n<!-- iframe plugin v.6.0 wordpress.org\/plugins\/iframe\/ -->\n<iframe loading=\"lazy\" title=\"screwed\" frameborder=\"0\" 0=\"allowfullscreen\" mozallowfullscreen=\"true\" webkitallowfullscreen=\"true\" allow=\"autoplay; fullscreen; xr-spatial-tracking\" 1=\"xr-spatial-tracking\" 2=\"execution-while-out-of-viewport\" 3=\"execution-while-not-rendered\" 4=\"web-share\" src=\"https:\/\/sketchfab.com\/models\/f790386f17eb4dcf84965f415a2c2596\/embed\" width=\"100%\" height=\"500\" scrolling=\"yes\" class=\"iframe-class\"><\/iframe>\n<\/span><\/div>\n<div><\/div>\n<div>\n<hr \/>\n<\/div>\n<div><\/div>\n<div>\n<div><span style=\"font-family: georgia, palatino, serif; font-size: 14pt;\" data-mce-style=\"font-family: georgia, palatino, serif; font-size: 14pt;\"><strong>Pr\u00f3teses cimentadas<br \/><\/strong><\/span><\/div>\n<div><\/div>\n<div class=\"ot1jtd\"><span style=\"font-family: georgia, palatino, serif; font-size: 14pt;\" data-mce-style=\"font-family: georgia, palatino, serif; font-size: 14pt;\">\n<!-- iframe plugin v.6.0 wordpress.org\/plugins\/iframe\/ -->\n<iframe loading=\"lazy\" title=\"Implant prosthesis - Cemented\" frameborder=\"0\" 0=\"allowfullscreen\" mozallowfullscreen=\"true\" webkitallowfullscreen=\"true\" allow=\"autoplay; fullscreen; xr-spatial-tracking\" 1=\"xr-spatial-tracking\" 2=\"execution-while-out-of-viewport\" 3=\"execution-while-not-rendered\" 4=\"web-share\" src=\"https:\/\/sketchfab.com\/models\/6d793faede4940b696b3dd7b71727b50\/embed\" width=\"100%\" height=\"500\" scrolling=\"yes\" class=\"iframe-class\"><\/iframe>\n<\/span><\/div>\n<\/div>\n<div><\/div>\n<div><\/div>\n<\/div>\n<\/div><\/div><\/div><\/div><div id=\"pg-890-5\"  class=\"panel-grid panel-no-style\" ><div id=\"pgc-890-5-0\"  class=\"panel-grid-cell\" ><div id=\"panel-890-5-0-0\" class=\"so-panel widget widget_sow-editor panel-first-child panel-last-child\" data-index=\"5\" ><div\n\t\t\t\n\t\t\tclass=\"so-widget-sow-editor so-widget-sow-editor-base\"\n\t\t\t\n\t\t>\n<div class=\"siteorigin-widget-tinymce textwidget\">\n\t<p><span style=\"font-size: 14pt;\"><strong>CAT\u00c1LOGO VIRTUAL DE SISTEMAS DE IMPLANTES<\/strong><\/span><\/p>\n<p><span style=\"font-size: 14pt;\"><span style=\"color: #ff0000;\">ESTA SE\u00c7\u00c3O EST\u00c1 SENDO ATUALIZADA.<\/span> <\/span><\/p>\n<p>&nbsp;<\/p>\n<p><strong><span style=\"color: #ff0000;\">*IMPORTANTE<\/span>:<\/strong> OS MODELOS 3D APRESENTADOS NESTE SITE FORAM CRIADOS COM DADOS APROXIMADOS E PODEM N\u00c3O REPRESENTAR GEOMETRIA EXATA DOS PRODUTOS.<\/p>\n<p><strong><span style=\"color: #ff0000;\">**IMPORTANTE<\/span>:<\/strong> N\u00c3O H\u00c1 QUALQUER RELA\u00c7\u00c3O COMERCIAL ENTRE O SITE E AS EMPRESAS MENCIONADAS.<\/p>\n<\/div>\n<\/div><\/div><\/div><\/div><\/div>","protected":false},"excerpt":{"rendered":"<p>Procedimentos &#8211; Fresagem &#8211; Instala\u00e7\u00e3o de implantes &#8211; Reabertura e instala\u00e7\u00e3o de cicatrizador &#8211; Moldagem de implantes &#8211; Modelos de trabalho &#8211; Provis\u00f3rio direto no implante &#8211; Munh\u00e3o PEEK &#8211; Sele\u00e7\u00e3o de altura de componentes Pr\u00f3tese cimentada: \u00a0 &#8211; Instala\u00e7\u00e3o do componente ciment\u00e1vel &#8211; Provis\u00f3rio e condicionamento tecidual &#8211; Individualiza\u00e7\u00e3o de transferente &#8211; Moldagem para [&hellip;]<\/p>\n","protected":false},"author":1038,"featured_media":0,"parent":10,"menu_order":0,"comment_status":"closed","ping_status":"closed","template":"","meta":{"jetpack_post_was_ever_published":false,"footnotes":""},"class_list":["post-890","page","type-page","status-publish","hentry"],"jetpack_sharing_enabled":true,"jetpack_shortlink":"https:\/\/wp.me\/Pau6CR-em","jetpack-related-posts":[],"_links":{"self":[{"href":"https:\/\/wp.ufpel.edu.br\/projetoimplantes\/wp-json\/wp\/v2\/pages\/890","targetHints":{"allow":["GET"]}}],"collection":[{"href":"https:\/\/wp.ufpel.edu.br\/projetoimplantes\/wp-json\/wp\/v2\/pages"}],"about":[{"href":"https:\/\/wp.ufpel.edu.br\/projetoimplantes\/wp-json\/wp\/v2\/types\/page"}],"author":[{"embeddable":true,"href":"https:\/\/wp.ufpel.edu.br\/projetoimplantes\/wp-json\/wp\/v2\/users\/1038"}],"replies":[{"embeddable":true,"href":"https:\/\/wp.ufpel.edu.br\/projetoimplantes\/wp-json\/wp\/v2\/comments?post=890"}],"version-history":[{"count":88,"href":"https:\/\/wp.ufpel.edu.br\/projetoimplantes\/wp-json\/wp\/v2\/pages\/890\/revisions"}],"predecessor-version":[{"id":1470,"href":"https:\/\/wp.ufpel.edu.br\/projetoimplantes\/wp-json\/wp\/v2\/pages\/890\/revisions\/1470"}],"up":[{"embeddable":true,"href":"https:\/\/wp.ufpel.edu.br\/projetoimplantes\/wp-json\/wp\/v2\/pages\/10"}],"wp:attachment":[{"href":"https:\/\/wp.ufpel.edu.br\/projetoimplantes\/wp-json\/wp\/v2\/media?parent=890"}],"curies":[{"name":"wp","href":"https:\/\/api.w.org\/{rel}","templated":true}]}}