{"id":342,"date":"2018-12-06T18:13:09","date_gmt":"2018-12-06T20:13:09","guid":{"rendered":"https:\/\/wp.ufpel.edu.br\/projetoimplantes\/?page_id=342"},"modified":"2024-09-10T19:46:37","modified_gmt":"2024-09-10T22:46:37","slug":"equipe","status":"publish","type":"page","link":"https:\/\/wp.ufpel.edu.br\/projetoimplantes\/equipe\/","title":{"rendered":"Equipe"},"content":{"rendered":"<div id=\"pl-342\"  class=\"panel-layout\" ><div id=\"pg-342-0\"  class=\"panel-grid panel-no-style\" ><div id=\"pgc-342-0-0\"  class=\"panel-grid-cell\" ><div id=\"panel-342-0-0-0\" class=\"so-panel widget widget_sow-image panel-first-child\" data-index=\"0\" ><div\n\t\t\t\n\t\t\tclass=\"so-widget-sow-image so-widget-sow-image-default-8b5b6f678277-342\"\n\t\t\t\n\t\t><h3 class=\"widget-title\">Semestre Letivo 2020-1<\/h3>\n<div class=\"sow-image-container\">\n\t\t<img \n\tsrc=\"https:\/\/wp.ufpel.edu.br\/projetoimplantes\/files\/2020\/05\/2020_1-e1590676191748.jpg\" width=\"1280\" height=\"742\" srcset=\"https:\/\/wp.ufpel.edu.br\/projetoimplantes\/files\/2020\/05\/2020_1-e1590676191748.jpg 1280w, https:\/\/wp.ufpel.edu.br\/projetoimplantes\/files\/2020\/05\/2020_1-e1590676191748-400x232.jpg 400w, https:\/\/wp.ufpel.edu.br\/projetoimplantes\/files\/2020\/05\/2020_1-e1590676191748-1024x594.jpg 1024w, https:\/\/wp.ufpel.edu.br\/projetoimplantes\/files\/2020\/05\/2020_1-e1590676191748-768x445.jpg 768w, https:\/\/wp.ufpel.edu.br\/projetoimplantes\/files\/2020\/05\/2020_1-e1590676191748-619x359.jpg 619w\" sizes=\"(max-width: 1280px) 100vw, 1280px\" title=\"Semestre Letivo 2020-1\" alt=\"Churrasco de Confraterniza\u00e7\u00e3o - Dez. 2019\" \t\tclass=\"so-widget-image\"\/>\n\t<\/div>\n\n<\/div><\/div><div id=\"panel-342-0-0-1\" class=\"so-panel widget widget_sow-editor\" data-index=\"1\" ><div\n\t\t\t\n\t\t\tclass=\"so-widget-sow-editor so-widget-sow-editor-base\"\n\t\t\t\n\t\t>\n<div class=\"siteorigin-widget-tinymce textwidget\">\n\t<p><span style=\"font-family: arial, helvetica, sans-serif; font-size: 12pt;\"><strong>Docentes<\/strong><\/span><\/p>\n<p>Prof. Dr. <a href=\"https:\/\/wp.ufpel.edu.br\/ppgo\/docentes\/mateus\/\">Mateus Bertolini Fernandes dos Santos<\/a><\/p>\n<p>Coordenador<\/p>\n<p>&nbsp;<\/p>\n<p>Prof. Dr. <a href=\"https:\/\/wp.ufpel.edu.br\/ppgo\/docentes\/cesare\/\">C\u00e9sar Dalmolin Bergoli\u00a0<\/a><\/p>\n<p>Coordenador Adjunto<\/p>\n<\/div>\n<\/div><\/div><div id=\"panel-342-0-0-2\" class=\"so-panel widget widget_sow-editor\" data-index=\"2\" ><div\n\t\t\t\n\t\t\tclass=\"so-widget-sow-editor so-widget-sow-editor-base\"\n\t\t\t\n\t\t>\n<div class=\"siteorigin-widget-tinymce textwidget\">\n\t<p><span style=\"font-family: arial, helvetica, sans-serif; font-size: 12pt;\"><strong>Discentes de Gradua\u00e7\u00e3o<\/strong><\/span><\/p>\n<table style=\"width: 352px;\" border=\"1\" cellspacing=\"0\" cellpadding=\"1\">\n<tbody>\n<tr>\n<td style=\"width: 352px;\" colspan=\"2\">\n<p class=\"Tabela_Texto_Alinhado_Esquerda\">\u00c2ndrea Pires Daneris<\/p>\n<\/td>\n<\/tr>\n<tr>\n<td style=\"width: 352px;\" colspan=\"2\">\n<p class=\"Tabela_Texto_Alinhado_Esquerda\">Ant\u00f4nio Marcos Duarte<\/p>\n<\/td>\n<\/tr>\n<tr>\n<td style=\"width: 352px;\" colspan=\"2\">\n<p class=\"Tabela_Texto_Alinhado_Esquerda\">Arthur Pretto<\/p>\n<\/td>\n<\/tr>\n<tr>\n<td style=\"width: 352px;\" colspan=\"2\">\n<p class=\"Tabela_Texto_Alinhado_Esquerda\">Bruna Z Gomes<\/p>\n<\/td>\n<\/tr>\n<tr>\n<td style=\"width: 352px;\" colspan=\"2\">\n<p class=\"Tabela_Texto_Alinhado_Esquerda\">Bruno Martins<\/p>\n<\/td>\n<\/tr>\n<tr>\n<td style=\"width: 352px;\" colspan=\"2\">\n<p class=\"Tabela_Texto_Alinhado_Esquerda\">Felipe Islab\u00e3o<\/p>\n<\/td>\n<\/tr>\n<tr>\n<td style=\"width: 352px;\" colspan=\"2\">\n<p class=\"Tabela_Texto_Alinhado_Esquerda\">Felipe Kravchenko<\/p>\n<\/td>\n<\/tr>\n<tr>\n<td style=\"width: 352px;\" colspan=\"2\">\n<p class=\"Tabela_Texto_Alinhado_Esquerda\">Gabrielle Cardoso<\/p>\n<\/td>\n<\/tr>\n<tr>\n<td style=\"width: 352px;\" colspan=\"2\">\n<p class=\"Tabela_Texto_Alinhado_Esquerda\">Isabela Steinbruch<\/p>\n<\/td>\n<\/tr>\n<tr>\n<td style=\"width: 352px;\" colspan=\"2\">\n<p class=\"Tabela_Texto_Alinhado_Esquerda\">Jessia Bosenbecker<\/p>\n<\/td>\n<\/tr>\n<tr>\n<td style=\"width: 352px;\" colspan=\"2\">\n<p class=\"Tabela_Texto_Alinhado_Esquerda\">Julia Longaray<\/p>\n<\/td>\n<\/tr>\n<tr>\n<td style=\"width: 352px;\" colspan=\"2\">\n<p class=\"Tabela_Texto_Alinhado_Esquerda\">Julia Pereira<\/p>\n<\/td>\n<\/tr>\n<tr>\n<td style=\"width: 352px;\" colspan=\"2\">\n<p class=\"Tabela_Texto_Alinhado_Esquerda\">Nelson Soares<\/p>\n<\/td>\n<\/tr>\n<tr>\n<td style=\"width: 352px;\" colspan=\"2\">\n<p class=\"Tabela_Texto_Alinhado_Esquerda\">Rafael \u00c1vila<\/p>\n<\/td>\n<\/tr>\n<tr>\n<td style=\"width: 352px;\" colspan=\"2\">\n<p class=\"Tabela_Texto_Alinhado_Esquerda\">Victor Moraes<\/p>\n<\/td>\n<\/tr>\n<\/tbody>\n<\/table>\n<p>&nbsp;<\/p>\n<\/div>\n<\/div><\/div><div id=\"panel-342-0-0-3\" class=\"so-panel widget widget_sow-editor\" data-index=\"3\" ><div\n\t\t\t\n\t\t\tclass=\"so-widget-sow-editor so-widget-sow-editor-base\"\n\t\t\t\n\t\t>\n<div class=\"siteorigin-widget-tinymce textwidget\">\n\t<p><span style=\"font-family: arial, helvetica, sans-serif; font-size: 12pt;\"><strong>Discentes de P\u00f3s-Gradua\u00e7\u00e3o<\/strong><\/span><\/p>\n<table style=\"width: 352px;\" border=\"1\" cellspacing=\"0\" cellpadding=\"1\">\n<tbody>\n<tr>\n<td style=\"width: 352px;\" colspan=\"2\">\n<p class=\"Tabela_Texto_Alinhado_Esquerda\">Alejandro Elizalde Hernandez<\/p>\n<\/td>\n<\/tr>\n<tr>\n<td style=\"width: 352px;\" colspan=\"2\">\n<p class=\"Tabela_Texto_Alinhado_Esquerda\">Eduarda Perazzo<\/p>\n<\/td>\n<\/tr>\n<tr>\n<td style=\"width: 352px;\" colspan=\"2\">\n<p class=\"Tabela_Texto_Alinhado_Esquerda\">Julia Sedrez<\/p>\n<\/td>\n<\/tr>\n<tr>\n<td style=\"width: 352px;\" colspan=\"2\">\n<p class=\"Tabela_Texto_Alinhado_Esquerda\">Filippe Lima<\/p>\n<\/td>\n<\/tr>\n<tr>\n<td style=\"width: 352px;\" colspan=\"2\">\n<p class=\"Tabela_Texto_Alinhado_Esquerda\">Roberto Symch<\/p>\n<\/td>\n<\/tr>\n<tr>\n<td style=\"width: 352px;\" colspan=\"2\">\n<p class=\"Tabela_Texto_Alinhado_Esquerda\">Pedro Paula Almeida<\/p>\n<\/td>\n<\/tr>\n<tr>\n<td colspan=\"2\">\n<p class=\"Tabela_Texto_Alinhado_Esquerda\">Humberto Baca<\/p>\n<\/td>\n<\/tr>\n<tr>\n<td colspan=\"2\">Indyara Cerutti<\/td>\n<\/tr>\n<tr>\n<td style=\"width: 352px;\" colspan=\"2\">Gabriela Cardoso<\/td>\n<\/tr>\n<\/tbody>\n<\/table>\n<\/div>\n<\/div><\/div><div id=\"panel-342-0-0-4\" class=\"so-panel widget widget_sow-image\" data-index=\"4\" ><div\n\t\t\t\n\t\t\tclass=\"so-widget-sow-image so-widget-sow-image-default-8b5b6f678277-342\"\n\t\t\t\n\t\t><h3 class=\"widget-title\">Churrasco de Confraterniza\u00e7\u00e3o - Dez 2023<\/h3>\n<div class=\"sow-image-container\">\n\t\t<img \n\tsrc=\"https:\/\/wp.ufpel.edu.br\/projetoimplantes\/files\/2024\/09\/WhatsApp-Image-2024-09-10-at-19.45.01.jpeg\" width=\"1170\" height=\"983\" srcset=\"https:\/\/wp.ufpel.edu.br\/projetoimplantes\/files\/2024\/09\/WhatsApp-Image-2024-09-10-at-19.45.01.jpeg 1170w, https:\/\/wp.ufpel.edu.br\/projetoimplantes\/files\/2024\/09\/WhatsApp-Image-2024-09-10-at-19.45.01-400x336.jpeg 400w, https:\/\/wp.ufpel.edu.br\/projetoimplantes\/files\/2024\/09\/WhatsApp-Image-2024-09-10-at-19.45.01-1024x860.jpeg 1024w, https:\/\/wp.ufpel.edu.br\/projetoimplantes\/files\/2024\/09\/WhatsApp-Image-2024-09-10-at-19.45.01-768x645.jpeg 768w, https:\/\/wp.ufpel.edu.br\/projetoimplantes\/files\/2024\/09\/WhatsApp-Image-2024-09-10-at-19.45.01-619x520.jpeg 619w\" sizes=\"(max-width: 1170px) 100vw, 1170px\" title=\"Churrasco de Confraterniza\u00e7\u00e3o - Dez 2023\" alt=\"Churrasco de Confraterniza\u00e7\u00e3o - Dez 2023\" \t\tclass=\"so-widget-image\"\/>\n\t<\/div>\n\n<\/div><\/div><div id=\"panel-342-0-0-5\" class=\"so-panel widget widget_sow-image\" data-index=\"5\" ><div\n\t\t\t\n\t\t\tclass=\"so-widget-sow-image so-widget-sow-image-default-8b5b6f678277-342\"\n\t\t\t\n\t\t><h3 class=\"widget-title\">Churrasco de Confraterniza\u00e7\u00e3o - Dez. 2019<\/h3>\n<div class=\"sow-image-container\">\n\t\t<img \n\tsrc=\"https:\/\/wp.ufpel.edu.br\/projetoimplantes\/files\/2019\/11\/churrasco-2019-2.jpg\" width=\"1280\" height=\"960\" srcset=\"https:\/\/wp.ufpel.edu.br\/projetoimplantes\/files\/2019\/11\/churrasco-2019-2.jpg 1280w, https:\/\/wp.ufpel.edu.br\/projetoimplantes\/files\/2019\/11\/churrasco-2019-2-400x300.jpg 400w, https:\/\/wp.ufpel.edu.br\/projetoimplantes\/files\/2019\/11\/churrasco-2019-2-1024x768.jpg 1024w, https:\/\/wp.ufpel.edu.br\/projetoimplantes\/files\/2019\/11\/churrasco-2019-2-768x576.jpg 768w, https:\/\/wp.ufpel.edu.br\/projetoimplantes\/files\/2019\/11\/churrasco-2019-2-619x464.jpg 619w\" sizes=\"(max-width: 1280px) 100vw, 1280px\" title=\"Churrasco de Confraterniza\u00e7\u00e3o - Dez. 2019\" alt=\"Churrasco de Confraterniza\u00e7\u00e3o - Dez. 2019\" \t\tclass=\"so-widget-image\"\/>\n\t<\/div>\n\n<\/div><\/div><div id=\"panel-342-0-0-6\" class=\"so-panel widget widget_sow-image\" data-index=\"6\" ><div\n\t\t\t\n\t\t\tclass=\"so-widget-sow-image so-widget-sow-image-default-8b5b6f678277-342\"\n\t\t\t\n\t\t><h3 class=\"widget-title\">Churrasco de Confraterniza\u00e7\u00e3o - Jul. 2019<\/h3>\n<div class=\"sow-image-container\">\n\t\t<img \n\tsrc=\"https:\/\/wp.ufpel.edu.br\/projetoimplantes\/files\/2019\/07\/Churras-Julho_2019-e1563191012579.jpeg\" width=\"1123\" height=\"748\" srcset=\"https:\/\/wp.ufpel.edu.br\/projetoimplantes\/files\/2019\/07\/Churras-Julho_2019-e1563191012579.jpeg 1123w, https:\/\/wp.ufpel.edu.br\/projetoimplantes\/files\/2019\/07\/Churras-Julho_2019-e1563191012579-400x266.jpeg 400w, https:\/\/wp.ufpel.edu.br\/projetoimplantes\/files\/2019\/07\/Churras-Julho_2019-e1563191012579-768x512.jpeg 768w, https:\/\/wp.ufpel.edu.br\/projetoimplantes\/files\/2019\/07\/Churras-Julho_2019-e1563191012579-1024x682.jpeg 1024w, https:\/\/wp.ufpel.edu.br\/projetoimplantes\/files\/2019\/07\/Churras-Julho_2019-e1563191012579-619x412.jpeg 619w, https:\/\/wp.ufpel.edu.br\/projetoimplantes\/files\/2019\/07\/Churras-Julho_2019-e1563191012579-272x182.jpeg 272w\" sizes=\"(max-width: 1123px) 100vw, 1123px\" title=\"Churrasco de Confraterniza\u00e7\u00e3o - Jul. 2019\" alt=\"Churrasco de Confraterniza\u00e7\u00e3o - Jul. 2019\" \t\tclass=\"so-widget-image\"\/>\n\t<\/div>\n\n<\/div><\/div><div id=\"panel-342-0-0-7\" class=\"so-panel widget widget_sow-image panel-last-child\" data-index=\"7\" ><div\n\t\t\t\n\t\t\tclass=\"so-widget-sow-image so-widget-sow-image-default-8b5b6f678277-342\"\n\t\t\t\n\t\t><h3 class=\"widget-title\">Churrasco de confraterniza\u00e7\u00e3o - Dez. 2018<\/h3>\n<div class=\"sow-image-container\">\n\t\t<img \n\tsrc=\"https:\/\/wp.ufpel.edu.br\/projetoimplantes\/files\/2018\/12\/20181212_223156.jpg\" width=\"2725\" height=\"1743\" srcset=\"https:\/\/wp.ufpel.edu.br\/projetoimplantes\/files\/2018\/12\/20181212_223156.jpg 2725w, https:\/\/wp.ufpel.edu.br\/projetoimplantes\/files\/2018\/12\/20181212_223156-400x256.jpg 400w, https:\/\/wp.ufpel.edu.br\/projetoimplantes\/files\/2018\/12\/20181212_223156-768x491.jpg 768w, https:\/\/wp.ufpel.edu.br\/projetoimplantes\/files\/2018\/12\/20181212_223156-1024x655.jpg 1024w, https:\/\/wp.ufpel.edu.br\/projetoimplantes\/files\/2018\/12\/20181212_223156-619x396.jpg 619w\" sizes=\"(max-width: 2725px) 100vw, 2725px\" title=\"Churrasco de confraterniza\u00e7\u00e3o - Dez. 2018\" alt=\"Churrasco de confraterniza\u00e7\u00e3o - Dez. 2018\" \t\tclass=\"so-widget-image\"\/>\n\t<\/div>\n\n<\/div><\/div><\/div><\/div><\/div>","protected":false},"excerpt":{"rendered":"<p>Docentes Prof. Dr. Mateus Bertolini Fernandes dos Santos Coordenador &nbsp; Prof. Dr. C\u00e9sar Dalmolin Bergoli\u00a0 Coordenador Adjunto Discentes de Gradua\u00e7\u00e3o \u00c2ndrea Pires Daneris Ant\u00f4nio Marcos Duarte Arthur Pretto Bruna Z Gomes Bruno Martins Felipe Islab\u00e3o Felipe Kravchenko Gabrielle Cardoso Isabela Steinbruch Jessia Bosenbecker Julia Longaray Julia Pereira Nelson Soares Rafael \u00c1vila Victor Moraes &nbsp; Discentes [&hellip;]<\/p>\n","protected":false},"author":511,"featured_media":0,"parent":0,"menu_order":0,"comment_status":"closed","ping_status":"closed","template":"","meta":{"jetpack_post_was_ever_published":false,"footnotes":""},"class_list":["post-342","page","type-page","status-publish","hentry"],"jetpack_sharing_enabled":true,"jetpack_shortlink":"https:\/\/wp.me\/Pau6CR-5w","jetpack-related-posts":[],"_links":{"self":[{"href":"https:\/\/wp.ufpel.edu.br\/projetoimplantes\/wp-json\/wp\/v2\/pages\/342","targetHints":{"allow":["GET"]}}],"collection":[{"href":"https:\/\/wp.ufpel.edu.br\/projetoimplantes\/wp-json\/wp\/v2\/pages"}],"about":[{"href":"https:\/\/wp.ufpel.edu.br\/projetoimplantes\/wp-json\/wp\/v2\/types\/page"}],"author":[{"embeddable":true,"href":"https:\/\/wp.ufpel.edu.br\/projetoimplantes\/wp-json\/wp\/v2\/users\/511"}],"replies":[{"embeddable":true,"href":"https:\/\/wp.ufpel.edu.br\/projetoimplantes\/wp-json\/wp\/v2\/comments?post=342"}],"version-history":[{"count":33,"href":"https:\/\/wp.ufpel.edu.br\/projetoimplantes\/wp-json\/wp\/v2\/pages\/342\/revisions"}],"predecessor-version":[{"id":1668,"href":"https:\/\/wp.ufpel.edu.br\/projetoimplantes\/wp-json\/wp\/v2\/pages\/342\/revisions\/1668"}],"wp:attachment":[{"href":"https:\/\/wp.ufpel.edu.br\/projetoimplantes\/wp-json\/wp\/v2\/media?parent=342"}],"curies":[{"name":"wp","href":"https:\/\/api.w.org\/{rel}","templated":true}]}}