{"id":1501,"date":"2023-02-08T08:45:58","date_gmt":"2023-02-08T11:45:58","guid":{"rendered":"https:\/\/wp.ufpel.edu.br\/projetoimplantes\/?page_id=1501"},"modified":"2023-04-05T16:13:42","modified_gmt":"2023-04-05T19:13:42","slug":"intranet","status":"publish","type":"page","link":"https:\/\/wp.ufpel.edu.br\/projetoimplantes\/intranet\/","title":{"rendered":"Intranet"},"content":{"rendered":"<p style=\"text-align: justify;\"><strong><span style=\"color: #ff0000;\">ATEN\u00c7\u00c3O:<\/span> <\/strong>OS DADOS DAS P\u00c1GINAS INTRANET S\u00c3O CONFIDENCIAIS E FAZEM PARTE DE PESQUISAS\/PRESTA\u00c7\u00c3O DE SERVI\u00c7OS E EST\u00c3O SOB PROTE\u00c7\u00c3O DA LEI GERAL DE PROTE\u00c7\u00c3O DE DADOS (LGPD), N\u00c3O SENDO PERMITIDA SUA DIVULGA\u00c7\u00c3O OU COMPARTILHAMENTO EM PARTE OU EM SUA TOTALIDADE.<\/p>\n<p>&nbsp;<\/p>\n<p><strong>N\u00c3O COMPARTILHE SENHAS COM PESSOAS N\u00c3O AUTORIZADAS<span style=\"font-size: 14pt;\">!<\/span><\/strong><\/p>\n<ul>\n<li><span style=\"font-size: 14pt;\"><a href=\"https:\/\/wp.me\/Pau6CR-49\">Incluir paciente na fila de espera<\/a><\/span><\/li>\n<li><a href=\"https:\/\/wp.me\/Pau6CR-ok\"><span style=\"font-size: 14pt;\">Lista de espera, pacientes em atendimento, aguardando a osseointegra\u00e7\u00e3o e desist\u00eancias<\/span><\/a><\/li>\n<li><span style=\"font-size: 14pt;\"><a href=\"https:\/\/wp.me\/Pau6CR-o7\">Dados de pacientes j\u00e1 atendidos e\/ou finalizados<\/a><\/span><\/li>\n<li><a href=\"https:\/\/wp.me\/Pau6CR-oR\"><span style=\"font-size: 14pt;\">Estat\u00edsticas do projeto <\/span><\/a><\/li>\n<\/ul>\n<p>&nbsp;<\/p>\n","protected":false},"excerpt":{"rendered":"<p>ATEN\u00c7\u00c3O: OS DADOS DAS P\u00c1GINAS INTRANET S\u00c3O CONFIDENCIAIS E FAZEM PARTE DE PESQUISAS\/PRESTA\u00c7\u00c3O DE SERVI\u00c7OS E EST\u00c3O SOB PROTE\u00c7\u00c3O DA LEI GERAL DE PROTE\u00c7\u00c3O DE DADOS (LGPD), N\u00c3O SENDO PERMITIDA SUA DIVULGA\u00c7\u00c3O OU COMPARTILHAMENTO EM PARTE OU EM SUA TOTALIDADE. &nbsp; N\u00c3O COMPARTILHE SENHAS COM PESSOAS N\u00c3O AUTORIZADAS! Incluir paciente na fila de espera Lista [&hellip;]<\/p>\n","protected":false},"author":1038,"featured_media":0,"parent":0,"menu_order":0,"comment_status":"closed","ping_status":"closed","template":"","meta":{"jetpack_post_was_ever_published":false,"footnotes":""},"class_list":["post-1501","page","type-page","status-publish","hentry"],"jetpack_sharing_enabled":true,"jetpack_shortlink":"https:\/\/wp.me\/Pau6CR-od","jetpack-related-posts":[],"_links":{"self":[{"href":"https:\/\/wp.ufpel.edu.br\/projetoimplantes\/wp-json\/wp\/v2\/pages\/1501","targetHints":{"allow":["GET"]}}],"collection":[{"href":"https:\/\/wp.ufpel.edu.br\/projetoimplantes\/wp-json\/wp\/v2\/pages"}],"about":[{"href":"https:\/\/wp.ufpel.edu.br\/projetoimplantes\/wp-json\/wp\/v2\/types\/page"}],"author":[{"embeddable":true,"href":"https:\/\/wp.ufpel.edu.br\/projetoimplantes\/wp-json\/wp\/v2\/users\/1038"}],"replies":[{"embeddable":true,"href":"https:\/\/wp.ufpel.edu.br\/projetoimplantes\/wp-json\/wp\/v2\/comments?post=1501"}],"version-history":[{"count":10,"href":"https:\/\/wp.ufpel.edu.br\/projetoimplantes\/wp-json\/wp\/v2\/pages\/1501\/revisions"}],"predecessor-version":[{"id":1514,"href":"https:\/\/wp.ufpel.edu.br\/projetoimplantes\/wp-json\/wp\/v2\/pages\/1501\/revisions\/1514"}],"wp:attachment":[{"href":"https:\/\/wp.ufpel.edu.br\/projetoimplantes\/wp-json\/wp\/v2\/media?parent=1501"}],"curies":[{"name":"wp","href":"https:\/\/api.w.org\/{rel}","templated":true}]}}