{"id":14,"date":"2018-11-27T09:14:43","date_gmt":"2018-11-27T11:14:43","guid":{"rendered":"https:\/\/wp.ufpel.edu.br\/projetoimplantes\/?page_id=14"},"modified":"2018-12-05T10:20:26","modified_gmt":"2018-12-05T12:20:26","slug":"extensao","status":"publish","type":"page","link":"https:\/\/wp.ufpel.edu.br\/projetoimplantes\/extensao\/","title":{"rendered":"Extens\u00e3o"},"content":{"rendered":"<div id=\"pl-14\"  class=\"panel-layout\" ><div id=\"pg-14-0\"  class=\"panel-grid panel-no-style\" ><div id=\"pgc-14-0-0\"  class=\"panel-grid-cell\" ><div id=\"panel-14-0-0-0\" class=\"so-panel widget widget_sow-editor panel-first-child panel-last-child\" data-index=\"0\" ><div\n\t\t\t\n\t\t\tclass=\"so-widget-sow-editor so-widget-sow-editor-base\"\n\t\t\t\n\t\t>\n<div class=\"siteorigin-widget-tinymce textwidget\">\n\t<div style=\"text-align: justify\"><span style=\"font-family: arial, helvetica, sans-serif;font-size: 12pt\"><\/span><\/div>\n<p style=\"text-align: justify\"><span style=\"font-family: arial, helvetica, sans-serif;font-size: 12pt\">O objetivo extensionista deste projeto \u00e9 \u00e9 o de proporcionar\u00a0<span style=\"font-family: arial, helvetica, sans-serif\">o atendimento da comunidade com um servi\u00e7o que n\u00e3o \u00e9 amplamente disponibilizado pela Universidade e nem pelo Sistema \u00danico de Sa\u00fade (SUS). Estes atendimentos s\u00e3o realizados por alunos de gradua\u00e7\u00e3o e p\u00f3s-gradua\u00e7\u00e3o que por sua vez tem a\u00a0<\/span><\/span><span style=\"font-family: arial, helvetica, sans-serif;font-size: 12pt\">possibilidade de contato em atividade pr\u00e1ticas com todos os procedimentos que envolvem a \u00e1rea da Implantodontia, sejam elas de car\u00e1ter cir\u00fargico ou prot\u00e9tico.<\/span><\/p>\n<\/div>\n<\/div><\/div><\/div><\/div><\/div>","protected":false},"excerpt":{"rendered":"<p>O objetivo extensionista deste projeto \u00e9 \u00e9 o de proporcionar\u00a0o atendimento da comunidade com um servi\u00e7o que n\u00e3o \u00e9 amplamente disponibilizado pela Universidade e nem pelo Sistema \u00danico de Sa\u00fade (SUS). Estes atendimentos s\u00e3o realizados por alunos de gradua\u00e7\u00e3o e p\u00f3s-gradua\u00e7\u00e3o que por sua vez tem a\u00a0possibilidade de contato em atividade pr\u00e1ticas com todos os [&hellip;]<\/p>\n","protected":false},"author":511,"featured_media":0,"parent":0,"menu_order":0,"comment_status":"closed","ping_status":"closed","template":"","meta":{"jetpack_post_was_ever_published":false,"footnotes":""},"class_list":["post-14","page","type-page","status-publish","hentry"],"jetpack_sharing_enabled":true,"jetpack_shortlink":"https:\/\/wp.me\/Pau6CR-e","jetpack-related-posts":[],"_links":{"self":[{"href":"https:\/\/wp.ufpel.edu.br\/projetoimplantes\/wp-json\/wp\/v2\/pages\/14","targetHints":{"allow":["GET"]}}],"collection":[{"href":"https:\/\/wp.ufpel.edu.br\/projetoimplantes\/wp-json\/wp\/v2\/pages"}],"about":[{"href":"https:\/\/wp.ufpel.edu.br\/projetoimplantes\/wp-json\/wp\/v2\/types\/page"}],"author":[{"embeddable":true,"href":"https:\/\/wp.ufpel.edu.br\/projetoimplantes\/wp-json\/wp\/v2\/users\/511"}],"replies":[{"embeddable":true,"href":"https:\/\/wp.ufpel.edu.br\/projetoimplantes\/wp-json\/wp\/v2\/comments?post=14"}],"version-history":[{"count":8,"href":"https:\/\/wp.ufpel.edu.br\/projetoimplantes\/wp-json\/wp\/v2\/pages\/14\/revisions"}],"predecessor-version":[{"id":238,"href":"https:\/\/wp.ufpel.edu.br\/projetoimplantes\/wp-json\/wp\/v2\/pages\/14\/revisions\/238"}],"wp:attachment":[{"href":"https:\/\/wp.ufpel.edu.br\/projetoimplantes\/wp-json\/wp\/v2\/media?parent=14"}],"curies":[{"name":"wp","href":"https:\/\/api.w.org\/{rel}","templated":true}]}}