{"id":901,"date":"2016-02-26T15:29:49","date_gmt":"2016-02-26T18:29:49","guid":{"rendered":"https:\/\/wp.ufpel.edu.br\/projetogama\/?page_id=901"},"modified":"2016-02-26T15:34:27","modified_gmt":"2016-02-26T18:34:27","slug":"objetivos-do-projeto","status":"publish","type":"page","link":"https:\/\/wp.ufpel.edu.br\/projetogama\/objetivos-do-projeto\/","title":{"rendered":"Objetivos do Projeto"},"content":{"rendered":"<p style=\"text-align: justify\"><strong>Objetivo Geral<\/strong><\/p>\n<p style=\"text-align: justify\">Este Projeto, apresenta basicamente dois objetivos:<\/p>\n<ul style=\"text-align: justify\">\n<li>o primeiro \u00e9 o de refor\u00e7ar os conhecimentos dos alunos participantes nos conte\u00fados de Matem\u00e1tica B\u00e1sica e C\u00e1lculo. Como consequ\u00eancia disso, pretendemos reduzir os \u00edndices de reprova\u00e7\u00e3o e evas\u00e3o dos alunos participantes do Projeto nas disciplinas de in\u00edcio de curso que envolvem matem\u00e1tica elementar;<\/li>\n<li>o segundo \u00e9 o de proporcionar aos acad\u00eamicos da UFPel, que atuam como bolsistas do Projeto, uma possibilidade de contato com a pr\u00e1tica docente, atrav\u00e9s do trabalho de monitoria neste projeto e, pensando na forma\u00e7\u00e3o continuada, aperfei\u00e7oar seus conhecimentos matem\u00e1ticos. Pois, acreditamos que \u00e9 fundamental que o bolsista (desempenhando o papel de professor naquele momento) tenha um conhecimento profundo dos conceitos trabalhados em matem\u00e1tica, para ser capaz de examinar as constru\u00e7\u00f5es matem\u00e1ticas que o estudante monitorado faz.<\/li>\n<\/ul>\n<p style=\"text-align: justify\">Em suma, objetivamos com este projeto complementar e solidificar a forma\u00e7\u00e3o dos alunos dos mais diversos cursos de gradua\u00e7\u00e3o da Universidade Federal de Pelotas.<\/p>\n<p><strong>\u00a0<\/strong><\/p>\n<p style=\"text-align: justify\"><strong>Objetivos Espec\u00edficos<\/strong><\/p>\n<p style=\"text-align: justify\">Como objetivos espec\u00edficos, t\u00eam-se:<\/p>\n<ul>\n<li style=\"text-align: justify\">refor\u00e7ar os conhecimentos matem\u00e1ticos dos alunos da UFPel, em especial alunos de Cursos de Ci\u00eancias Exatas e Engenharias.<\/li>\n<li style=\"text-align: justify\">oferecer Cursos Preparat\u00f3rios para o C\u00e1lculo para alunos da UFPel (prioritariamente os ingressantes naquele semestre) que possuam matem\u00e1tica em sua grade curricular;<\/li>\n<li style=\"text-align: justify\">oferecer Cursos espec\u00edficos ao longo do semestre relacionados \u00e0 matem\u00e1tica;<\/li>\n<li style=\"text-align: justify\">oferecer Cursos espec\u00edficos ao longo do semestre visando a forma\u00e7\u00e3o integral do aluno;<\/li>\n<li style=\"text-align: justify\">oportunizar aos bolsistas do projeto (acad\u00eamicos da UFPel em est\u00e1gios mais avan\u00e7ados de seus cursos) o contato com a pr\u00e1tica docente e aperfei\u00e7oar seus conhecimentos matem\u00e1ticos;<\/li>\n<li style=\"text-align: justify\">desenvolver trabalhos em equipe.<\/li>\n<\/ul>\n","protected":false},"excerpt":{"rendered":"<p>Objetivo Geral Este Projeto, apresenta basicamente dois objetivos: o primeiro \u00e9 o de refor\u00e7ar os conhecimentos dos alunos participantes nos conte\u00fados de Matem\u00e1tica B\u00e1sica e C\u00e1lculo. Como consequ\u00eancia disso, pretendemos reduzir os \u00edndices de reprova\u00e7\u00e3o e evas\u00e3o dos alunos participantes do Projeto nas disciplinas de in\u00edcio de curso que envolvem matem\u00e1tica elementar; o segundo \u00e9 [&hellip;]<\/p>\n","protected":false},"author":437,"featured_media":0,"parent":0,"menu_order":0,"comment_status":"closed","ping_status":"closed","template":"","meta":{"jetpack_post_was_ever_published":false,"footnotes":""},"class_list":["post-901","page","type-page","status-publish","hentry"],"jetpack_sharing_enabled":true,"jetpack_shortlink":"https:\/\/wp.me\/P6Slop-ex","_links":{"self":[{"href":"https:\/\/wp.ufpel.edu.br\/projetogama\/wp-json\/wp\/v2\/pages\/901","targetHints":{"allow":["GET"]}}],"collection":[{"href":"https:\/\/wp.ufpel.edu.br\/projetogama\/wp-json\/wp\/v2\/pages"}],"about":[{"href":"https:\/\/wp.ufpel.edu.br\/projetogama\/wp-json\/wp\/v2\/types\/page"}],"author":[{"embeddable":true,"href":"https:\/\/wp.ufpel.edu.br\/projetogama\/wp-json\/wp\/v2\/users\/437"}],"replies":[{"embeddable":true,"href":"https:\/\/wp.ufpel.edu.br\/projetogama\/wp-json\/wp\/v2\/comments?post=901"}],"version-history":[{"count":3,"href":"https:\/\/wp.ufpel.edu.br\/projetogama\/wp-json\/wp\/v2\/pages\/901\/revisions"}],"predecessor-version":[{"id":906,"href":"https:\/\/wp.ufpel.edu.br\/projetogama\/wp-json\/wp\/v2\/pages\/901\/revisions\/906"}],"wp:attachment":[{"href":"https:\/\/wp.ufpel.edu.br\/projetogama\/wp-json\/wp\/v2\/media?parent=901"}],"curies":[{"name":"wp","href":"https:\/\/api.w.org\/{rel}","templated":true}]}}