{"id":4862,"date":"2022-06-06T18:03:33","date_gmt":"2022-06-06T21:03:33","guid":{"rendered":"https:\/\/wp.ufpel.edu.br\/projetogama\/?page_id=4862"},"modified":"2022-10-28T11:06:15","modified_gmt":"2022-10-28T14:06:15","slug":"ciclo-de-palestras","status":"publish","type":"page","link":"https:\/\/wp.ufpel.edu.br\/projetogama\/ciclo-de-palestras\/","title":{"rendered":"Ciclo de Palestras"},"content":{"rendered":"<p>O Ciclo de Palestras do GAMA foi criado em 2022 com a finalidade de trazer assuntos relacionados \u00e0 matem\u00e1tica com renomados palestrantes. Oferecemos uma palestra mensal. Abaixo os links das palestras realizadas:<\/p>\n<ul>\n<li>Palestra de mar\u00e7o:<\/li>\n<\/ul>\n<p>Resolu\u00e7\u00e3o de Problemas: estrat\u00e9gias que potencializam a aprendizagem matem\u00e1tica<\/p>\n<p>Prof\u00aa. Dr\u00aa. Amanda Pranke<\/p>\n<p>29\/03\/2022 &#8211; Acesse <a href=\"https:\/\/youtu.be\/sKK8M_3sBws\">aqui<\/a>.<\/p>\n<p>&nbsp;<\/p>\n<ul>\n<li>Palestra de abril:<\/li>\n<\/ul>\n<p>Piadas com pr\u00e9-requisitos<\/p>\n<p>Prof. Dr. Maur\u00edcio Zahn<\/p>\n<p>29\/04\/2022 &#8211; Acesse <a href=\"https:\/\/youtu.be\/szHg7Kcp2lc\">aqui<\/a>.<\/p>\n<p>&nbsp;<\/p>\n<ul>\n<li>Palestra de maio:<\/li>\n<\/ul>\n<p>Metodologia da Pesquisa: alguns caminhos posss\u00edveis<\/p>\n<p>Prof. Dr. Vin\u00edcius Carvalho Beck<\/p>\n<p>23\/05\/2022 &#8211; Acesse <a href=\"https:\/\/youtu.be\/z686c6haxl8\">aqui<\/a>.<\/p>\n<p>&nbsp;<\/p>\n<ul>\n<li>Palestra de junho:<\/li>\n<\/ul>\n<p>Estrat\u00e9gias pedag\u00f3gicas com QR CODE no ensino de matem\u00e1tica<\/p>\n<p>Prof\u00aa. Me. Ana Cristina Pinto<\/p>\n<p>Prof\u00aa. Dr\u00aa. Carla Felcher<\/p>\n<p>29\/06\/2022 &#8211; Acesse <a href=\"https:\/\/youtu.be\/tICKlfZjwv4\">aqui<\/a>.<\/p>\n<p>&nbsp;<\/p>\n<ul>\n<li>Palestra de julho:<\/li>\n<\/ul>\n<p>Matem\u00e1tica financeira do dia a dia<\/p>\n<p>Prof. Dr. Neide Pizzolato Angelo<\/p>\n<p>27\/07\/2002 &#8211; Acesse <a href=\"https:\/\/youtu.be\/93ARClC3Tnw\">aqui<\/a>.<\/p>\n<p>&nbsp;<\/p>\n<ul>\n<li>Palestra de agosto:<\/li>\n<\/ul>\n<p>Relato de um ex-bolsista do GAMA da gradua\u00e7\u00e3o \u00e0 p\u00f3s-gradua\u00e7\u00e3o<\/p>\n<p>Prof. Msc. Pierre Teixeira da Silva<\/p>\n<p>31\/08\/2022 &#8211; Acesse <a href=\"https:\/\/youtu.be\/WunZTFUaKe0\">aqui<\/a>.<\/p>\n<p>&nbsp;<\/p>\n<ul>\n<li>Palestra de setembro:<\/li>\n<\/ul>\n<p>Estrat\u00e9gias cognitivas: rela\u00e7\u00f5es entre fazer e compreender, saber e conhecer.<\/p>\n<p>Prof\u00aa. Dr\u00aa. Jaqueline Molon<\/p>\n<p>30\/09\/2022 &#8211; Acesse <a href=\"https:\/\/youtu.be\/i0Pqlw2FM-w\">aqui<\/a>.<\/p>\n","protected":false},"excerpt":{"rendered":"<p>O Ciclo de Palestras do GAMA foi criado em 2022 com a finalidade de trazer assuntos relacionados \u00e0 matem\u00e1tica com renomados palestrantes. Oferecemos uma palestra mensal. Abaixo os links das [&hellip;]<\/p>\n","protected":false},"author":437,"featured_media":0,"parent":0,"menu_order":0,"comment_status":"closed","ping_status":"closed","template":"","meta":{"jetpack_post_was_ever_published":false,"footnotes":""},"class_list":["post-4862","page","type-page","status-publish","hentry","post"],"jetpack_sharing_enabled":true,"jetpack_shortlink":"https:\/\/wp.me\/P6Slop-1gq","_links":{"self":[{"href":"https:\/\/wp.ufpel.edu.br\/projetogama\/wp-json\/wp\/v2\/pages\/4862","targetHints":{"allow":["GET"]}}],"collection":[{"href":"https:\/\/wp.ufpel.edu.br\/projetogama\/wp-json\/wp\/v2\/pages"}],"about":[{"href":"https:\/\/wp.ufpel.edu.br\/projetogama\/wp-json\/wp\/v2\/types\/page"}],"author":[{"embeddable":true,"href":"https:\/\/wp.ufpel.edu.br\/projetogama\/wp-json\/wp\/v2\/users\/437"}],"replies":[{"embeddable":true,"href":"https:\/\/wp.ufpel.edu.br\/projetogama\/wp-json\/wp\/v2\/comments?post=4862"}],"version-history":[{"count":3,"href":"https:\/\/wp.ufpel.edu.br\/projetogama\/wp-json\/wp\/v2\/pages\/4862\/revisions"}],"predecessor-version":[{"id":5054,"href":"https:\/\/wp.ufpel.edu.br\/projetogama\/wp-json\/wp\/v2\/pages\/4862\/revisions\/5054"}],"wp:attachment":[{"href":"https:\/\/wp.ufpel.edu.br\/projetogama\/wp-json\/wp\/v2\/media?parent=4862"}],"curies":[{"name":"wp","href":"https:\/\/api.w.org\/{rel}","templated":true}]}}

<p>O Ciclo de Palestras do GAMA foi criado em 2022 com a finalidade de trazer assuntos relacionados à matemática com renomados palestrantes. Oferecemos uma palestra mensal. Abaixo os links das palestras realizadas:</p>
<ul>
<li>Palestra de março:</li>
</ul>
<p>Resolução de Problemas: estratégias que potencializam a aprendizagem matemática</p>
<p>Profª. Drª. Amanda Pranke</p>
<p>29/03/2022 &#8211; Acesse <a href="https://youtu.be/sKK8M_3sBws">aqui</a>.</p>
<p>&nbsp;</p>
<ul>
<li>Palestra de abril:</li>
</ul>
<p>Piadas com pré-requisitos</p>
<p>Prof. Dr. Maurício Zahn</p>
<p>29/04/2022 &#8211; Acesse <a href="https://youtu.be/szHg7Kcp2lc">aqui</a>.</p>
<p>&nbsp;</p>
<ul>
<li>Palestra de maio:</li>
</ul>
<p>Metodologia da Pesquisa: alguns caminhos posssíveis</p>
<p>Prof. Dr. Vinícius Carvalho Beck</p>
<p>23/05/2022 &#8211; Acesse <a href="https://youtu.be/z686c6haxl8">aqui</a>.</p>
<p>&nbsp;</p>
<ul>
<li>Palestra de junho:</li>
</ul>
<p>Estratégias pedagógicas com QR CODE no ensino de matemática</p>
<p>Profª. Me. Ana Cristina Pinto</p>
<p>Profª. Drª. Carla Felcher</p>
<p>29/06/2022 &#8211; Acesse <a href="https://youtu.be/tICKlfZjwv4">aqui</a>.</p>
<p>&nbsp;</p>
<ul>
<li>Palestra de julho:</li>
</ul>
<p>Matemática financeira do dia a dia</p>
<p>Prof. Dr. Neide Pizzolato Angelo</p>
<p>27/07/2002 &#8211; Acesse <a href="https://youtu.be/93ARClC3Tnw">aqui</a>.</p>
<p>&nbsp;</p>
<ul>
<li>Palestra de agosto:</li>
</ul>
<p>Relato de um ex-bolsista do GAMA da graduação à pós-graduação</p>
<p>Prof. Msc. Pierre Teixeira da Silva</p>
<p>31/08/2022 &#8211; Acesse <a href="https://youtu.be/WunZTFUaKe0">aqui</a>.</p>
<p>&nbsp;</p>
<ul>
<li>Palestra de setembro:</li>
</ul>
<p>Estratégias cognitivas: relações entre fazer e compreender, saber e conhecer.</p>
<p>Profª. Drª. Jaqueline Molon</p>
<p>30/09/2022 &#8211; Acesse <a href="https://youtu.be/i0Pqlw2FM-w">aqui</a>.</p>

<p>O Ciclo de Palestras do GAMA foi criado em 2022 com a finalidade de trazer assuntos relacionados à matemática com renomados palestrantes. Oferecemos uma palestra mensal. Abaixo os links das [&hellip;]</p>
