{"id":45,"date":"2014-08-27T18:57:58","date_gmt":"2014-08-27T21:57:58","guid":{"rendered":"https:\/\/wp.ufpel.edu.br\/projetotme\/?page_id=45"},"modified":"2024-04-17T15:24:33","modified_gmt":"2024-04-17T18:24:33","slug":"docentes","status":"publish","type":"page","link":"https:\/\/wp.ufpel.edu.br\/projetogama\/docentes\/","title":{"rendered":"Docentes"},"content":{"rendered":"<h3><strong>Docentes:<\/strong><\/h3>\n<p style=\"text-align: justify;\">\u00a0\u00a0\u00a0\u00a0\u00a0\u00a0 O grupo permanente do projeto atualmente \u00e9 formado pelos professores da UFPel e por professores do IFSUL<\/p>\n<p style=\"text-align: justify;\"><em>Professores da UFPel: CICERO NACHTIGALL, FERNANDA TOMASCHEWSKI, JANICE NERY, LUCIANA CHIMENDES CABRERA (Coordenadora Adjunta), MAURICIO ZAHN, NEIDE PIZZOLATO ANGELO e REJANE PERGHER (Coordenadora) <\/em>todos do Departamento de Matem\u00e1tica e Estat\u00edstica da Universidade Federal de Pelotas.<\/p>\n<p><em>Professores do IFSUL: BIANCA HERREIRA CAPILHEIRA, C\u00c1SSIO PAZINATTO, CLAUDIA ROSANA DA COSTA CALDEIRA, GABRIEL SOUZA GERMANN DA SILVA, HENRIQUE KOSBY CORREA, IGOR DA CUNHA FURTADO, IURI BARCELOS PEREIRA ROCHA, LARRI SILVEIRA PEREIRA, LISIANE RAMIRES MENESES,\u00a0 MARCILENE FONSECA DE MORAES, MARCOS RONDINEY DOS SANTOS FERREIRA, MAURA CRISTINA RICKES DOS SANTOS\u00a0 e SELDOMAR JESKE EHLERT<\/em><\/p>\n<p style=\"text-align: justify;\">Dentre as diversas a\u00e7\u00f5es coordenadas pelo grupo de professores da UFPel, pode ser destacada a orienta\u00e7\u00e3o dos bolsistas, confec\u00e7\u00e3o de materiais did\u00e1ticos e organiza\u00e7\u00e3o geral das atividades do GAMA. Tanto os professores da UFPel quanto os do IFSUL acompanham presencialmente as Atividades de Refor\u00e7o em Matem\u00e1tica e os Encontros de C\u00e1lculo e de ALGA &#8211; \u00c1lgebra Linear e Geometria Anal\u00edtica.<\/p>\n<p style=\"text-align: justify;\">\u00a0\u00a0\u00a0\u00a0\u00a0 Os professores que desejarem participar do Projeto devem entrar em contato com a coordena\u00e7\u00e3o do GAMA. As disciplinas que s\u00e3o atendidas pelo projeto atualmente s\u00e3o ALGA, Pr\u00e9-C\u00e1lculo, C\u00e1lculo 1, C\u00e1lculo 1A, C\u00e1lculo I, C\u00e1lculo A, C\u00e1lculo 2, C\u00e1lculo II e C\u00e1lculo B. De acordo com a disponibilidade de bolsistas, o projeto GAMA tamb\u00e9m oferece apoio nas disciplinas de\u00a0 C\u00e1lculo 3, C\u00e1lculo III e ED &#8211; Equa\u00e7\u00f5es Diferenciais e EDO &#8211; Equa\u00e7\u00f5es Diferenciais Ordin\u00e1rias.<\/p>\n","protected":false},"excerpt":{"rendered":"<p>Docentes: \u00a0\u00a0\u00a0\u00a0\u00a0\u00a0 O grupo permanente do projeto atualmente \u00e9 formado pelos professores da UFPel e por professores do IFSUL Professores da UFPel: CICERO NACHTIGALL, FERNANDA TOMASCHEWSKI, JANICE NERY, LUCIANA CHIMENDES [&hellip;]<\/p>\n","protected":false},"author":437,"featured_media":0,"parent":0,"menu_order":0,"comment_status":"closed","ping_status":"closed","template":"","meta":{"jetpack_post_was_ever_published":false,"footnotes":""},"class_list":["post-45","page","type-page","status-publish","hentry","post"],"jetpack_sharing_enabled":true,"jetpack_shortlink":"https:\/\/wp.me\/P6Slop-J","_links":{"self":[{"href":"https:\/\/wp.ufpel.edu.br\/projetogama\/wp-json\/wp\/v2\/pages\/45","targetHints":{"allow":["GET"]}}],"collection":[{"href":"https:\/\/wp.ufpel.edu.br\/projetogama\/wp-json\/wp\/v2\/pages"}],"about":[{"href":"https:\/\/wp.ufpel.edu.br\/projetogama\/wp-json\/wp\/v2\/types\/page"}],"author":[{"embeddable":true,"href":"https:\/\/wp.ufpel.edu.br\/projetogama\/wp-json\/wp\/v2\/users\/437"}],"replies":[{"embeddable":true,"href":"https:\/\/wp.ufpel.edu.br\/projetogama\/wp-json\/wp\/v2\/comments?post=45"}],"version-history":[{"count":18,"href":"https:\/\/wp.ufpel.edu.br\/projetogama\/wp-json\/wp\/v2\/pages\/45\/revisions"}],"predecessor-version":[{"id":5640,"href":"https:\/\/wp.ufpel.edu.br\/projetogama\/wp-json\/wp\/v2\/pages\/45\/revisions\/5640"}],"wp:attachment":[{"href":"https:\/\/wp.ufpel.edu.br\/projetogama\/wp-json\/wp\/v2\/media?parent=45"}],"curies":[{"name":"wp","href":"https:\/\/api.w.org\/{rel}","templated":true}]}}