{"id":4354,"date":"2020-11-18T10:45:54","date_gmt":"2020-11-18T13:45:54","guid":{"rendered":"https:\/\/wp.ufpel.edu.br\/projetogama\/?page_id=4354"},"modified":"2024-01-05T18:44:39","modified_gmt":"2024-01-05T21:44:39","slug":"matematica-basica-ii","status":"publish","type":"page","link":"https:\/\/wp.ufpel.edu.br\/projetogama\/matematica-basica-ii\/","title":{"rendered":"Matem\u00e1tica B\u00e1sica II"},"content":{"rendered":"<p style=\"text-align: center;\"><span style=\"font-size: 14pt; color: #800000;\"><strong>M\u00f3dulo de <span style=\"color: #800000;\"><span style=\"font-size: 14pt;\">Matem\u00e1tica B\u00e1sica II<\/span><\/span><\/strong><\/span><\/p>\n<p><strong><span style=\"color: #800000;\">Conte\u00fados abordados no Curso (revis\u00e3o da teoria e exerc\u00edcios):<\/span><\/strong> <span style=\"color: #000000;\">Inequa\u00e7\u00f5es do primeiro grau. Inequa\u00e7\u00f5es do segundo grau. Inequa\u00e7\u00f5es duplas. Inequa\u00e7\u00f5es modulares. Inequa\u00e7\u00f5es produto e quociente. Matrizes. Opera\u00e7\u00f5es com matrizes. Matriz adjunta e matriz inversa. Matrizes elementares. Determinantes. Propriedades dos determinantes. O desenvolvimento de Laplace. Sistemas lineares. Sistemas lineares na forma matricial. Opera\u00e7\u00f5es elementares sobre as linhas de um sistema e forma escada. Resolu\u00e7\u00e3o de sistemas lineares.<\/span><\/p>\n<p><span style=\"font-size: 12pt;\">Acesse tamb\u00e9m o material em PDF com o <a href=\"https:\/\/wp.ufpel.edu.br\/projetogama\/files\/2024\/01\/Aulas_Matematica_Basica_II_GAMA_2024.pdf\"><strong><span style=\"color: #0000ff;\">conte\u00fado e exerc\u00edcios<\/span><\/strong>.<\/a><\/span><\/p>\n<p>&nbsp;<\/p>\n<p style=\"text-align: center;\"><span style=\"font-size: 14pt; color: #800000;\"><strong>Videoaulas<\/strong><\/span><\/p>\n<p>Os v\u00eddeos a seguir abordam os conte\u00fados deste m\u00f3dulo, por meio de uma sequ\u00eancia did\u00e1tica organizada e detalhada.<\/p>\n<p>&nbsp;<\/p>\n<p style=\"text-align: left;\"><span style=\"color: #800000; font-size: 14pt;\"><strong>Aula 01<\/strong><\/span><\/p>\n<p><span style=\"color: #3366ff;\"><a style=\"color: #3366ff;\" href=\"https:\/\/youtu.be\/cqb0m-vsDHk\">Inequa\u00e7\u00e3o do primeiro grau e inequa\u00e7\u00f5es duplas<\/a><\/span><\/p>\n<p><span style=\"color: #3366ff;\"><a style=\"color: #3366ff;\" href=\"https:\/\/youtu.be\/tJumlE4D454\">Inequa\u00e7\u00f5es modulares do primeiro grau<\/a><\/span><\/p>\n<p><span style=\"color: #3366ff;\"><a style=\"color: #3366ff;\" href=\"https:\/\/youtu.be\/kh48icj3zBQ\">Inequa\u00e7\u00f5es produto e inequa\u00e7\u00f5es quociente<\/a><\/span><\/p>\n<p><span style=\"color: #800000; font-size: 14pt;\"><strong>Aula 02<\/strong><\/span><\/p>\n<p><a href=\"https:\/\/youtu.be\/K8SBBdi2bdg\"><span style=\"color: #3366ff;\">Inequa\u00e7\u00f5es do segundo grau &#8211; parte 1<\/span><\/a><\/p>\n<p><a href=\"https:\/\/youtu.be\/L5zbpsfb8aE\"><span style=\"color: #3366ff;\">Inequa\u00e7\u00f5es do segundo grau &#8211; parte 2<\/span><\/a><\/p>\n<p><span style=\"color: #800000; font-size: 14pt;\"><strong>Aula 03<\/strong><\/span><\/p>\n<p><a href=\"https:\/\/youtu.be\/tA0wZLtelyw\"><span style=\"color: #3366ff;\">Inequa\u00e7\u00f5es do segundo grau &#8211; parte 3<\/span><\/a><\/p>\n<p><a href=\"https:\/\/youtu.be\/XwK4AJrx2fQ\"><span style=\"color: #3366ff;\">Inequa\u00e7\u00f5es do segundo grau &#8211; parte 4<\/span><\/a><\/p>\n<p><span style=\"color: #800000; font-size: 14pt;\"><strong>Aula 04<\/strong><\/span><\/p>\n<p><a href=\"https:\/\/youtu.be\/h4bpS5_LDFQ\"><span style=\"color: #3366ff;\">Matrizes <\/span><\/a><\/p>\n<p><span style=\"color: #800000; font-size: 14pt;\"><strong>Aula 05<\/strong><\/span><\/p>\n<p><a href=\"https:\/\/youtu.be\/vpr1qX1xK7Y\"><span style=\"color: #3366ff;\">Determinantes<\/span><\/a><\/p>\n<p><a href=\"https:\/\/youtu.be\/dF8LFydHVWs\"><span style=\"color: #3366ff;\">Matriz adjunta e matriz inversa<\/span><\/a><\/p>\n<p><span style=\"color: #800000; font-size: 14pt;\"><strong>Aula 06<\/strong><\/span><\/p>\n<p><a href=\"https:\/\/youtu.be\/5et36PBxcp8\"><span style=\"color: #3366ff;\">Sistemas de equa\u00e7\u00f5es lineares e matrizes<\/span><\/a><\/p>\n<p><a href=\"https:\/\/youtu.be\/UZmaxDw-R78\"><span style=\"color: #3366ff;\">Solu\u00e7\u00e3o de sistemas de equa\u00e7\u00f5es lineares<\/span><\/a><\/p>\n","protected":false},"excerpt":{"rendered":"<p>M\u00f3dulo de Matem\u00e1tica B\u00e1sica II Conte\u00fados abordados no Curso (revis\u00e3o da teoria e exerc\u00edcios): Inequa\u00e7\u00f5es do primeiro grau. Inequa\u00e7\u00f5es do segundo grau. Inequa\u00e7\u00f5es duplas. Inequa\u00e7\u00f5es modulares. Inequa\u00e7\u00f5es produto e quociente. Matrizes. Opera\u00e7\u00f5es com matrizes. Matriz adjunta e matriz inversa. Matrizes elementares. Determinantes. Propriedades dos determinantes. O desenvolvimento de Laplace. Sistemas lineares. Sistemas lineares na forma [&hellip;]<\/p>\n","protected":false},"author":437,"featured_media":0,"parent":0,"menu_order":0,"comment_status":"closed","ping_status":"closed","template":"","meta":{"jetpack_post_was_ever_published":false,"footnotes":""},"class_list":["post-4354","page","type-page","status-publish","hentry"],"jetpack_sharing_enabled":true,"jetpack_shortlink":"https:\/\/wp.me\/P6Slop-18e","_links":{"self":[{"href":"https:\/\/wp.ufpel.edu.br\/projetogama\/wp-json\/wp\/v2\/pages\/4354","targetHints":{"allow":["GET"]}}],"collection":[{"href":"https:\/\/wp.ufpel.edu.br\/projetogama\/wp-json\/wp\/v2\/pages"}],"about":[{"href":"https:\/\/wp.ufpel.edu.br\/projetogama\/wp-json\/wp\/v2\/types\/page"}],"author":[{"embeddable":true,"href":"https:\/\/wp.ufpel.edu.br\/projetogama\/wp-json\/wp\/v2\/users\/437"}],"replies":[{"embeddable":true,"href":"https:\/\/wp.ufpel.edu.br\/projetogama\/wp-json\/wp\/v2\/comments?post=4354"}],"version-history":[{"count":13,"href":"https:\/\/wp.ufpel.edu.br\/projetogama\/wp-json\/wp\/v2\/pages\/4354\/revisions"}],"predecessor-version":[{"id":5535,"href":"https:\/\/wp.ufpel.edu.br\/projetogama\/wp-json\/wp\/v2\/pages\/4354\/revisions\/5535"}],"wp:attachment":[{"href":"https:\/\/wp.ufpel.edu.br\/projetogama\/wp-json\/wp\/v2\/media?parent=4354"}],"curies":[{"name":"wp","href":"https:\/\/api.w.org\/{rel}","templated":true}]}}