{"id":3037,"date":"2018-08-06T20:20:35","date_gmt":"2018-08-06T23:20:35","guid":{"rendered":"https:\/\/wp.ufpel.edu.br\/projetogama\/?page_id=3037"},"modified":"2024-11-10T17:19:42","modified_gmt":"2024-11-10T20:19:42","slug":"videoaulas","status":"publish","type":"page","link":"https:\/\/wp.ufpel.edu.br\/projetogama\/videoaulas\/","title":{"rendered":"Videoaulas"},"content":{"rendered":"<p>Aqui voc\u00ea encontrar\u00e1 as videoaulas elaboradas pelo GAMA, com o conte\u00fado das Atividades de Revis\u00e3o em Matem\u00e1tica.<\/p>\n<p>&nbsp;<\/p>\n<p><a href=\"https:\/\/wp.ufpel.edu.br\/projetogama\/apoio-ao-calculo\/\"><span style=\"background-color: #ffffff;\"><span style=\"color: #0000ff;\"><strong>Apoio ao C\u00e1lculo<\/strong><\/span><\/span><\/a><\/p>\n<p><span style=\"background-color: #ffffff; color: #0000ff;\"><strong><a style=\"background-color: #ffffff; color: #0000ff;\" href=\"https:\/\/wp.ufpel.edu.br\/projetogama\/matematica-basica\/\">Matem\u00e1tica B\u00e1sica I<\/a><\/strong><\/span><\/p>\n<p><a href=\"https:\/\/wp.ufpel.edu.br\/projetogama\/matematica-basica-ii\/\"><span style=\"background-color: #ffffff;\"><span style=\"color: #0000ff;\"><strong>Matem\u00e1tica B\u00e1sica II<\/strong><\/span><\/span><\/a><\/p>\n<p><a href=\"https:\/\/wp.ufpel.edu.br\/projetogama\/geometria-analitica\/\"><strong><span style=\"color: #0000ff;\">Geometria Anal\u00edtica<\/span><\/strong><\/a><\/p>\n<p><span style=\"color: #0000ff;\"><strong><a style=\"color: #0000ff;\" href=\"https:\/\/wp.ufpel.edu.br\/projetogama\/funcoes\/\">Fun\u00e7\u00f5es<\/a><\/strong><\/span><\/p>\n<p><span style=\"color: #0000ff;\"><strong><a style=\"color: #0000ff;\" href=\"https:\/\/wp.ufpel.edu.br\/projetogama\/funcoes-trigonometricas-exponenciais-e-logaritmicas\/\">Fun\u00e7\u00f5es Trigonom\u00e9tricas, Exponenciais e Logar\u00edtmicas<\/a><\/strong><\/span><\/p>\n<p><span style=\"color: #0000ff;\"><strong><a style=\"color: #0000ff;\" href=\"https:\/\/wp.ufpel.edu.br\/projetogama\/limites\/\">Limites<\/a><\/strong><\/span><\/p>\n<p><span style=\"color: #0000ff;\"><strong><a style=\"color: #0000ff;\" href=\"https:\/\/wp.ufpel.edu.br\/projetogama\/derivadas\/\">Derivadas<\/a><\/strong><\/span><\/p>\n<p><span style=\"color: #0000ff;\"><strong><a style=\"color: #0000ff;\" href=\"https:\/\/wp.ufpel.edu.br\/projetogama\/integrais\/\">Integrais<\/a><\/strong><\/span><\/p>\n<p>&nbsp;<\/p>\n","protected":false},"excerpt":{"rendered":"<p>Aqui voc\u00ea encontrar\u00e1 as videoaulas elaboradas pelo GAMA, com o conte\u00fado das Atividades de Revis\u00e3o em Matem\u00e1tica. &nbsp; Apoio ao C\u00e1lculo Matem\u00e1tica B\u00e1sica I Matem\u00e1tica B\u00e1sica II Geometria Anal\u00edtica Fun\u00e7\u00f5es Fun\u00e7\u00f5es Trigonom\u00e9tricas, Exponenciais e Logar\u00edtmicas Limites Derivadas Integrais &nbsp;<\/p>\n","protected":false},"author":437,"featured_media":0,"parent":0,"menu_order":0,"comment_status":"closed","ping_status":"closed","template":"","meta":{"jetpack_post_was_ever_published":false,"footnotes":""},"class_list":["post-3037","page","type-page","status-publish","hentry"],"jetpack_sharing_enabled":true,"jetpack_shortlink":"https:\/\/wp.me\/P6Slop-MZ","_links":{"self":[{"href":"https:\/\/wp.ufpel.edu.br\/projetogama\/wp-json\/wp\/v2\/pages\/3037","targetHints":{"allow":["GET"]}}],"collection":[{"href":"https:\/\/wp.ufpel.edu.br\/projetogama\/wp-json\/wp\/v2\/pages"}],"about":[{"href":"https:\/\/wp.ufpel.edu.br\/projetogama\/wp-json\/wp\/v2\/types\/page"}],"author":[{"embeddable":true,"href":"https:\/\/wp.ufpel.edu.br\/projetogama\/wp-json\/wp\/v2\/users\/437"}],"replies":[{"embeddable":true,"href":"https:\/\/wp.ufpel.edu.br\/projetogama\/wp-json\/wp\/v2\/comments?post=3037"}],"version-history":[{"count":13,"href":"https:\/\/wp.ufpel.edu.br\/projetogama\/wp-json\/wp\/v2\/pages\/3037\/revisions"}],"predecessor-version":[{"id":5788,"href":"https:\/\/wp.ufpel.edu.br\/projetogama\/wp-json\/wp\/v2\/pages\/3037\/revisions\/5788"}],"wp:attachment":[{"href":"https:\/\/wp.ufpel.edu.br\/projetogama\/wp-json\/wp\/v2\/media?parent=3037"}],"curies":[{"name":"wp","href":"https:\/\/api.w.org\/{rel}","templated":true}]}}