{"id":4,"date":"2016-06-30T11:01:38","date_gmt":"2016-06-30T14:01:38","guid":{"rendered":"https:\/\/wp.ufpel.edu.br\/projetocotas\/?page_id=4"},"modified":"2016-07-19T06:24:35","modified_gmt":"2016-07-19T09:24:35","slug":"enem","status":"publish","type":"page","link":"https:\/\/wp.ufpel.edu.br\/projetocotas\/enem\/","title":{"rendered":"ENEM"},"content":{"rendered":"<p style=\"text-align: center\"><img loading=\"lazy\" decoding=\"async\" class=\"alignnone\" src=\"http:\/\/www.pronatec2016.org\/wp-content\/uploads\/2016\/03\/31122013134435.png\" width=\"465\" height=\"292\" \/><\/p>\n<p>Segundo o site do Instituto Nacional de Estudos e Pesquisas Educacionais An\u00edsio Teixeira (INEP) &#8220;A finalidade primordial do Enem \u00e9 a avalia\u00e7\u00e3o do desempenho escolar e acad\u00eamico ao fim do ensino m\u00e9dio. As informa\u00e7\u00f5es obtidas a partir dos resultados do Enem s\u00e3o utilizadas para acompanhamento da qualidade do ensino m\u00e9dio no Pa\u00eds, na implementa\u00e7\u00e3o de pol\u00edticas p\u00fablicas, cria\u00e7\u00e3o de refer\u00eancia nacional para o aperfei\u00e7oamento dos curr\u00edculos do ensino m\u00e9dio, desenvolvimento de estudos e indicadores sobre a educa\u00e7\u00e3o brasileira e estabelecimento de crit\u00e9rios de acesso do participante a programas governamentais. O Enem serve tamb\u00e9m para a constitui\u00e7\u00e3o de par\u00e2metros para a autoavalia\u00e7\u00e3o do participante, com vistas \u00e0 continuidade de sua forma\u00e7\u00e3o e \u00e0 sua inser\u00e7\u00e3o no mercado de trabalho.<\/p>\n<p>O INEP aind coloca &#8220;O Enem tem sido usado com sucesso como mecanismo de acesso \u00e0 educa\u00e7\u00e3o superior, tanto em programas do Minist\u00e9rio da Educa\u00e7\u00e3o, quanto em processos de perman\u00eancia. &#8221;<\/p>\n<p>O Exame Nacional do Ensino M\u00e9dio pode ser uma grande porta para novas oportunidades na sua vida. No <a href=\"http:\/\/enem.inep.gov.br\/duvidas-frequentes.html\">site da prova<\/a> voc\u00ea tem acesso ao funcionamento e as regras gerais, al\u00e9m das perguntas mais frequentes.<\/p>\n<p><span class=\"Apple-style-span\">Al\u00e9m disso, voc\u00ea tem a sua disposi\u00e7\u00e3o o site\u00a0<a href=\"http:\/\/tvescola.mec.gov.br\/tve\/serie\/hora-do-enem\/home\">HORA DO ENEM<\/a>. Esse site \u00e9 uma plataforma que vai te ajudar com os estudos de forma gratuita.<br \/>\n<\/span><\/p>\n<p>Segundo a p\u00e1gina &#8220;O\u00a0<strong>Hora do Enem<\/strong>\u00a0\u00e9 um projeto pensado para voc\u00ea que vai fazer o Exame Nacional do Ensino M\u00e9dio.\u00a0T\u00e3o certo quanto o \u00e1tomo n\u00e3o \u00e9 a menor por\u00e7\u00e3o da mat\u00e9ria, aqui voc\u00ea ir\u00e1 encontrar uma forma de estudar que se encaixa no seu perfil.\u00a0Pode escolher: d\u00e1 para acompanhar o programa de TV, fazer simulados <em>on-line<\/em>, criar um plano de estudos adequado \u00e0s suas necessidades, baixar v\u00eddeos ou ter tudo isso praticamente ao mesmo tempo!\u00a0Voc\u00ea vai acessar not\u00edcias, receber orienta\u00e7\u00f5es de como se preparar para a prova, ver quest\u00f5es que j\u00e1 ca\u00edram nos anos anteriores comentadas por professores, conhecer estudantes que est\u00e3o vivendo essa mesma etapa da vida e, assim, chegar ao dia do exame mais seguro e confiante.&#8221;<\/p>\n<p style=\"text-align: center\"><img loading=\"lazy\" decoding=\"async\" class=\"aligncenter\" src=\"http:\/\/cdnbi.tvescola.org.br\/resources\/VMSResources\/contents\/img\/photo\/1459431268655.jpg\" width=\"862\" height=\"422\" \/><\/p>\n<p>&nbsp;<\/p>\n","protected":false},"excerpt":{"rendered":"<p>Segundo o site do Instituto Nacional de Estudos e Pesquisas Educacionais An\u00edsio Teixeira (INEP) &#8220;A finalidade primordial do Enem \u00e9 a avalia\u00e7\u00e3o do desempenho escolar e acad\u00eamico ao fim do ensino m\u00e9dio. As informa\u00e7\u00f5es obtidas a partir dos resultados do Enem s\u00e3o utilizadas para acompanhamento da qualidade do ensino m\u00e9dio no Pa\u00eds, na implementa\u00e7\u00e3o de [&hellip;]<\/p>\n","protected":false},"author":660,"featured_media":0,"parent":0,"menu_order":3,"comment_status":"closed","ping_status":"closed","template":"","meta":{"footnotes":""},"class_list":["post-4","page","type-page","status-publish","hentry"],"_links":{"self":[{"href":"https:\/\/wp.ufpel.edu.br\/projetocotas\/wp-json\/wp\/v2\/pages\/4","targetHints":{"allow":["GET"]}}],"collection":[{"href":"https:\/\/wp.ufpel.edu.br\/projetocotas\/wp-json\/wp\/v2\/pages"}],"about":[{"href":"https:\/\/wp.ufpel.edu.br\/projetocotas\/wp-json\/wp\/v2\/types\/page"}],"author":[{"embeddable":true,"href":"https:\/\/wp.ufpel.edu.br\/projetocotas\/wp-json\/wp\/v2\/users\/660"}],"replies":[{"embeddable":true,"href":"https:\/\/wp.ufpel.edu.br\/projetocotas\/wp-json\/wp\/v2\/comments?post=4"}],"version-history":[{"count":4,"href":"https:\/\/wp.ufpel.edu.br\/projetocotas\/wp-json\/wp\/v2\/pages\/4\/revisions"}],"predecessor-version":[{"id":65,"href":"https:\/\/wp.ufpel.edu.br\/projetocotas\/wp-json\/wp\/v2\/pages\/4\/revisions\/65"}],"wp:attachment":[{"href":"https:\/\/wp.ufpel.edu.br\/projetocotas\/wp-json\/wp\/v2\/media?parent=4"}],"curies":[{"name":"wp","href":"https:\/\/api.w.org\/{rel}","templated":true}]}}