{"id":93,"date":"2020-06-11T23:10:31","date_gmt":"2020-06-12T02:10:31","guid":{"rendered":"https:\/\/wp.ufpel.edu.br\/projetoauxilia\/?page_id=93"},"modified":"2020-06-11T23:20:28","modified_gmt":"2020-06-12T02:20:28","slug":"4g-para-estudar","status":"publish","type":"page","link":"https:\/\/wp.ufpel.edu.br\/projetoauxilia\/noticias\/4g-para-estudar\/","title":{"rendered":"4G para Estudar"},"content":{"rendered":"<p style=\"text-align: justify\">Voc\u00ea j\u00e1 ouviu falar na 4G para estudar?<\/p>\n<p>Uma campanha organizada pelo Nossas, um laborat\u00f3rio de ativismo que acredita na educa\u00e7\u00e3o como uma ferramenta para mitigar as desigualdades e criar novos futuros.<br \/>\n<img loading=\"lazy\" decoding=\"async\" class=\"size-medium wp-image-94 alignright\" src=\"https:\/\/wp.ufpel.edu.br\/projetoauxilia\/files\/2020\/06\/4gparaestudar-385x400.jpg\" alt=\"\" width=\"385\" height=\"400\" srcset=\"https:\/\/wp.ufpel.edu.br\/projetoauxilia\/files\/2020\/06\/4gparaestudar-385x400.jpg 385w, https:\/\/wp.ufpel.edu.br\/projetoauxilia\/files\/2020\/06\/4gparaestudar-985x1024.jpg 985w, https:\/\/wp.ufpel.edu.br\/projetoauxilia\/files\/2020\/06\/4gparaestudar-768x799.jpg 768w, https:\/\/wp.ufpel.edu.br\/projetoauxilia\/files\/2020\/06\/4gparaestudar.jpg 1057w\" sizes=\"auto, (max-width: 385px) 100vw, 385px\" \/><br \/>\nEste laborat\u00f3rio organiza pessoas, atrav\u00e9s de campanhas de financiamento, para arrecadar fundos para pr\u00e9-vestibulares comunit\u00e1rios do Rio de Janeiro.<\/p>\n<p>Ap\u00f3s a mobiliza\u00e7\u00e3o nacional que rolou pelo SemAulaSemEnem, que garantiu o adiamento da prova, o Nossas decidiu apoiar pr\u00e9-vestibulares por todo o Brasil com o acesso a internet, na busca por uma universidade p\u00fablica democr\u00e1tica e plural.<\/p>\n<p>Se voc\u00ea se interessou e quer colaborar com a campanha, \u00e9 s\u00f3 acessar o link:\u00a0<a class=\"oajrlxb2 g5ia77u1 qu0x051f esr5mh6w e9989ue4 r7d6kgcz rq0escxv nhd2j8a9 nc684nl6 p7hjln8o kvgmc6g5 cxmmr5t8 oygrvhab hcukyx3x jb3vyjys rz4wbd8a qt6c0cv9 a8nywdso i1ao9s8h esuyzwwr f1sip0of lzcic4wl py34i1dx gpro0wi8\" role=\"link\" href=\"https:\/\/l.facebook.com\/l.php?u=https%3A%2F%2Fwww.4gparaestudar.org.br%2F%3Ffbclid%3DIwAR3FXrMUYvW-8RZz6EHMvSOlg54PjTYUajOVkGSohVziDS3ScHsVdaGM4gE&amp;h=AT2mCSJOmBnbIRb7Wq5Fe2kAkL2berRNzrtRYTC48jGMe6uONzIwBiKZVih-M9jQfxHP1cVoHSHSjsbpD-ezxunwGWmd-8RJbZ9SHgyGQ68G7OMJB9-eLmvMUy7EGP6T8DtKqIUPV06ESuF3Kw&amp;__tn__=-UK*F&amp;c[0]=AT1Zfs14l1fUYkpPPIvzzuwuDRKm8vNwVct1ka6GH9F40Lu-g3Nql45pyu8n4Ud2Kr0FxsVuF-IIVdjq2laCxIFb0ZlC9Ige32jNuofr5r-1fC1hPAK2_tDo9xk3f54B9GJEku7WF5IbfeCAekgbXRmt4nKYzIRI8aEKoXX4SKmPAy_c5v3ZZEOr7A\" target=\"_blank\" rel=\"nofollow noopener noreferrer\">https:\/\/www.4gparaestudar.org.br\/<\/a><\/p>\n<p>No site voc\u00ea pode doar a partir de 20 reais e ajudar muitos estudantes que est\u00e3o em busca de uma vaga no ensino superior.<\/p>\n<p><a class=\"oajrlxb2 g5ia77u1 qu0x051f esr5mh6w e9989ue4 r7d6kgcz rq0escxv nhd2j8a9 nc684nl6 p7hjln8o kvgmc6g5 cxmmr5t8 oygrvhab hcukyx3x jb3vyjys rz4wbd8a qt6c0cv9 a8nywdso i1ao9s8h esuyzwwr f1sip0of lzcic4wl oo9gr5id gpro0wi8 lrazzd5p\" role=\"link\" href=\"https:\/\/www.facebook.com\/hashtag\/auxiliaenem?__cft__[0]=AZW2V1CRW8VKhZl6ZZ-wxm0trGnV4Dsgt_xrICWA9HGXJ211yil5AXOhIgAWqgUytQUoijLa2LMMsrrx1LUmaVTwDY-iZDdmWcW8bmbH4u5SAojC7efXccK2piJ-vE6IBmNNKOqOfcMNNj6fUFMxGKycQ_o5sH19eBsQdhUNPlzh_Q&amp;__tn__=*NK*F\">#auxiliaenem<\/a>\u00a0<a class=\"oajrlxb2 g5ia77u1 qu0x051f esr5mh6w e9989ue4 r7d6kgcz rq0escxv nhd2j8a9 nc684nl6 p7hjln8o kvgmc6g5 cxmmr5t8 oygrvhab hcukyx3x jb3vyjys rz4wbd8a qt6c0cv9 a8nywdso i1ao9s8h esuyzwwr f1sip0of lzcic4wl oo9gr5id gpro0wi8 lrazzd5p\" role=\"link\" href=\"https:\/\/www.facebook.com\/hashtag\/nossas?__cft__[0]=AZW2V1CRW8VKhZl6ZZ-wxm0trGnV4Dsgt_xrICWA9HGXJ211yil5AXOhIgAWqgUytQUoijLa2LMMsrrx1LUmaVTwDY-iZDdmWcW8bmbH4u5SAojC7efXccK2piJ-vE6IBmNNKOqOfcMNNj6fUFMxGKycQ_o5sH19eBsQdhUNPlzh_Q&amp;__tn__=*NK*F\">#nossas<\/a>\u00a0<a class=\"oajrlxb2 g5ia77u1 qu0x051f esr5mh6w e9989ue4 r7d6kgcz rq0escxv nhd2j8a9 nc684nl6 p7hjln8o kvgmc6g5 cxmmr5t8 oygrvhab hcukyx3x jb3vyjys rz4wbd8a qt6c0cv9 a8nywdso i1ao9s8h esuyzwwr f1sip0of lzcic4wl oo9gr5id gpro0wi8 lrazzd5p\" role=\"link\" href=\"https:\/\/www.facebook.com\/hashtag\/4gparaestudar?__cft__[0]=AZW2V1CRW8VKhZl6ZZ-wxm0trGnV4Dsgt_xrICWA9HGXJ211yil5AXOhIgAWqgUytQUoijLa2LMMsrrx1LUmaVTwDY-iZDdmWcW8bmbH4u5SAojC7efXccK2piJ-vE6IBmNNKOqOfcMNNj6fUFMxGKycQ_o5sH19eBsQdhUNPlzh_Q&amp;__tn__=*NK*F\">#4gparaestudar<\/a>\u00a0<a class=\"oajrlxb2 g5ia77u1 qu0x051f esr5mh6w e9989ue4 r7d6kgcz rq0escxv nhd2j8a9 nc684nl6 p7hjln8o kvgmc6g5 cxmmr5t8 oygrvhab hcukyx3x jb3vyjys rz4wbd8a qt6c0cv9 a8nywdso i1ao9s8h esuyzwwr f1sip0of lzcic4wl oo9gr5id gpro0wi8 lrazzd5p\" role=\"link\" href=\"https:\/\/www.facebook.com\/hashtag\/educa%C3%A7%C3%A3op%C3%BAblica?__cft__[0]=AZW2V1CRW8VKhZl6ZZ-wxm0trGnV4Dsgt_xrICWA9HGXJ211yil5AXOhIgAWqgUytQUoijLa2LMMsrrx1LUmaVTwDY-iZDdmWcW8bmbH4u5SAojC7efXccK2piJ-vE6IBmNNKOqOfcMNNj6fUFMxGKycQ_o5sH19eBsQdhUNPlzh_Q&amp;__tn__=*NK*F\">#educa\u00e7\u00e3op\u00fablica<\/a>\u00a0<a class=\"oajrlxb2 g5ia77u1 qu0x051f esr5mh6w e9989ue4 r7d6kgcz rq0escxv nhd2j8a9 nc684nl6 p7hjln8o kvgmc6g5 cxmmr5t8 oygrvhab hcukyx3x jb3vyjys rz4wbd8a qt6c0cv9 a8nywdso i1ao9s8h esuyzwwr f1sip0of lzcic4wl oo9gr5id gpro0wi8 lrazzd5p\" role=\"link\" href=\"https:\/\/www.facebook.com\/hashtag\/universidadedemocr%C3%A1ticaeplural?__cft__[0]=AZW2V1CRW8VKhZl6ZZ-wxm0trGnV4Dsgt_xrICWA9HGXJ211yil5AXOhIgAWqgUytQUoijLa2LMMsrrx1LUmaVTwDY-iZDdmWcW8bmbH4u5SAojC7efXccK2piJ-vE6IBmNNKOqOfcMNNj6fUFMxGKycQ_o5sH19eBsQdhUNPlzh_Q&amp;__tn__=*NK*F\">#universidadedemocr\u00e1ticaeplural<\/a><\/p>\n<div class=\"oajrlxb2 g5ia77u1 qu0x051f esr5mh6w e9989ue4 r7d6kgcz rq0escxv nhd2j8a9 nc684nl6 p7hjln8o kvgmc6g5 cxmmr5t8 oygrvhab hcukyx3x jb3vyjys rz4wbd8a qt6c0cv9 a8nywdso i1ao9s8h esuyzwwr f1sip0of lzcic4wl oo9gr5id gpro0wi8 lrazzd5p\" role=\"button\"><\/div>\n","protected":false},"excerpt":{"rendered":"<p>Voc\u00ea j\u00e1 ouviu falar na 4G para estudar? Uma campanha organizada pelo Nossas, um laborat\u00f3rio de ativismo que acredita na educa\u00e7\u00e3o como uma ferramenta para mitigar as desigualdades e criar novos futuros. Este laborat\u00f3rio organiza pessoas, atrav\u00e9s de campanhas de financiamento, para arrecadar fundos para pr\u00e9-vestibulares comunit\u00e1rios do Rio de Janeiro. Ap\u00f3s a mobiliza\u00e7\u00e3o nacional &hellip; <\/p>\n<p><a class=\"more-link btn\" href=\"https:\/\/wp.ufpel.edu.br\/projetoauxilia\/noticias\/4g-para-estudar\/\">Continue lendo<\/a><\/p>\n","protected":false},"author":1019,"featured_media":0,"parent":54,"menu_order":0,"comment_status":"closed","ping_status":"closed","template":"","meta":{"footnotes":""},"class_list":["post-93","page","type-page","status-publish","hentry","nodate","item-wrap"],"_links":{"self":[{"href":"https:\/\/wp.ufpel.edu.br\/projetoauxilia\/wp-json\/wp\/v2\/pages\/93","targetHints":{"allow":["GET"]}}],"collection":[{"href":"https:\/\/wp.ufpel.edu.br\/projetoauxilia\/wp-json\/wp\/v2\/pages"}],"about":[{"href":"https:\/\/wp.ufpel.edu.br\/projetoauxilia\/wp-json\/wp\/v2\/types\/page"}],"author":[{"embeddable":true,"href":"https:\/\/wp.ufpel.edu.br\/projetoauxilia\/wp-json\/wp\/v2\/users\/1019"}],"replies":[{"embeddable":true,"href":"https:\/\/wp.ufpel.edu.br\/projetoauxilia\/wp-json\/wp\/v2\/comments?post=93"}],"version-history":[{"count":1,"href":"https:\/\/wp.ufpel.edu.br\/projetoauxilia\/wp-json\/wp\/v2\/pages\/93\/revisions"}],"predecessor-version":[{"id":95,"href":"https:\/\/wp.ufpel.edu.br\/projetoauxilia\/wp-json\/wp\/v2\/pages\/93\/revisions\/95"}],"up":[{"embeddable":true,"href":"https:\/\/wp.ufpel.edu.br\/projetoauxilia\/wp-json\/wp\/v2\/pages\/54"}],"wp:attachment":[{"href":"https:\/\/wp.ufpel.edu.br\/projetoauxilia\/wp-json\/wp\/v2\/media?parent=93"}],"curies":[{"name":"wp","href":"https:\/\/api.w.org\/{rel}","templated":true}]}}

<p style="text-align: justify">Você já ouviu falar na 4G para estudar?</p>
<p>Uma campanha organizada pelo Nossas, um laboratório de ativismo que acredita na educação como uma ferramenta para mitigar as desigualdades e criar novos futuros.<br />
<img loading="lazy" decoding="async" class="size-medium wp-image-94 alignright" src="https://wp.ufpel.edu.br/projetoauxilia/files/2020/06/4gparaestudar-385x400.jpg" alt="" width="385" height="400" srcset="https://wp.ufpel.edu.br/projetoauxilia/files/2020/06/4gparaestudar-385x400.jpg 385w, https://wp.ufpel.edu.br/projetoauxilia/files/2020/06/4gparaestudar-985x1024.jpg 985w, https://wp.ufpel.edu.br/projetoauxilia/files/2020/06/4gparaestudar-768x799.jpg 768w, https://wp.ufpel.edu.br/projetoauxilia/files/2020/06/4gparaestudar.jpg 1057w" sizes="auto, (max-width: 385px) 100vw, 385px" /><br />
Este laboratório organiza pessoas, através de campanhas de financiamento, para arrecadar fundos para pré-vestibulares comunitários do Rio de Janeiro.</p>
<p>Após a mobilização nacional que rolou pelo SemAulaSemEnem, que garantiu o adiamento da prova, o Nossas decidiu apoiar pré-vestibulares por todo o Brasil com o acesso a internet, na busca por uma universidade pública democrática e plural.</p>
<p>Se você se interessou e quer colaborar com a campanha, é só acessar o link: <a class="oajrlxb2 g5ia77u1 qu0x051f esr5mh6w e9989ue4 r7d6kgcz rq0escxv nhd2j8a9 nc684nl6 p7hjln8o kvgmc6g5 cxmmr5t8 oygrvhab hcukyx3x jb3vyjys rz4wbd8a qt6c0cv9 a8nywdso i1ao9s8h esuyzwwr f1sip0of lzcic4wl py34i1dx gpro0wi8" role="link" href="https://l.facebook.com/l.php?u=https%3A%2F%2Fwww.4gparaestudar.org.br%2F%3Ffbclid%3DIwAR3FXrMUYvW-8RZz6EHMvSOlg54PjTYUajOVkGSohVziDS3ScHsVdaGM4gE&amp;h=AT2mCSJOmBnbIRb7Wq5Fe2kAkL2berRNzrtRYTC48jGMe6uONzIwBiKZVih-M9jQfxHP1cVoHSHSjsbpD-ezxunwGWmd-8RJbZ9SHgyGQ68G7OMJB9-eLmvMUy7EGP6T8DtKqIUPV06ESuF3Kw&amp;__tn__=-UK*F&amp;c[0]=AT1Zfs14l1fUYkpPPIvzzuwuDRKm8vNwVct1ka6GH9F40Lu-g3Nql45pyu8n4Ud2Kr0FxsVuF-IIVdjq2laCxIFb0ZlC9Ige32jNuofr5r-1fC1hPAK2_tDo9xk3f54B9GJEku7WF5IbfeCAekgbXRmt4nKYzIRI8aEKoXX4SKmPAy_c5v3ZZEOr7A" target="_blank" rel="nofollow noopener noreferrer">https://www.4gparaestudar.org.br/</a></p>
<p>No site você pode doar a partir de 20 reais e ajudar muitos estudantes que estão em busca de uma vaga no ensino superior.</p>
<p><a class="oajrlxb2 g5ia77u1 qu0x051f esr5mh6w e9989ue4 r7d6kgcz rq0escxv nhd2j8a9 nc684nl6 p7hjln8o kvgmc6g5 cxmmr5t8 oygrvhab hcukyx3x jb3vyjys rz4wbd8a qt6c0cv9 a8nywdso i1ao9s8h esuyzwwr f1sip0of lzcic4wl oo9gr5id gpro0wi8 lrazzd5p" role="link" href="https://www.facebook.com/hashtag/auxiliaenem?__cft__[0]=AZW2V1CRW8VKhZl6ZZ-wxm0trGnV4Dsgt_xrICWA9HGXJ211yil5AXOhIgAWqgUytQUoijLa2LMMsrrx1LUmaVTwDY-iZDdmWcW8bmbH4u5SAojC7efXccK2piJ-vE6IBmNNKOqOfcMNNj6fUFMxGKycQ_o5sH19eBsQdhUNPlzh_Q&amp;__tn__=*NK*F">#auxiliaenem</a> <a class="oajrlxb2 g5ia77u1 qu0x051f esr5mh6w e9989ue4 r7d6kgcz rq0escxv nhd2j8a9 nc684nl6 p7hjln8o kvgmc6g5 cxmmr5t8 oygrvhab hcukyx3x jb3vyjys rz4wbd8a qt6c0cv9 a8nywdso i1ao9s8h esuyzwwr f1sip0of lzcic4wl oo9gr5id gpro0wi8 lrazzd5p" role="link" href="https://www.facebook.com/hashtag/nossas?__cft__[0]=AZW2V1CRW8VKhZl6ZZ-wxm0trGnV4Dsgt_xrICWA9HGXJ211yil5AXOhIgAWqgUytQUoijLa2LMMsrrx1LUmaVTwDY-iZDdmWcW8bmbH4u5SAojC7efXccK2piJ-vE6IBmNNKOqOfcMNNj6fUFMxGKycQ_o5sH19eBsQdhUNPlzh_Q&amp;__tn__=*NK*F">#nossas</a> <a class="oajrlxb2 g5ia77u1 qu0x051f esr5mh6w e9989ue4 r7d6kgcz rq0escxv nhd2j8a9 nc684nl6 p7hjln8o kvgmc6g5 cxmmr5t8 oygrvhab hcukyx3x jb3vyjys rz4wbd8a qt6c0cv9 a8nywdso i1ao9s8h esuyzwwr f1sip0of lzcic4wl oo9gr5id gpro0wi8 lrazzd5p" role="link" href="https://www.facebook.com/hashtag/4gparaestudar?__cft__[0]=AZW2V1CRW8VKhZl6ZZ-wxm0trGnV4Dsgt_xrICWA9HGXJ211yil5AXOhIgAWqgUytQUoijLa2LMMsrrx1LUmaVTwDY-iZDdmWcW8bmbH4u5SAojC7efXccK2piJ-vE6IBmNNKOqOfcMNNj6fUFMxGKycQ_o5sH19eBsQdhUNPlzh_Q&amp;__tn__=*NK*F">#4gparaestudar</a> <a class="oajrlxb2 g5ia77u1 qu0x051f esr5mh6w e9989ue4 r7d6kgcz rq0escxv nhd2j8a9 nc684nl6 p7hjln8o kvgmc6g5 cxmmr5t8 oygrvhab hcukyx3x jb3vyjys rz4wbd8a qt6c0cv9 a8nywdso i1ao9s8h esuyzwwr f1sip0of lzcic4wl oo9gr5id gpro0wi8 lrazzd5p" role="link" href="https://www.facebook.com/hashtag/educa%C3%A7%C3%A3op%C3%BAblica?__cft__[0]=AZW2V1CRW8VKhZl6ZZ-wxm0trGnV4Dsgt_xrICWA9HGXJ211yil5AXOhIgAWqgUytQUoijLa2LMMsrrx1LUmaVTwDY-iZDdmWcW8bmbH4u5SAojC7efXccK2piJ-vE6IBmNNKOqOfcMNNj6fUFMxGKycQ_o5sH19eBsQdhUNPlzh_Q&amp;__tn__=*NK*F">#educaçãopública</a> <a class="oajrlxb2 g5ia77u1 qu0x051f esr5mh6w e9989ue4 r7d6kgcz rq0escxv nhd2j8a9 nc684nl6 p7hjln8o kvgmc6g5 cxmmr5t8 oygrvhab hcukyx3x jb3vyjys rz4wbd8a qt6c0cv9 a8nywdso i1ao9s8h esuyzwwr f1sip0of lzcic4wl oo9gr5id gpro0wi8 lrazzd5p" role="link" href="https://www.facebook.com/hashtag/universidadedemocr%C3%A1ticaeplural?__cft__[0]=AZW2V1CRW8VKhZl6ZZ-wxm0trGnV4Dsgt_xrICWA9HGXJ211yil5AXOhIgAWqgUytQUoijLa2LMMsrrx1LUmaVTwDY-iZDdmWcW8bmbH4u5SAojC7efXccK2piJ-vE6IBmNNKOqOfcMNNj6fUFMxGKycQ_o5sH19eBsQdhUNPlzh_Q&amp;__tn__=*NK*F">#universidadedemocráticaeplural</a></p>
<div class="oajrlxb2 g5ia77u1 qu0x051f esr5mh6w e9989ue4 r7d6kgcz rq0escxv nhd2j8a9 nc684nl6 p7hjln8o kvgmc6g5 cxmmr5t8 oygrvhab hcukyx3x jb3vyjys rz4wbd8a qt6c0cv9 a8nywdso i1ao9s8h esuyzwwr f1sip0of lzcic4wl oo9gr5id gpro0wi8 lrazzd5p" role="button"></div>

<p>Você já ouviu falar na 4G para estudar? Uma campanha organizada pelo Nossas, um laboratório de ativismo que acredita na educação como uma ferramenta para mitigar as desigualdades e criar novos futuros. Este laboratório organiza pessoas, através de campanhas de financiamento, para arrecadar fundos para pré-vestibulares comunitários do Rio de Janeiro. Após a mobilização nacional &hellip; </p>
<p><a class="more-link btn" href="https://wp.ufpel.edu.br/projetoauxilia/noticias/4g-para-estudar/">Continue lendo</a></p>
