{"id":52,"date":"2020-06-10T22:52:41","date_gmt":"2020-06-11T01:52:41","guid":{"rendered":"https:\/\/wp.ufpel.edu.br\/projetoauxilia\/?page_id=52"},"modified":"2020-06-11T23:00:50","modified_gmt":"2020-06-12T02:00:50","slug":"curso","status":"publish","type":"page","link":"https:\/\/wp.ufpel.edu.br\/projetoauxilia\/curso\/","title":{"rendered":"Quem Somos"},"content":{"rendered":"<div class=\"o9v6fnle cxmmr5t8 oygrvhab hcukyx3x c1et5uql ii04i59q\">\n<div dir=\"auto\" style=\"text-align: justify\">\u00a0 \u00a0 Somos um curso idealizado por duas jovens professoras cheias de sonhos e ideais. Um deles e o mais importante, uma educa\u00e7\u00e3o p\u00fablica de qualidade para TODOS no nosso pa\u00eds, que \u00e9 t\u00e3o cheio de desigualdades.<\/div>\n<\/div>\n<div class=\"o9v6fnle cxmmr5t8 oygrvhab hcukyx3x c1et5uql ii04i59q\" style=\"text-align: justify\">\n<p><img loading=\"lazy\" decoding=\"async\" class=\" wp-image-7 alignleft\" src=\"https:\/\/wp.ufpel.edu.br\/projetoauxilia\/files\/2020\/06\/Logo-Curso-400x400.jpg\" alt=\"\" width=\"376\" height=\"376\" srcset=\"https:\/\/wp.ufpel.edu.br\/projetoauxilia\/files\/2020\/06\/Logo-Curso-400x400.jpg 400w, https:\/\/wp.ufpel.edu.br\/projetoauxilia\/files\/2020\/06\/Logo-Curso-200x200.jpg 200w, https:\/\/wp.ufpel.edu.br\/projetoauxilia\/files\/2020\/06\/Logo-Curso.jpg 500w\" sizes=\"auto, (max-width: 376px) 100vw, 376px\" \/><\/p>\n<div dir=\"auto\">Visualizando a atual situa\u00e7\u00e3o do nosso pa\u00eds, acompanhando as noticias e as realidades que nos cercam, decidimos tentar colocar em\u00a0pr\u00e1tica uma ferramenta para ajudar os nossos alunos, que enfrentam dificuldades diariamente para estudarem e manterem aceso o sonho de ingressar em uma Universidade.<\/div>\n<div dir=\"auto\"><\/div>\n<\/div>\n<div class=\"o9v6fnle cxmmr5t8 oygrvhab hcukyx3x c1et5uql ii04i59q\" style=\"text-align: justify\">Por isso idealizamos com muito carinho este curso, totalmente GRATUITO e ONLINE!<\/div>\n<div dir=\"auto\">\u00a0 \u00a0 \u00a0 \u00a0Contamos com a ajuda de diversos colegas de profiss\u00e3o, que compartilham dos mesmos anseios que n\u00f3s e que possuem o mesmo ideal.<\/div>\n<div class=\"o9v6fnle cxmmr5t8 oygrvhab hcukyx3x c1et5uql ii04i59q\" style=\"text-align: justify\">\n<div dir=\"auto\">\u00a0 \u00a0 \u00a0Aqui estamos n\u00f3s, para tentar auxilia-los nesta etapa do percurso, que \u00e9 a prepara\u00e7\u00e3o para a prova do Enem.<\/div>\n<\/div>\n<div class=\"o9v6fnle cxmmr5t8 oygrvhab hcukyx3x c1et5uql ii04i59q\" style=\"text-align: justify\">\n<div dir=\"auto\">\u00a0 \u00a0 O nome do nosso curso, &#8220;Auxilia&#8221;, foi pensado justamente por ser uma ferramenta de aux\u00edlio para os estudantes, nesse momento complicado que estamos enfrentando.<\/div>\n<\/div>\n<div class=\"o9v6fnle cxmmr5t8 oygrvhab hcukyx3x c1et5uql ii04i59q\" style=\"text-align: justify\">\n<div dir=\"auto\">\u00a0 \u00a0 \u00a0 \u00a0Esperamos poder desenvolver um \u00f3timo trabalho e ajudar nossos queridos alunos.<\/div>\n<\/div>\n<div class=\"o9v6fnle cxmmr5t8 oygrvhab hcukyx3x c1et5uql ii04i59q\" style=\"text-align: justify\">\n<div dir=\"auto\">\u00a0 \u00a0 \u00a0 \u00a0Sejam todos muito bem vindos e contem conosco para lutarem pelos seus sonhos <span class=\"q9uorilb tbxw36s4 knj5qynh kvgmc6g5 ditlmg2l oygrvhab nvdbi5me fgm26odu gl3lb2sf hhz5lgdu\"><img loading=\"lazy\" decoding=\"async\" src=\"https:\/\/static.xx.fbcdn.net\/images\/emoji.php\/v9\/tc5\/1.5\/16\/1f4aa.png\" alt=\"?\" width=\"16\" height=\"16\" \/><\/span><span class=\"q9uorilb tbxw36s4 knj5qynh kvgmc6g5 ditlmg2l oygrvhab nvdbi5me fgm26odu gl3lb2sf hhz5lgdu\"><img loading=\"lazy\" decoding=\"async\" src=\"https:\/\/static.xx.fbcdn.net\/images\/emoji.php\/v9\/t56\/1.5\/16\/1f64c.png\" alt=\"?\" width=\"16\" height=\"16\" \/><\/span><\/div>\n<div dir=\"auto\">.<\/div>\n<div dir=\"auto\">,<\/div>\n<div dir=\"auto\">#auxiliaenem #educa\u00e7\u00e3op\u00fablica #educa\u00e7\u00e3odequalidade #enem2020<\/div>\n<\/div>\n","protected":false},"excerpt":{"rendered":"<p>\u00a0 \u00a0 Somos um curso idealizado por duas jovens professoras cheias de sonhos e ideais. Um deles e o mais importante, uma educa\u00e7\u00e3o p\u00fablica de qualidade para TODOS no nosso pa\u00eds, que \u00e9 t\u00e3o cheio de desigualdades. Visualizando a atual situa\u00e7\u00e3o do nosso pa\u00eds, acompanhando as noticias e as realidades que nos cercam, decidimos tentar &hellip; <\/p>\n<p><a class=\"more-link btn\" href=\"https:\/\/wp.ufpel.edu.br\/projetoauxilia\/curso\/\">Continue lendo<\/a><\/p>\n","protected":false},"author":1019,"featured_media":0,"parent":0,"menu_order":0,"comment_status":"closed","ping_status":"closed","template":"","meta":{"footnotes":""},"class_list":["post-52","page","type-page","status-publish","hentry","nodate","item-wrap"],"_links":{"self":[{"href":"https:\/\/wp.ufpel.edu.br\/projetoauxilia\/wp-json\/wp\/v2\/pages\/52","targetHints":{"allow":["GET"]}}],"collection":[{"href":"https:\/\/wp.ufpel.edu.br\/projetoauxilia\/wp-json\/wp\/v2\/pages"}],"about":[{"href":"https:\/\/wp.ufpel.edu.br\/projetoauxilia\/wp-json\/wp\/v2\/types\/page"}],"author":[{"embeddable":true,"href":"https:\/\/wp.ufpel.edu.br\/projetoauxilia\/wp-json\/wp\/v2\/users\/1019"}],"replies":[{"embeddable":true,"href":"https:\/\/wp.ufpel.edu.br\/projetoauxilia\/wp-json\/wp\/v2\/comments?post=52"}],"version-history":[{"count":5,"href":"https:\/\/wp.ufpel.edu.br\/projetoauxilia\/wp-json\/wp\/v2\/pages\/52\/revisions"}],"predecessor-version":[{"id":92,"href":"https:\/\/wp.ufpel.edu.br\/projetoauxilia\/wp-json\/wp\/v2\/pages\/52\/revisions\/92"}],"wp:attachment":[{"href":"https:\/\/wp.ufpel.edu.br\/projetoauxilia\/wp-json\/wp\/v2\/media?parent=52"}],"curies":[{"name":"wp","href":"https:\/\/api.w.org\/{rel}","templated":true}]}}

<div class="o9v6fnle cxmmr5t8 oygrvhab hcukyx3x c1et5uql ii04i59q">
<div dir="auto" style="text-align: justify">    Somos um curso idealizado por duas jovens professoras cheias de sonhos e ideais. Um deles e o mais importante, uma educação pública de qualidade para TODOS no nosso país, que é tão cheio de desigualdades.</div>
</div>
<div class="o9v6fnle cxmmr5t8 oygrvhab hcukyx3x c1et5uql ii04i59q" style="text-align: justify">
<p><img loading="lazy" decoding="async" class=" wp-image-7 alignleft" src="https://wp.ufpel.edu.br/projetoauxilia/files/2020/06/Logo-Curso-400x400.jpg" alt="" width="376" height="376" srcset="https://wp.ufpel.edu.br/projetoauxilia/files/2020/06/Logo-Curso-400x400.jpg 400w, https://wp.ufpel.edu.br/projetoauxilia/files/2020/06/Logo-Curso-200x200.jpg 200w, https://wp.ufpel.edu.br/projetoauxilia/files/2020/06/Logo-Curso.jpg 500w" sizes="auto, (max-width: 376px) 100vw, 376px" /></p>
<div dir="auto">Visualizando a atual situação do nosso país, acompanhando as noticias e as realidades que nos cercam, decidimos tentar colocar em prática uma ferramenta para ajudar os nossos alunos, que enfrentam dificuldades diariamente para estudarem e manterem aceso o sonho de ingressar em uma Universidade.</div>
<div dir="auto"></div>
</div>
<div class="o9v6fnle cxmmr5t8 oygrvhab hcukyx3x c1et5uql ii04i59q" style="text-align: justify">Por isso idealizamos com muito carinho este curso, totalmente GRATUITO e ONLINE!</div>
<div dir="auto">       Contamos com a ajuda de diversos colegas de profissão, que compartilham dos mesmos anseios que nós e que possuem o mesmo ideal.</div>
<div class="o9v6fnle cxmmr5t8 oygrvhab hcukyx3x c1et5uql ii04i59q" style="text-align: justify">
<div dir="auto">     Aqui estamos nós, para tentar auxilia-los nesta etapa do percurso, que é a preparação para a prova do Enem.</div>
</div>
<div class="o9v6fnle cxmmr5t8 oygrvhab hcukyx3x c1et5uql ii04i59q" style="text-align: justify">
<div dir="auto">    O nome do nosso curso, &#8220;Auxilia&#8221;, foi pensado justamente por ser uma ferramenta de auxílio para os estudantes, nesse momento complicado que estamos enfrentando.</div>
</div>
<div class="o9v6fnle cxmmr5t8 oygrvhab hcukyx3x c1et5uql ii04i59q" style="text-align: justify">
<div dir="auto">       Esperamos poder desenvolver um ótimo trabalho e ajudar nossos queridos alunos.</div>
</div>
<div class="o9v6fnle cxmmr5t8 oygrvhab hcukyx3x c1et5uql ii04i59q" style="text-align: justify">
<div dir="auto">       Sejam todos muito bem vindos e contem conosco para lutarem pelos seus sonhos <span class="q9uorilb tbxw36s4 knj5qynh kvgmc6g5 ditlmg2l oygrvhab nvdbi5me fgm26odu gl3lb2sf hhz5lgdu"><img loading="lazy" decoding="async" src="https://static.xx.fbcdn.net/images/emoji.php/v9/tc5/1.5/16/1f4aa.png" alt="?" width="16" height="16" /></span><span class="q9uorilb tbxw36s4 knj5qynh kvgmc6g5 ditlmg2l oygrvhab nvdbi5me fgm26odu gl3lb2sf hhz5lgdu"><img loading="lazy" decoding="async" src="https://static.xx.fbcdn.net/images/emoji.php/v9/t56/1.5/16/1f64c.png" alt="?" width="16" height="16" /></span></div>
<div dir="auto">.</div>
<div dir="auto">,</div>
<div dir="auto">#auxiliaenem #educaçãopública #educaçãodequalidade #enem2020</div>
</div>

<p>    Somos um curso idealizado por duas jovens professoras cheias de sonhos e ideais. Um deles e o mais importante, uma educação pública de qualidade para TODOS no nosso país, que é tão cheio de desigualdades. Visualizando a atual situação do nosso país, acompanhando as noticias e as realidades que nos cercam, decidimos tentar &hellip; </p>
<p><a class="more-link btn" href="https://wp.ufpel.edu.br/projetoauxilia/curso/">Continue lendo</a></p>
