{"id":166,"date":"2020-07-07T23:19:27","date_gmt":"2020-07-08T02:19:27","guid":{"rendered":"https:\/\/wp.ufpel.edu.br\/projetoauxilia\/?page_id=166"},"modified":"2020-09-10T09:57:32","modified_gmt":"2020-09-10T12:57:32","slug":"redacao","status":"publish","type":"page","link":"https:\/\/wp.ufpel.edu.br\/projetoauxilia\/materiais\/redacao\/","title":{"rendered":"Reda\u00e7\u00e3o"},"content":{"rendered":"<p><a href=\"https:\/\/wp.ufpel.edu.br\/projetoauxilia\/files\/2020\/07\/Reda\u00e7\u00e3o-Aula-1.pdf\">Reda\u00e7\u00e3o &#8211; Aula 1<\/a><\/p>\n<p><a href=\"https:\/\/wp.ufpel.edu.br\/projetoauxilia\/files\/2020\/07\/Reda\u00e7\u00e3o-Aula-2.pdf\">Reda\u00e7\u00e3o &#8211; Aula 2<\/a><\/p>\n<p><a href=\"https:\/\/wp.ufpel.edu.br\/projetoauxilia\/files\/2020\/08\/Reda\u00e7\u00e3o-Aula-3.pdf\">Reda\u00e7\u00e3o &#8211; Aula 3<\/a><\/p>\n<p><a href=\"https:\/\/wp.ufpel.edu.br\/projetoauxilia\/files\/2020\/08\/Reda\u00e7\u00e3o-Aula-4.pdf\">Reda\u00e7\u00e3o &#8211; Aula 4<\/a><\/p>\n<p><a href=\"https:\/\/wp.ufpel.edu.br\/projetoauxilia\/files\/2020\/08\/Reda\u00e7\u00e3o-Aula-5.pdf\">Reda\u00e7\u00e3o &#8211; Aula 5<\/a><\/p>\n<p><a href=\"https:\/\/wp.ufpel.edu.br\/projetoauxilia\/files\/2020\/08\/Reda\u00e7\u00e3o-Aula-6.pdf\">Reda\u00e7\u00e3o &#8211; Aula 6<\/a><\/p>\n<p><a href=\"https:\/\/wp.ufpel.edu.br\/projetoauxilia\/files\/2020\/09\/Redacao-Aula-7.pdf\">Reda\u00e7\u00e3o &#8211; Aula 7<\/a><\/p>\n<p><a href=\"https:\/\/wp.ufpel.edu.br\/projetoauxilia\/files\/2020\/09\/Redacao-Aula-8.pdf\">Reda\u00e7\u00e3o &#8211; Aula 8<\/a><\/p>\n<p><a href=\"https:\/\/wp.ufpel.edu.br\/projetoauxilia\/files\/2020\/09\/Redacao-Aula-9.pdf\">Reda\u00e7\u00e3o &#8211; Aula 9<\/a><\/p>\n","protected":false},"excerpt":{"rendered":"<p>Reda\u00e7\u00e3o &#8211; Aula 1 Reda\u00e7\u00e3o &#8211; Aula 2 Reda\u00e7\u00e3o &#8211; Aula 3 Reda\u00e7\u00e3o &#8211; Aula 4 Reda\u00e7\u00e3o &#8211; Aula 5 Reda\u00e7\u00e3o &#8211; Aula 6 Reda\u00e7\u00e3o &#8211; Aula 7 Reda\u00e7\u00e3o &#8211; Aula 8 Reda\u00e7\u00e3o &#8211; Aula 9<\/p>\n","protected":false},"author":1019,"featured_media":0,"parent":53,"menu_order":0,"comment_status":"closed","ping_status":"closed","template":"","meta":{"footnotes":""},"class_list":["post-166","page","type-page","status-publish","hentry","nodate","item-wrap"],"_links":{"self":[{"href":"https:\/\/wp.ufpel.edu.br\/projetoauxilia\/wp-json\/wp\/v2\/pages\/166","targetHints":{"allow":["GET"]}}],"collection":[{"href":"https:\/\/wp.ufpel.edu.br\/projetoauxilia\/wp-json\/wp\/v2\/pages"}],"about":[{"href":"https:\/\/wp.ufpel.edu.br\/projetoauxilia\/wp-json\/wp\/v2\/types\/page"}],"author":[{"embeddable":true,"href":"https:\/\/wp.ufpel.edu.br\/projetoauxilia\/wp-json\/wp\/v2\/users\/1019"}],"replies":[{"embeddable":true,"href":"https:\/\/wp.ufpel.edu.br\/projetoauxilia\/wp-json\/wp\/v2\/comments?post=166"}],"version-history":[{"count":6,"href":"https:\/\/wp.ufpel.edu.br\/projetoauxilia\/wp-json\/wp\/v2\/pages\/166\/revisions"}],"predecessor-version":[{"id":352,"href":"https:\/\/wp.ufpel.edu.br\/projetoauxilia\/wp-json\/wp\/v2\/pages\/166\/revisions\/352"}],"up":[{"embeddable":true,"href":"https:\/\/wp.ufpel.edu.br\/projetoauxilia\/wp-json\/wp\/v2\/pages\/53"}],"wp:attachment":[{"href":"https:\/\/wp.ufpel.edu.br\/projetoauxilia\/wp-json\/wp\/v2\/media?parent=166"}],"curies":[{"name":"wp","href":"https:\/\/api.w.org\/{rel}","templated":true}]}}