{"id":151,"date":"2020-07-07T23:15:40","date_gmt":"2020-07-08T02:15:40","guid":{"rendered":"https:\/\/wp.ufpel.edu.br\/projetoauxilia\/?page_id=151"},"modified":"2020-09-10T09:54:40","modified_gmt":"2020-09-10T12:54:40","slug":"ingles","status":"publish","type":"page","link":"https:\/\/wp.ufpel.edu.br\/projetoauxilia\/materiais\/ingles\/","title":{"rendered":"Ingl\u00eas"},"content":{"rendered":"<p><a href=\"https:\/\/wp.ufpel.edu.br\/projetoauxilia\/files\/2020\/07\/Ingl\u00eas-Aula-1.pdf\">Ingl\u00eas &#8211; Aula 1<\/a><\/p>\n<p><a href=\"https:\/\/wp.ufpel.edu.br\/projetoauxilia\/files\/2020\/07\/Ingl\u00eas-Aula-2.pdf\">Ingl\u00eas &#8211; Aula 2<\/a><\/p>\n<p><a href=\"https:\/\/wp.ufpel.edu.br\/projetoauxilia\/files\/2020\/08\/Ingl\u00eas-Aula-3.pdf\">Ingl\u00eas &#8211; Aula 3<\/a><\/p>\n<p><a href=\"https:\/\/wp.ufpel.edu.br\/projetoauxilia\/files\/2020\/08\/Ingl\u00eas-Aula-4.pdf\">Ingl\u00eas &#8211; Aula 4<\/a><\/p>\n<p><a href=\"https:\/\/wp.ufpel.edu.br\/projetoauxilia\/files\/2020\/08\/Ingl\u00eas-Aula-5.pdf\">Ingl\u00eas &#8211; Aula 5<\/a><\/p>\n<p><a href=\"https:\/\/wp.ufpel.edu.br\/projetoauxilia\/files\/2020\/08\/Ingl\u00eas-Aula-6.pdf\">I<\/a><a href=\"https:\/\/wp.ufpel.edu.br\/projetoauxilia\/files\/2020\/08\/Ingl\u00eas-Aula-6.pdf\">ngl\u00eas &#8211; Aula 6<\/a><\/p>\n<p><a href=\"https:\/\/wp.ufpel.edu.br\/projetoauxilia\/files\/2020\/09\/Ingles-Aula-7.pdf\">Ingl\u00eas &#8211; Aula 7<\/a><\/p>\n<p><a href=\"https:\/\/wp.ufpel.edu.br\/projetoauxilia\/files\/2020\/09\/Ingles-Aula-8.pdf\">Ingl\u00eas &#8211; Aula 8<\/a><\/p>\n<p><a href=\"https:\/\/wp.ufpel.edu.br\/projetoauxilia\/files\/2020\/09\/Ingles-Aula-9.pdf\">Ingl\u00eas &#8211; Aula 9<\/a><\/p>\n<p><a href=\"https:\/\/wp.ufpel.edu.br\/projetoauxilia\/files\/2020\/09\/Ingles-Aula-10.pdf\">Ingl\u00eas &#8211; Aula 10<\/a><\/p>\n","protected":false},"excerpt":{"rendered":"<p>Ingl\u00eas &#8211; Aula 1 Ingl\u00eas &#8211; Aula 2 Ingl\u00eas &#8211; Aula 3 Ingl\u00eas &#8211; Aula 4 Ingl\u00eas &#8211; Aula 5 Ingl\u00eas &#8211; Aula 6 Ingl\u00eas &#8211; Aula 7 Ingl\u00eas &#8211; Aula 8 Ingl\u00eas &#8211; Aula 9 Ingl\u00eas &#8211; Aula 10<\/p>\n","protected":false},"author":1019,"featured_media":0,"parent":53,"menu_order":0,"comment_status":"closed","ping_status":"closed","template":"","meta":{"footnotes":""},"class_list":["post-151","page","type-page","status-publish","hentry","nodate","item-wrap"],"_links":{"self":[{"href":"https:\/\/wp.ufpel.edu.br\/projetoauxilia\/wp-json\/wp\/v2\/pages\/151","targetHints":{"allow":["GET"]}}],"collection":[{"href":"https:\/\/wp.ufpel.edu.br\/projetoauxilia\/wp-json\/wp\/v2\/pages"}],"about":[{"href":"https:\/\/wp.ufpel.edu.br\/projetoauxilia\/wp-json\/wp\/v2\/types\/page"}],"author":[{"embeddable":true,"href":"https:\/\/wp.ufpel.edu.br\/projetoauxilia\/wp-json\/wp\/v2\/users\/1019"}],"replies":[{"embeddable":true,"href":"https:\/\/wp.ufpel.edu.br\/projetoauxilia\/wp-json\/wp\/v2\/comments?post=151"}],"version-history":[{"count":6,"href":"https:\/\/wp.ufpel.edu.br\/projetoauxilia\/wp-json\/wp\/v2\/pages\/151\/revisions"}],"predecessor-version":[{"id":339,"href":"https:\/\/wp.ufpel.edu.br\/projetoauxilia\/wp-json\/wp\/v2\/pages\/151\/revisions\/339"}],"up":[{"embeddable":true,"href":"https:\/\/wp.ufpel.edu.br\/projetoauxilia\/wp-json\/wp\/v2\/pages\/53"}],"wp:attachment":[{"href":"https:\/\/wp.ufpel.edu.br\/projetoauxilia\/wp-json\/wp\/v2\/media?parent=151"}],"curies":[{"name":"wp","href":"https:\/\/api.w.org\/{rel}","templated":true}]}}