{"id":104,"date":"2020-06-11T23:27:30","date_gmt":"2020-06-12T02:27:30","guid":{"rendered":"https:\/\/wp.ufpel.edu.br\/projetoauxilia\/?page_id=104"},"modified":"2020-06-11T23:27:30","modified_gmt":"2020-06-12T02:27:30","slug":"pretos-no-enem","status":"publish","type":"page","link":"https:\/\/wp.ufpel.edu.br\/projetoauxilia\/noticias\/pretos-no-enem\/","title":{"rendered":"Pretos no Enem"},"content":{"rendered":"<div class=\"kvgmc6g5 cxmmr5t8 oygrvhab hcukyx3x c1et5uql ii04i59q\">\n<p dir=\"auto\" style=\"text-align: justify\">O projeto PRETOS NO ENEM visa auxiliar pessoas pretas que n\u00e3o conseguiram a isen\u00e7\u00e3o da taxa de inscri\u00e7\u00e3o do Enem 2020 ou que, por algum motivo, t\u00eam dificuldade de pag\u00e1-la, a dar o primeiro passo para ingressarem no Ensino Superior. <img loading=\"lazy\" decoding=\"async\" class=\" wp-image-98 alignleft\" src=\"https:\/\/wp.ufpel.edu.br\/projetoauxilia\/files\/2020\/06\/pretosnoenem-400x400.png\" alt=\"\" width=\"323\" height=\"323\" srcset=\"https:\/\/wp.ufpel.edu.br\/projetoauxilia\/files\/2020\/06\/pretosnoenem-400x400.png 400w, https:\/\/wp.ufpel.edu.br\/projetoauxilia\/files\/2020\/06\/pretosnoenem-200x200.png 200w, https:\/\/wp.ufpel.edu.br\/projetoauxilia\/files\/2020\/06\/pretosnoenem.png 500w\" sizes=\"auto, (max-width: 323px) 100vw, 323px\" \/>Por meio de uma rede org\u00e2nica de comunica\u00e7\u00e3o nas m\u00eddias sociais, eles fazem a ponte entre quem precisa de ajuda e quem pode ajudar, levando um boleto a um colaborador e enviando o comprovante de pagamento ao benefici\u00e1rio.<\/p>\n<\/div>\n<div dir=\"auto\">O projeto j\u00e1 conta com 15 mil pessoas dispostas a ajudar. Agora precisamos que essa informa\u00e7\u00e3o chegue aos estudantes antes do dia 10, quando acaba o prazo de pagamento da taxa de inscri\u00e7\u00e3o para o Enem 2020. Se voc\u00ea conhece algu\u00e9m que ir\u00e1 prestar o Enem em 2020 e se encaixa na descri\u00e7\u00e3o acima, pe\u00e7a para enviar mensagem para o instagram do @pretosnoenem ou um e-mail para pretosnoenem@gmail.com.<\/div>\n<div dir=\"auto\">O MEC estima que 300 mil alunos n\u00e3o conseguir\u00e3o pagar a taxa de inscri\u00e7\u00e3o. Espalhem a informa\u00e7\u00e3o e procurem mais detalhes em: <a class=\"oajrlxb2 g5ia77u1 qu0x051f esr5mh6w e9989ue4 r7d6kgcz rq0escxv nhd2j8a9 nc684nl6 p7hjln8o kvgmc6g5 cxmmr5t8 oygrvhab hcukyx3x jb3vyjys rz4wbd8a qt6c0cv9 a8nywdso i1ao9s8h esuyzwwr f1sip0of lzcic4wl py34i1dx gpro0wi8\" role=\"link\" href=\"https:\/\/l.facebook.com\/l.php?u=https%3A%2F%2Fpretosnoenem.com%2F%3Ffbclid%3DIwAR2XhCKvkebu89m5x0IJhzDrCnIy3o-ec1nKcaHdLmJQgT3JyFLdY6Ntw3I&amp;h=AT07P3YflGl3xc01AzEDG8BNeMgDy6IahZZz4NnTdXBo7lgVxYIUXaUyoMrIa2x7VM111d0IV4SFddGesEoDgMXGmI8f3u7uKQKDeibhxRjko-mvTUB7Bq0elxRUj4y9rqsEryeD1qJlcMrwRA&amp;__tn__=-UK-R&amp;c[0]=AT2WIBpxgRPTqjQVG7W2KDAk7rklB-qmOKsLSpcIgHDC0ZiQQCS9AtzwkETqMzcjOBu4bfS5DteX69GWakLzr6JoOZR2mKl59nRMCM6jtRVjlDtIE9H4PLY6TEhPnKQmEM8MZtTFnwQUCZ7Zyc2EYP4YIp3SfN8JXdTYS0NP3wCGDKu-9y1EgiiniQ\" target=\"_blank\" rel=\"nofollow noopener noreferrer\">https:\/\/pretosnoenem.com\/<\/a><\/div>\n<div class=\"o9v6fnle cxmmr5t8 oygrvhab hcukyx3x c1et5uql ii04i59q\">\n<p dir=\"auto\" style=\"text-align: justify\"><a class=\"oajrlxb2 g5ia77u1 qu0x051f esr5mh6w e9989ue4 r7d6kgcz rq0escxv nhd2j8a9 nc684nl6 p7hjln8o kvgmc6g5 cxmmr5t8 oygrvhab hcukyx3x jb3vyjys rz4wbd8a qt6c0cv9 a8nywdso i1ao9s8h esuyzwwr f1sip0of lzcic4wl oo9gr5id gpro0wi8 lrazzd5p\" role=\"link\" href=\"https:\/\/www.facebook.com\/hashtag\/pretosnoenem?__cft__[0]=AZXcW2PvkiumZpL3lSxDCwf38n22KBcLQ5FTCefTgG2DP7_CjVRVvehYVT2lvLhfCEw9kDn_Fu09WgjvG3RKN-Y8ElsZSSZNP9cf8Ymp5WfpzoMHR9R9lpH8fmhEoo1YVzrt75bZJ71BITNVwGGYjqNsmvjFU4jkX-lPKfp3bef0Hg&amp;__tn__=*NK-R\">#auxiliaenem #pretosnoenem<\/a> <a class=\"oajrlxb2 g5ia77u1 qu0x051f esr5mh6w e9989ue4 r7d6kgcz rq0escxv nhd2j8a9 nc684nl6 p7hjln8o kvgmc6g5 cxmmr5t8 oygrvhab hcukyx3x jb3vyjys rz4wbd8a qt6c0cv9 a8nywdso i1ao9s8h esuyzwwr f1sip0of lzcic4wl oo9gr5id gpro0wi8 lrazzd5p\" role=\"link\" href=\"https:\/\/www.facebook.com\/hashtag\/educacaopublica?__cft__[0]=AZXcW2PvkiumZpL3lSxDCwf38n22KBcLQ5FTCefTgG2DP7_CjVRVvehYVT2lvLhfCEw9kDn_Fu09WgjvG3RKN-Y8ElsZSSZNP9cf8Ymp5WfpzoMHR9R9lpH8fmhEoo1YVzrt75bZJ71BITNVwGGYjqNsmvjFU4jkX-lPKfp3bef0Hg&amp;__tn__=*NK-R\">#educa\u00e7\u00e3op\u00fablica<\/a> <a class=\"oajrlxb2 g5ia77u1 qu0x051f esr5mh6w e9989ue4 r7d6kgcz rq0escxv nhd2j8a9 nc684nl6 p7hjln8o kvgmc6g5 cxmmr5t8 oygrvhab hcukyx3x jb3vyjys rz4wbd8a qt6c0cv9 a8nywdso i1ao9s8h esuyzwwr f1sip0of lzcic4wl oo9gr5id gpro0wi8 lrazzd5p\" role=\"link\" href=\"https:\/\/www.facebook.com\/hashtag\/enem2020?__cft__[0]=AZXcW2PvkiumZpL3lSxDCwf38n22KBcLQ5FTCefTgG2DP7_CjVRVvehYVT2lvLhfCEw9kDn_Fu09WgjvG3RKN-Y8ElsZSSZNP9cf8Ymp5WfpzoMHR9R9lpH8fmhEoo1YVzrt75bZJ71BITNVwGGYjqNsmvjFU4jkX-lPKfp3bef0Hg&amp;__tn__=*NK-R\">#enem2020<\/a><\/p>\n<\/div>\n","protected":false},"excerpt":{"rendered":"<p>O projeto PRETOS NO ENEM visa auxiliar pessoas pretas que n\u00e3o conseguiram a isen\u00e7\u00e3o da taxa de inscri\u00e7\u00e3o do Enem 2020 ou que, por algum motivo, t\u00eam dificuldade de pag\u00e1-la, a dar o primeiro passo para ingressarem no Ensino Superior. Por meio de uma rede org\u00e2nica de comunica\u00e7\u00e3o nas m\u00eddias sociais, eles fazem a ponte &hellip; <\/p>\n<p><a class=\"more-link btn\" href=\"https:\/\/wp.ufpel.edu.br\/projetoauxilia\/noticias\/pretos-no-enem\/\">Continue lendo<\/a><\/p>\n","protected":false},"author":1019,"featured_media":0,"parent":54,"menu_order":0,"comment_status":"closed","ping_status":"closed","template":"","meta":{"footnotes":""},"class_list":["post-104","page","type-page","status-publish","hentry","nodate","item-wrap"],"_links":{"self":[{"href":"https:\/\/wp.ufpel.edu.br\/projetoauxilia\/wp-json\/wp\/v2\/pages\/104","targetHints":{"allow":["GET"]}}],"collection":[{"href":"https:\/\/wp.ufpel.edu.br\/projetoauxilia\/wp-json\/wp\/v2\/pages"}],"about":[{"href":"https:\/\/wp.ufpel.edu.br\/projetoauxilia\/wp-json\/wp\/v2\/types\/page"}],"author":[{"embeddable":true,"href":"https:\/\/wp.ufpel.edu.br\/projetoauxilia\/wp-json\/wp\/v2\/users\/1019"}],"replies":[{"embeddable":true,"href":"https:\/\/wp.ufpel.edu.br\/projetoauxilia\/wp-json\/wp\/v2\/comments?post=104"}],"version-history":[{"count":1,"href":"https:\/\/wp.ufpel.edu.br\/projetoauxilia\/wp-json\/wp\/v2\/pages\/104\/revisions"}],"predecessor-version":[{"id":105,"href":"https:\/\/wp.ufpel.edu.br\/projetoauxilia\/wp-json\/wp\/v2\/pages\/104\/revisions\/105"}],"up":[{"embeddable":true,"href":"https:\/\/wp.ufpel.edu.br\/projetoauxilia\/wp-json\/wp\/v2\/pages\/54"}],"wp:attachment":[{"href":"https:\/\/wp.ufpel.edu.br\/projetoauxilia\/wp-json\/wp\/v2\/media?parent=104"}],"curies":[{"name":"wp","href":"https:\/\/api.w.org\/{rel}","templated":true}]}}

<div class="kvgmc6g5 cxmmr5t8 oygrvhab hcukyx3x c1et5uql ii04i59q">
<p dir="auto" style="text-align: justify">O projeto PRETOS NO ENEM visa auxiliar pessoas pretas que não conseguiram a isenção da taxa de inscrição do Enem 2020 ou que, por algum motivo, têm dificuldade de pagá-la, a dar o primeiro passo para ingressarem no Ensino Superior. <img loading="lazy" decoding="async" class=" wp-image-98 alignleft" src="https://wp.ufpel.edu.br/projetoauxilia/files/2020/06/pretosnoenem-400x400.png" alt="" width="323" height="323" srcset="https://wp.ufpel.edu.br/projetoauxilia/files/2020/06/pretosnoenem-400x400.png 400w, https://wp.ufpel.edu.br/projetoauxilia/files/2020/06/pretosnoenem-200x200.png 200w, https://wp.ufpel.edu.br/projetoauxilia/files/2020/06/pretosnoenem.png 500w" sizes="auto, (max-width: 323px) 100vw, 323px" />Por meio de uma rede orgânica de comunicação nas mídias sociais, eles fazem a ponte entre quem precisa de ajuda e quem pode ajudar, levando um boleto a um colaborador e enviando o comprovante de pagamento ao beneficiário.</p>
</div>
<div dir="auto">O projeto já conta com 15 mil pessoas dispostas a ajudar. Agora precisamos que essa informação chegue aos estudantes antes do dia 10, quando acaba o prazo de pagamento da taxa de inscrição para o Enem 2020. Se você conhece alguém que irá prestar o Enem em 2020 e se encaixa na descrição acima, peça para enviar mensagem para o instagram do @pretosnoenem ou um e-mail para pretosnoenem@gmail.com.</div>
<div dir="auto">O MEC estima que 300 mil alunos não conseguirão pagar a taxa de inscrição. Espalhem a informação e procurem mais detalhes em: <a class="oajrlxb2 g5ia77u1 qu0x051f esr5mh6w e9989ue4 r7d6kgcz rq0escxv nhd2j8a9 nc684nl6 p7hjln8o kvgmc6g5 cxmmr5t8 oygrvhab hcukyx3x jb3vyjys rz4wbd8a qt6c0cv9 a8nywdso i1ao9s8h esuyzwwr f1sip0of lzcic4wl py34i1dx gpro0wi8" role="link" href="https://l.facebook.com/l.php?u=https%3A%2F%2Fpretosnoenem.com%2F%3Ffbclid%3DIwAR2XhCKvkebu89m5x0IJhzDrCnIy3o-ec1nKcaHdLmJQgT3JyFLdY6Ntw3I&amp;h=AT07P3YflGl3xc01AzEDG8BNeMgDy6IahZZz4NnTdXBo7lgVxYIUXaUyoMrIa2x7VM111d0IV4SFddGesEoDgMXGmI8f3u7uKQKDeibhxRjko-mvTUB7Bq0elxRUj4y9rqsEryeD1qJlcMrwRA&amp;__tn__=-UK-R&amp;c[0]=AT2WIBpxgRPTqjQVG7W2KDAk7rklB-qmOKsLSpcIgHDC0ZiQQCS9AtzwkETqMzcjOBu4bfS5DteX69GWakLzr6JoOZR2mKl59nRMCM6jtRVjlDtIE9H4PLY6TEhPnKQmEM8MZtTFnwQUCZ7Zyc2EYP4YIp3SfN8JXdTYS0NP3wCGDKu-9y1EgiiniQ" target="_blank" rel="nofollow noopener noreferrer">https://pretosnoenem.com/</a></div>
<div class="o9v6fnle cxmmr5t8 oygrvhab hcukyx3x c1et5uql ii04i59q">
<p dir="auto" style="text-align: justify"><a class="oajrlxb2 g5ia77u1 qu0x051f esr5mh6w e9989ue4 r7d6kgcz rq0escxv nhd2j8a9 nc684nl6 p7hjln8o kvgmc6g5 cxmmr5t8 oygrvhab hcukyx3x jb3vyjys rz4wbd8a qt6c0cv9 a8nywdso i1ao9s8h esuyzwwr f1sip0of lzcic4wl oo9gr5id gpro0wi8 lrazzd5p" role="link" href="https://www.facebook.com/hashtag/pretosnoenem?__cft__[0]=AZXcW2PvkiumZpL3lSxDCwf38n22KBcLQ5FTCefTgG2DP7_CjVRVvehYVT2lvLhfCEw9kDn_Fu09WgjvG3RKN-Y8ElsZSSZNP9cf8Ymp5WfpzoMHR9R9lpH8fmhEoo1YVzrt75bZJ71BITNVwGGYjqNsmvjFU4jkX-lPKfp3bef0Hg&amp;__tn__=*NK-R">#auxiliaenem #pretosnoenem</a> <a class="oajrlxb2 g5ia77u1 qu0x051f esr5mh6w e9989ue4 r7d6kgcz rq0escxv nhd2j8a9 nc684nl6 p7hjln8o kvgmc6g5 cxmmr5t8 oygrvhab hcukyx3x jb3vyjys rz4wbd8a qt6c0cv9 a8nywdso i1ao9s8h esuyzwwr f1sip0of lzcic4wl oo9gr5id gpro0wi8 lrazzd5p" role="link" href="https://www.facebook.com/hashtag/educacaopublica?__cft__[0]=AZXcW2PvkiumZpL3lSxDCwf38n22KBcLQ5FTCefTgG2DP7_CjVRVvehYVT2lvLhfCEw9kDn_Fu09WgjvG3RKN-Y8ElsZSSZNP9cf8Ymp5WfpzoMHR9R9lpH8fmhEoo1YVzrt75bZJ71BITNVwGGYjqNsmvjFU4jkX-lPKfp3bef0Hg&amp;__tn__=*NK-R">#educaçãopública</a> <a class="oajrlxb2 g5ia77u1 qu0x051f esr5mh6w e9989ue4 r7d6kgcz rq0escxv nhd2j8a9 nc684nl6 p7hjln8o kvgmc6g5 cxmmr5t8 oygrvhab hcukyx3x jb3vyjys rz4wbd8a qt6c0cv9 a8nywdso i1ao9s8h esuyzwwr f1sip0of lzcic4wl oo9gr5id gpro0wi8 lrazzd5p" role="link" href="https://www.facebook.com/hashtag/enem2020?__cft__[0]=AZXcW2PvkiumZpL3lSxDCwf38n22KBcLQ5FTCefTgG2DP7_CjVRVvehYVT2lvLhfCEw9kDn_Fu09WgjvG3RKN-Y8ElsZSSZNP9cf8Ymp5WfpzoMHR9R9lpH8fmhEoo1YVzrt75bZJ71BITNVwGGYjqNsmvjFU4jkX-lPKfp3bef0Hg&amp;__tn__=*NK-R">#enem2020</a></p>
</div>

<p>O projeto PRETOS NO ENEM visa auxiliar pessoas pretas que não conseguiram a isenção da taxa de inscrição do Enem 2020 ou que, por algum motivo, têm dificuldade de pagá-la, a dar o primeiro passo para ingressarem no Ensino Superior. Por meio de uma rede orgânica de comunicação nas mídias sociais, eles fazem a ponte &hellip; </p>
<p><a class="more-link btn" href="https://wp.ufpel.edu.br/projetoauxilia/noticias/pretos-no-enem/">Continue lendo</a></p>
