{"id":2351,"date":"2025-03-10T11:39:13","date_gmt":"2025-03-10T14:39:13","guid":{"rendered":"https:\/\/wp.ufpel.edu.br\/prograufaurb\/?page_id=2351"},"modified":"2025-04-03T15:55:17","modified_gmt":"2025-04-03T18:55:17","slug":"prograu-on-line","status":"publish","type":"page","link":"https:\/\/wp.ufpel.edu.br\/prograufaurb\/prograu-on-line\/","title":{"rendered":"prograu on-line"},"content":{"rendered":"<div class=\"page-title hu-pad group\">\n<h1><\/h1>\n<\/div>\n<div class=\"hu-pad group\">\n<article class=\"group post-2244 page type-page status-publish hentry\">\n<div class=\"entry themeform\">\n<table class=\" aligncenter\" style=\"width: 1172px; height: 5580px;\" border=\"0\">\n<tbody>\n<tr style=\"height: 25px;\">\n<td style=\"width: 601.973px; height: 25px;\" colspan=\"2\"><span style=\"color: #ff9900; font-size: 12pt; font-family: arial, helvetica, sans-serif;\"><strong>Bancas de Defesa de Disserta\u00e7\u00e3o PROGRAU<\/strong><\/span><\/td>\n<\/tr>\n<tr class=\"alt\" style=\"height: 377px;\">\n<td style=\"height: 377px; width: 601.973px;\" colspan=\"2\">\n<p><strong><iframe loading=\"lazy\" class=\"iframe-class\" src=\"https:\/\/www.youtube.com\/embed\/S3w0-wWvhkI\" width=\"560\" height=\"315\" frameborder=\"0\" scrolling=\"yes\" data-mce-fragment=\"1\"><\/iframe><\/strong><\/p>\n<p><span style=\"font-family: arial, helvetica, sans-serif;\">Banca de Defesa de Sandro Martinez Concei\u00e7\u00e3o, Mestrado em Arquitetura e Urbanismo, PROGRAU\/UFPel<\/span><\/td>\n<\/tr>\n<tr style=\"height: 23px;\">\n<td style=\"width: 601.973px; height: 23px;\" colspan=\"2\">&nbsp;<\/td>\n<\/tr>\n<tr style=\"height: 25px;\">\n<td style=\"width: 601.973px; height: 25px;\" colspan=\"2\"><span style=\"color: #ff9900; font-family: arial, helvetica, sans-serif; font-size: 12pt;\"><strong>Ciclo de Palestras PROGRAU<\/strong><\/span><\/td>\n<\/tr>\n<tr class=\"alt\" style=\"height: 398px;\">\n<td style=\"width: 601.973px; height: 398px;\" colspan=\"2\">\n<p><span style=\"color: #ff9900; font-family: arial, helvetica, sans-serif;\"><strong>Mobilidade, Movimento e as Casas no Semi\u00e1rido do Brasil<\/strong><\/span><\/p>\n<p><span style=\"font-family: arial, helvetica, sans-serif;\">Palestra de 30 de Outubro de 2020<\/span><\/p>\n<p><span style=\"font-family: arial, helvetica, sans-serif;\">Ciclo de Palestras PROGRAU<\/span><\/p>\n<p><span style=\"font-family: arial, helvetica, sans-serif;\">Prof. Dr. Rafael de Abreu e Souza<\/span><\/p>\n<p><span style=\"color: #ff9900; font-family: arial, helvetica, sans-serif;\"><strong><a style=\"color: #ff9900;\" href=\"https:\/\/drive.google.com\/file\/d\/1sOxvprkHuGHhmmOHdwTORkIH2JJ-jGeb\/view\">Link para assistir<\/a><\/strong><\/span><\/p>\n<p><img loading=\"lazy\" decoding=\"async\" class=\"alignnone size-medium wp-image-2515\" src=\"https:\/\/wp.ufpel.edu.br\/prograufaurb\/files\/2025\/04\/image-400x400.png\" alt=\"\" width=\"400\" height=\"400\" srcset=\"https:\/\/wp.ufpel.edu.br\/prograufaurb\/files\/2025\/04\/image-400x400.png 400w, https:\/\/wp.ufpel.edu.br\/prograufaurb\/files\/2025\/04\/image-1024x1024.png 1024w, https:\/\/wp.ufpel.edu.br\/prograufaurb\/files\/2025\/04\/image-200x200.png 200w, https:\/\/wp.ufpel.edu.br\/prograufaurb\/files\/2025\/04\/image-768x768.png 768w, https:\/\/wp.ufpel.edu.br\/prograufaurb\/files\/2025\/04\/image-600x600.png 600w, https:\/\/wp.ufpel.edu.br\/prograufaurb\/files\/2025\/04\/image-150x150.png 150w, https:\/\/wp.ufpel.edu.br\/prograufaurb\/files\/2025\/04\/image.png 1080w\" sizes=\"auto, (max-width: 400px) 100vw, 400px\" \/><\/p>\n<p>&nbsp;<\/td>\n<\/tr>\n<tr style=\"height: 23px;\">\n<td style=\"width: 601.973px; height: 23px;\" colspan=\"2\">&nbsp;<\/td>\n<\/tr>\n<tr style=\"height: 399px;\">\n<td style=\"width: 601.973px; height: 399px;\" colspan=\"2\">\n<p><span style=\"font-family: arial, helvetica, sans-serif;\"><strong><span style=\"color: #ff9900;\">Reflex\u00f5es sobre os impactos da Covid-19 na habita\u00e7\u00e3o<\/span><\/strong><\/span><\/p>\n<p><span style=\"font-family: arial, helvetica, sans-serif;\">Palestra de 18 de Setembro de 2020<strong><br \/>\n<\/strong>Ciclo de Palestras PROGRAU Profa. Dra. Simone Villa\u00a0<\/span><\/p>\n<p><span style=\"color: #ff9900; font-family: arial, helvetica, sans-serif;\"><a style=\"color: #ff9900;\" href=\"https:\/\/drive.google.com\/file\/d\/1PxrmqPivrRIueYIoc8kh10RkGPGgbyJe\/view?usp=sharing\"><strong>Link para assistir<\/strong><\/a><\/span><\/p>\n<p><img loading=\"lazy\" decoding=\"async\" class=\"alignnone size-medium wp-image-2516\" src=\"https:\/\/wp.ufpel.edu.br\/prograufaurb\/files\/2025\/04\/image-1-283x400.png\" alt=\"\" width=\"283\" height=\"400\" srcset=\"https:\/\/wp.ufpel.edu.br\/prograufaurb\/files\/2025\/04\/image-1-283x400.png 283w, https:\/\/wp.ufpel.edu.br\/prograufaurb\/files\/2025\/04\/image-1-725x1024.png 725w, https:\/\/wp.ufpel.edu.br\/prograufaurb\/files\/2025\/04\/image-1-768x1085.png 768w, https:\/\/wp.ufpel.edu.br\/prograufaurb\/files\/2025\/04\/image-1.png 906w\" sizes=\"auto, (max-width: 283px) 100vw, 283px\" \/><\/td>\n<\/tr>\n<tr style=\"height: 23px;\">\n<td style=\"width: 601.973px; height: 23px;\" colspan=\"2\">&nbsp;<\/td>\n<\/tr>\n<tr class=\"alt\" style=\"height: 166px;\">\n<td style=\"height: 166px; width: 601.973px;\" colspan=\"2\">\n<p><span style=\"color: #ff9900; font-family: arial, helvetica, sans-serif;\"><strong>Envolt\u00f3rias Vegetadas na Arquitetura: Jardins Verticais<\/strong><\/span><\/p>\n<p><span style=\"font-family: arial, helvetica, sans-serif;\">Palestra de 11 de Setembro de 2020<\/span><br \/>\n<span style=\"font-family: arial, helvetica, sans-serif;\">Ciclo de Palestras PROGRAUProfa. Dra. Min\u00e9ia Johann Scherer\u00a0<\/span><\/p>\n<p><span style=\"color: #ff9900; font-family: arial, helvetica, sans-serif;\"><a style=\"color: #ff9900;\" href=\"https:\/\/drive.google.com\/file\/d\/17sOrqeGXxk8CVlNQp6q4cDRe8bDyyXhv\/view?usp=sharing\"><strong>Link para assistir<\/strong><\/a><\/span><\/p>\n<p><img loading=\"lazy\" decoding=\"async\" class=\"alignnone size-medium wp-image-2523\" src=\"https:\/\/wp.ufpel.edu.br\/prograufaurb\/files\/2025\/04\/Sem-titulo-1-400x167.png\" alt=\"\" width=\"400\" height=\"167\" srcset=\"https:\/\/wp.ufpel.edu.br\/prograufaurb\/files\/2025\/04\/Sem-titulo-1-400x167.png 400w, https:\/\/wp.ufpel.edu.br\/prograufaurb\/files\/2025\/04\/Sem-titulo-1-1024x427.png 1024w, https:\/\/wp.ufpel.edu.br\/prograufaurb\/files\/2025\/04\/Sem-titulo-1-768x320.png 768w, https:\/\/wp.ufpel.edu.br\/prograufaurb\/files\/2025\/04\/Sem-titulo-1.png 1031w\" sizes=\"auto, (max-width: 400px) 100vw, 400px\" \/><\/td>\n<\/tr>\n<tr>\n<td style=\"width: 601.973px;\" colspan=\"2\"><span style=\"color: #ff9900; font-family: arial, helvetica, sans-serif;\"><strong>\u00a0<\/strong><\/span><\/td>\n<\/tr>\n<tr style=\"height: 162px;\">\n<td style=\"width: 601.973px; height: 162px;\" colspan=\"2\">\n<p><span style=\"color: #ff9900; font-family: arial, helvetica, sans-serif;\"><strong>A NOVA NBR 15575: DESEMPENHO T\u00c9RMICO<\/strong><\/span><\/p>\n<p><span style=\"font-family: arial, helvetica, sans-serif;\">Palestra de 04 de Setembro de 2020<\/span><br \/>\n<span style=\"font-family: arial, helvetica, sans-serif;\">Ciclo de Palestras PROGRAUProf. Dr. Roberto Lamberts<\/span><\/p>\n<p><span style=\"color: #ff9900; font-family: arial, helvetica, sans-serif;\"><strong><a style=\"color: #ff9900;\" href=\"https:\/\/drive.google.com\/file\/d\/1vzJiiv706Y4SXAbM0_4DYj5whPNgevPD\/view\">Link para assistir<\/a><\/strong><\/span><\/p>\n<p><img loading=\"lazy\" decoding=\"async\" class=\"alignnone size-medium wp-image-2520\" src=\"https:\/\/wp.ufpel.edu.br\/prograufaurb\/files\/2025\/04\/Sem-titulo-400x163.png\" alt=\"\" width=\"400\" height=\"163\" srcset=\"https:\/\/wp.ufpel.edu.br\/prograufaurb\/files\/2025\/04\/Sem-titulo-400x163.png 400w, https:\/\/wp.ufpel.edu.br\/prograufaurb\/files\/2025\/04\/Sem-titulo-768x312.png 768w, https:\/\/wp.ufpel.edu.br\/prograufaurb\/files\/2025\/04\/Sem-titulo.png 1021w\" sizes=\"auto, (max-width: 400px) 100vw, 400px\" \/><\/td>\n<\/tr>\n<tr style=\"height: 23px;\">\n<td style=\"width: 601.973px; height: 23px;\" colspan=\"2\">&nbsp;<\/td>\n<\/tr>\n<tr class=\"alt\" style=\"height: 195px;\">\n<td style=\"width: 601.973px; height: 195px;\" colspan=\"2\">\n<p><span style=\"font-family: arial, helvetica, sans-serif;\"><strong><span style=\"color: #ff9900;\">Integra\u00e7\u00e3o das ferramentas de simula\u00e7\u00e3o de desempenho no processo projetual: conflitos entre teoria e pr\u00e1tica<\/span><\/strong><\/span><\/p>\n<p><span style=\"font-family: arial, helvetica, sans-serif;\">Palestra de 28 de Agosto de 2020<strong><br \/>\n<\/strong>Ciclo de Palestras PROGRAUProf. Dr. Aldomar Pedrini<\/span><\/p>\n<p><span style=\"color: #ff9900; font-family: arial, helvetica, sans-serif;\"><strong><a style=\"color: #ff9900;\" href=\"https:\/\/wp.ufpel.edu.br\/prograu\/files\/2020\/08\/integracao-das-ferramentas-de-simulacao-de-desempenho-no-processo-projetual_1.pdf\">Link para apresenta\u00e7\u00e3o<\/a><\/strong><\/span><\/p>\n<p><span style=\"font-family: arial, helvetica, sans-serif;\"><strong><span style=\"color: #ff9900;\"><a style=\"color: #ff9900;\" href=\"https:\/\/drive.google.com\/file\/d\/117n7FoYMmZM05Xty1zXzCNeealDcZzkx\/view?usp=sharing\">Link para assistir<\/a><\/span><\/strong><\/span><\/p>\n<p><img loading=\"lazy\" decoding=\"async\" class=\"alignnone size-medium wp-image-2521\" src=\"https:\/\/wp.ufpel.edu.br\/prograufaurb\/files\/2025\/04\/Sem-titulo-2-400x196.png\" alt=\"\" width=\"400\" height=\"196\" srcset=\"https:\/\/wp.ufpel.edu.br\/prograufaurb\/files\/2025\/04\/Sem-titulo-2-400x196.png 400w, https:\/\/wp.ufpel.edu.br\/prograufaurb\/files\/2025\/04\/Sem-titulo-2-768x376.png 768w, https:\/\/wp.ufpel.edu.br\/prograufaurb\/files\/2025\/04\/Sem-titulo-2.png 945w\" sizes=\"auto, (max-width: 400px) 100vw, 400px\" \/><\/td>\n<\/tr>\n<tr style=\"height: 23px;\">\n<td style=\"width: 601.973px; height: 23px;\" colspan=\"2\">&nbsp;<\/td>\n<\/tr>\n<tr style=\"height: 257px;\">\n<td style=\"width: 601.973px; height: 257px;\" colspan=\"2\">\n<p><span style=\"color: #ff9900; font-family: arial, helvetica, sans-serif;\"><strong>AVALIA\u00c7\u00c3O P\u00d3S-OCUPA\u00c7\u00c3O EM ESCOLA DE EDUCA\u00c7\u00c3O INFANTIL: O ESTUDO DE CASO DA EMEI MIT\u00c3<\/strong><\/span><\/p>\n<p><span style=\"font-family: arial, helvetica, sans-serif;\">Palestra 21 de Agosto de 2020<\/span><\/p>\n<p><span style=\"font-family: arial, helvetica, sans-serif;\">Ciclo de Palestras PROGRAU<\/span><\/p>\n<p><span style=\"font-family: arial, helvetica, sans-serif;\">Profa. Dra. N\u00e9bora Lazzarotto Modler<\/span><\/p>\n<p><span style=\"color: #ff9900; font-family: arial, helvetica, sans-serif;\"><strong><a style=\"color: #ff9900;\" href=\"https:\/\/wp.ufpel.edu.br\/prograu\/files\/2020\/08\/palestra_NeboraModler_21agosto2020.pdf\">Link para apresenta\u00e7\u00e3o<\/a><\/strong><\/span><\/p>\n<p><span style=\"color: #ff9900; font-family: arial, helvetica, sans-serif;\"><strong><a style=\"color: #ff9900;\" href=\"https:\/\/drive.google.com\/file\/d\/1pd07_774edgSqDwQ98cvDARI2ozY2O6b\/view?usp=sharing\">Link para assistir<\/a><\/strong><\/span><\/p>\n<p><img loading=\"lazy\" decoding=\"async\" class=\"alignnone size-medium wp-image-2522\" src=\"https:\/\/wp.ufpel.edu.br\/prograufaurb\/files\/2025\/04\/Sem-titulo-3-400x185.png\" alt=\"\" width=\"400\" height=\"185\" srcset=\"https:\/\/wp.ufpel.edu.br\/prograufaurb\/files\/2025\/04\/Sem-titulo-3-400x185.png 400w, https:\/\/wp.ufpel.edu.br\/prograufaurb\/files\/2025\/04\/Sem-titulo-3-1024x473.png 1024w, https:\/\/wp.ufpel.edu.br\/prograufaurb\/files\/2025\/04\/Sem-titulo-3-768x354.png 768w, https:\/\/wp.ufpel.edu.br\/prograufaurb\/files\/2025\/04\/Sem-titulo-3.png 1027w\" sizes=\"auto, (max-width: 400px) 100vw, 400px\" \/><\/td>\n<\/tr>\n<tr style=\"height: 23px;\">\n<td style=\"width: 601.973px; height: 23px;\" colspan=\"2\">&nbsp;<\/td>\n<\/tr>\n<tr class=\"alt\" style=\"height: 194px;\">\n<td style=\"height: 194px; width: 601.973px;\" colspan=\"2\">\n<p><span style=\"color: #ff9900; font-family: arial, helvetica, sans-serif;\"><strong>IMPLICA\u00c7\u00d5ES DO CONCEITO PASSIVE HOUSE NO PROJETO ARQUITET\u00d4NICO<\/strong><\/span><\/p>\n<p><span style=\"font-family: arial, helvetica, sans-serif;\">Palestra 14 de Agosto de 2020<\/span><\/p>\n<p><span style=\"font-family: arial, helvetica, sans-serif;\">Ciclo de Palestras do PROGRAU<\/span><\/p>\n<p><span style=\"font-family: arial, helvetica, sans-serif;\">Prof. Dr. Egon Vettorazzi<\/span><\/p>\n<p><span style=\"color: #ff9900; font-family: arial, helvetica, sans-serif;\"><a style=\"color: #ff9900;\" href=\"https:\/\/drive.google.com\/file\/d\/1LC9GNCNnTVtN3AR62RiIK1AkZyovvQH-\/view?usp=sharing\"><strong>Link para assistir\u00a0<\/strong><\/a><\/span><\/td>\n<\/tr>\n<tr>\n<td style=\"width: 601.973px;\" colspan=\"2\"><span style=\"color: #ff9900; font-family: arial, helvetica, sans-serif;\"><strong>\u00a0<\/strong><\/span><\/td>\n<\/tr>\n<tr style=\"height: 399px;\">\n<td style=\"width: 601.973px; height: 399px;\" colspan=\"2\">\n<p><span style=\"color: #ff9900; font-family: arial, helvetica, sans-serif;\"><strong>Conforto em Espa\u00e7os Abertos foco no \u00edndice UTCI<\/strong><\/span><\/p>\n<p><span style=\"font-family: arial, helvetica, sans-serif;\">Palestra 17 de Julho de 2020<\/span><\/p>\n<p><span style=\"font-family: arial, helvetica, sans-serif;\">Ciclo de Palestras do PROGRAU<\/span><\/p>\n<p><span style=\"font-family: arial, helvetica, sans-serif;\">Prof. Dr. Eduardo Kr\u00fcger<\/span><\/p>\n<p><span style=\"color: #ff9900; font-family: arial, helvetica, sans-serif;\"><strong><a style=\"color: #ff9900;\" href=\"https:\/\/drive.google.com\/file\/d\/19pMc0inKITJmvW3B78IW-d20Ltl29Ny2\/view?usp=sharing\">Link para assistir\u00a0<\/a><\/strong><\/span><\/p>\n<p><img loading=\"lazy\" decoding=\"async\" class=\"alignnone size-medium wp-image-2517\" src=\"https:\/\/wp.ufpel.edu.br\/prograufaurb\/files\/2025\/04\/Palestra-1707-283x400.jpg\" alt=\"\" width=\"283\" height=\"400\" srcset=\"https:\/\/wp.ufpel.edu.br\/prograufaurb\/files\/2025\/04\/Palestra-1707-283x400.jpg 283w, https:\/\/wp.ufpel.edu.br\/prograufaurb\/files\/2025\/04\/Palestra-1707-724x1024.jpg 724w, https:\/\/wp.ufpel.edu.br\/prograufaurb\/files\/2025\/04\/Palestra-1707-768x1086.jpg 768w, https:\/\/wp.ufpel.edu.br\/prograufaurb\/files\/2025\/04\/Palestra-1707.jpg 905w\" sizes=\"auto, (max-width: 283px) 100vw, 283px\" \/><\/td>\n<\/tr>\n<tr style=\"height: 23px;\">\n<td style=\"width: 601.973px; height: 23px;\" colspan=\"2\">&nbsp;<\/td>\n<\/tr>\n<tr class=\"alt\" style=\"height: 194px;\">\n<td style=\"width: 601.973px; height: 194px;\" colspan=\"2\">\n<p><span style=\"color: #ff9900; font-family: arial, helvetica, sans-serif;\"><strong>Ac\u00fastica frente \u00e0 NBR 15575<\/strong><\/span><\/p>\n<p><span style=\"font-family: arial, helvetica, sans-serif;\">Palestra 10 de Julho de 2020<\/span><\/p>\n<p><span style=\"font-family: arial, helvetica, sans-serif;\">Ciclo de Palestras do PROGRAU<\/span><\/p>\n<p><span style=\"font-family: arial, helvetica, sans-serif;\">Prof. M.Sc. Rodrigo Carlos Fritsch<\/span><\/p>\n<p><span style=\"color: #ff9900; font-family: arial, helvetica, sans-serif;\"><strong><a style=\"color: #ff9900;\" href=\"https:\/\/drive.google.com\/file\/d\/1XUENIGcrHdij5p2A_xNoVOhLlStQ3zAH\/view?usp=sharing\">Link para assistir<\/a><\/strong><\/span><\/p>\n<p><img loading=\"lazy\" decoding=\"async\" class=\"alignnone size-medium wp-image-2524\" src=\"https:\/\/wp.ufpel.edu.br\/prograufaurb\/files\/2025\/04\/Sem-titulo-4-400x164.png\" alt=\"\" width=\"400\" height=\"164\" srcset=\"https:\/\/wp.ufpel.edu.br\/prograufaurb\/files\/2025\/04\/Sem-titulo-4-400x164.png 400w, https:\/\/wp.ufpel.edu.br\/prograufaurb\/files\/2025\/04\/Sem-titulo-4-768x314.png 768w, https:\/\/wp.ufpel.edu.br\/prograufaurb\/files\/2025\/04\/Sem-titulo-4.png 1015w\" sizes=\"auto, (max-width: 400px) 100vw, 400px\" \/><\/td>\n<\/tr>\n<tr style=\"height: 23px;\">\n<td style=\"width: 601.973px; height: 23px;\" colspan=\"2\">&nbsp;<\/td>\n<\/tr>\n<tr style=\"height: 188px;\">\n<td style=\"width: 601.973px; height: 188px;\" colspan=\"2\">\n<p><strong><span style=\"font-family: arial, helvetica, sans-serif; color: #ff9900; font-size: 12pt;\">Ciclo de lives NAURB<\/span><\/strong><\/p>\n<p><strong><br \/>\n<span style=\"color: #ff9900;\"><a style=\"color: #ff9900;\" href=\"https:\/\/wp.ufpel.edu.br\/naurb\/lives\/\">Assista a grava\u00e7\u00e3o das lives pelo site do NAURB neste link<\/a><\/span><\/strong><\/p>\n<p><strong><img loading=\"lazy\" decoding=\"async\" class=\"alignnone size-medium wp-image-2525\" src=\"https:\/\/wp.ufpel.edu.br\/prograufaurb\/files\/2025\/04\/Sem-titulo-5-400x189.png\" alt=\"\" width=\"400\" height=\"189\" srcset=\"https:\/\/wp.ufpel.edu.br\/prograufaurb\/files\/2025\/04\/Sem-titulo-5-400x189.png 400w, https:\/\/wp.ufpel.edu.br\/prograufaurb\/files\/2025\/04\/Sem-titulo-5-768x362.png 768w, https:\/\/wp.ufpel.edu.br\/prograufaurb\/files\/2025\/04\/Sem-titulo-5.png 939w\" sizes=\"auto, (max-width: 400px) 100vw, 400px\" \/><\/strong><\/td>\n<\/tr>\n<\/tbody>\n<\/table>\n<p>&nbsp;<\/p>\n<\/div>\n<\/article>\n<\/div>\n","protected":false},"excerpt":{"rendered":"<p>Bancas de Defesa de Disserta\u00e7\u00e3o PROGRAU Banca de Defesa de Sandro Martinez Concei\u00e7\u00e3o, Mestrado em Arquitetura e Urbanismo, PROGRAU\/UFPel &nbsp; Ciclo de Palestras PROGRAU Mobilidade, Movimento e as Casas no Semi\u00e1rido do Brasil Palestra de 30 de Outubro de 2020 Ciclo de Palestras PROGRAU Prof. Dr. Rafael de Abreu e Souza Link para assistir &nbsp; [&hellip;]<\/p>\n","protected":false},"author":1345,"featured_media":0,"parent":0,"menu_order":0,"comment_status":"closed","ping_status":"closed","template":"","meta":{"footnotes":""},"class_list":["post-2351","page","type-page","status-publish","hentry"],"_links":{"self":[{"href":"https:\/\/wp.ufpel.edu.br\/prograufaurb\/wp-json\/wp\/v2\/pages\/2351","targetHints":{"allow":["GET"]}}],"collection":[{"href":"https:\/\/wp.ufpel.edu.br\/prograufaurb\/wp-json\/wp\/v2\/pages"}],"about":[{"href":"https:\/\/wp.ufpel.edu.br\/prograufaurb\/wp-json\/wp\/v2\/types\/page"}],"author":[{"embeddable":true,"href":"https:\/\/wp.ufpel.edu.br\/prograufaurb\/wp-json\/wp\/v2\/users\/1345"}],"replies":[{"embeddable":true,"href":"https:\/\/wp.ufpel.edu.br\/prograufaurb\/wp-json\/wp\/v2\/comments?post=2351"}],"version-history":[{"count":9,"href":"https:\/\/wp.ufpel.edu.br\/prograufaurb\/wp-json\/wp\/v2\/pages\/2351\/revisions"}],"predecessor-version":[{"id":2532,"href":"https:\/\/wp.ufpel.edu.br\/prograufaurb\/wp-json\/wp\/v2\/pages\/2351\/revisions\/2532"}],"wp:attachment":[{"href":"https:\/\/wp.ufpel.edu.br\/prograufaurb\/wp-json\/wp\/v2\/media?parent=2351"}],"curies":[{"name":"wp","href":"https:\/\/api.w.org\/{rel}","templated":true}]}}