{"id":184,"date":"2023-11-28T12:41:00","date_gmt":"2023-11-28T15:41:00","guid":{"rendered":"https:\/\/wp.ufpel.edu.br\/prograufaurb\/?page_id=184"},"modified":"2024-04-29T14:11:17","modified_gmt":"2024-04-29T17:11:17","slug":"pelotas-universidade-faculdade","status":"publish","type":"page","link":"https:\/\/wp.ufpel.edu.br\/prograufaurb\/pelotas-universidade-faculdade\/","title":{"rendered":"pelotas\/universidade\/faculdade"},"content":{"rendered":"<table style=\"border-collapse: collapse; width: 100%;\" border=\"0\">\n<tbody>\n<tr>\n<td style=\"width: 100%;\">\n<p><span style=\"font-weight: 400; font-family: arial, helvetica, sans-serif; font-size: 12pt;\">A <a href=\"https:\/\/pelotasturismo.com.br\/\"><strong><span style=\"color: #ff9900;\">cidade de Pelotas<\/span><\/strong><\/a>, localizada na Regi\u00e3o Sul do estado do Rio Grande do Sul, tem seu passado diretamente relacionado com a ind\u00fastria do charque, implantada na regi\u00e3o no final do s\u00e9culo XVIII. Como a atividade charqueadora empregava a m\u00e3o-de-obra escrava, a popula\u00e7\u00e3o de negros era significativa. At\u00e9 as primeiras d\u00e9cadas do s\u00e9culo XX, com o surgimento dos frigor\u00edficos, a economia e a sociedade pelotense giravam em torno desta atividade econ\u00f4mica. Foram constru\u00eddos pr\u00e9dios suntuosos, alguns projetados por arquitetos estrangeiros e parte dos remanescentes \u00e9 tombada pelo Instituto do Patrim\u00f4nio Hist\u00f3rico e Art\u00edstico Nacional (IPHAN). Al\u00e9m da arquitetura, a imprensa, as artes, o urbanismo, a m\u00fasica e a literatura eram relevantes na Pelotas dos s\u00e9culos XIX e XX. O crescimento econ\u00f4mico resultante das atividades industrial, agropastoril e de servi\u00e7os ocorrido no final do s\u00e9culo XIX e no in\u00edcio do s\u00e9culo XX atraiu imigrantes europeus e do oriente m\u00e9dio, que contribu\u00edram significativamente para o desenvolvimento da economia e da cultura locais.<\/span><\/p>\n<p><span style=\"font-family: arial, helvetica, sans-serif; font-size: 12pt;\">Com o surgimento dos frigor\u00edficos, a ind\u00fastria e a economia do charque perdeu import\u00e2ncia e, a partir das primeiras d\u00e9cadas do s\u00e9culo XX foi se diversificando \u2013 com destaque para a cultura e ind\u00fastria arrozeira, frigor\u00edficos, curtumes e conservas aliment\u00edcias \u2013 e dinamizando, com influ\u00eancia direta no crescimento da popula\u00e7\u00e3o urbana de Pelotas.<\/span><\/p>\n<p class=\"p1\"><span style=\"font-family: arial, helvetica, sans-serif; font-size: 12pt;\">Segundo proje\u00e7\u00f5es do IBGE em 2021 a popula\u00e7\u00e3o estimada \u00e9 de 343.826 habitantes. Considerando os dados censit\u00e1rios das cidades vizinhas, que inclui o porto de Rio Grande, a Regi\u00e3o Sul do estado, que tem Pelotas como centro de refer\u00eancia, possui uma popula\u00e7\u00e3o superior a 700.000 habitantes. Com base nesses dados \u00e9 poss\u00edvel afirmar a import\u00e2ncia regional da educa\u00e7\u00e3o superior, em fun\u00e7\u00e3o da forte demanda pelos cursos de gradua\u00e7\u00e3o e p\u00f3s-gradua\u00e7\u00e3o ofertados pela UFPel, mesmo sem considerar os alunos oriundos de outras regi\u00f5es do estado e do pa\u00eds.<\/span><\/p>\n<\/td>\n<\/tr>\n<tr>\n<td style=\"width: 100%;\"><span style=\"font-weight: 400; font-family: arial, helvetica, sans-serif; font-size: 12pt;\">\u00a0<\/span><\/td>\n<\/tr>\n<tr>\n<td style=\"width: 100%;\">\n<p class=\"p1\"><span style=\"font-family: arial, helvetica, sans-serif; font-size: 12pt;\">As origens da <strong><span style=\"color: #ff9900;\"><a style=\"color: #ff9900;\" href=\"https:\/\/portal.ufpel.edu.br\/\">Universidade Federal de Pelotas<\/a><\/span><\/strong> (UFPel) remontam ao ano de 1881, quando \u00e9 fundada a primeira faculdade de Pelotas \u2013 Faculdade de Agronomia Eliseu Maciel, seguida das faculdades de Odontologia (1911) e de Direito (1912) e, mais tarde, da Escola de Belas Artes (1949) e da Faculdade de Medicina (1959), todas elas foram integradas \u00e0 UFPel no ano de sua funda\u00e7\u00e3o (1969). <span style=\"font-weight: 400;\">Sua hist\u00f3ria remonta \u00e0 Universidade Rural do Sul (URS), cujo surgimento, em 1960, resultou de esfor\u00e7os movidos por professores da Escola de Agronomia Eliseu Maciel, que desde 1957 lutavam por sua cria\u00e7\u00e3o. O decreto que criava a Universidade Rural do Sul, vinculada ao Minist\u00e9rio da Agricultura, era composto pela centen\u00e1ria Escola de Agronomia Eliseu Maciel, Escola Superior de Ci\u00eancias Dom\u00e9sticas, Escola de Veterin\u00e1ria, Escola de P\u00f3s-Gradua\u00e7\u00e3o e pelo Centro de Treinamento e Informa\u00e7\u00e3o (Cetreisul), considerado uma unidade acad\u00eamica. <\/span><\/span><\/p>\n<p class=\"p1\"><span style=\"font-family: arial, helvetica, sans-serif; font-size: 12pt;\"><span style=\"font-weight: 400;\">Em 1967, o decreto n\u00ba 60.731 federalizou a Universidade Rural do Sul, sendo transferida para o Minist\u00e9rio da Educa\u00e7\u00e3o e Cultura, passando a denominar-se Universidade Federal Rural do Rio Grande do Sul (UFRRS), e as unidades passaram de cursos a faculdades. Em 1968, foi criada uma comiss\u00e3o composta por professores e acad\u00eamicos, destinada a estudar e propor a reestrutura\u00e7\u00e3o da universidade. Assim, em 8 de agosto de 1969, o Presidente da Rep\u00fablica assinou decreto que transformou a Universidade Federal Rural do Rio Grande do Sul, em Universidade Federal de Pelotas (UFPel), composta pelas Faculdade de Agronomia Eliseu Maciel, Faculdade de Veterin\u00e1ria, Faculdade de Ci\u00eancias Dom\u00e9sticas, Faculdade de Direito (fundada em 1912), Faculdade de Odontologia (1911) \u2013 as duas \u00faltimas pertencentes \u00e0 Universidade Federal do Rio Grande do Sul, e o Instituto de Sociologia e Pol\u00edtica (ISP), fundado em 1958.<\/span><\/span><\/p>\n<\/td>\n<\/tr>\n<tr>\n<td style=\"width: 100%;\"><span style=\"font-weight: 400; font-size: 12pt; font-family: arial, helvetica, sans-serif;\">\u00a0<\/span><\/td>\n<\/tr>\n<tr>\n<td style=\"width: 100%;\"><span style=\"font-weight: 400; font-size: 12pt; font-family: arial, helvetica, sans-serif;\">O <a href=\"https:\/\/wp.ufpel.edu.br\/faurb\/\"><strong><span style=\"color: #ff9900;\">Curso de Arquitetura e Urbanismo<\/span><\/strong><\/a> foi criado logo ap\u00f3s a funda\u00e7\u00e3o da Universidade Federal de Pelotas. Os primeiros estudos para sua implanta\u00e7\u00e3o datam de 1970. No ano seguinte, a Portaria n\u00b0 215, de 24 de novembro de 1971, da Reitoria da UFPEL, criava e implantava o Curso de Arquitetura no Instituto de Artes. Na \u00e9poca havia somente dois cursos de Arquitetura e Urbanismo na Regi\u00e3o Sul do Pa\u00eds \u2013 em Porto Alegre e Curitiba \u2013 fato este que contribuiu para a implanta\u00e7\u00e3o do ensino nesta \u00e1rea na Universidade. Ao criar o Curso de Arquitetura e Urbanismo, a UFPEL, passou a abrigar o segundo curso de Arquitetura do Rio Grande do Sul e o terceiro da Regi\u00e3o Sul do Pa\u00eds.<\/span><\/td>\n<\/tr>\n<\/tbody>\n<\/table>\n<p>&nbsp;<\/p>\n","protected":false},"excerpt":{"rendered":"<p>A cidade de Pelotas, localizada na Regi\u00e3o Sul do estado do Rio Grande do Sul, tem seu passado diretamente relacionado com a ind\u00fastria do charque, implantada na regi\u00e3o no final do s\u00e9culo XVIII. Como a atividade charqueadora empregava a m\u00e3o-de-obra escrava, a popula\u00e7\u00e3o de negros era significativa. At\u00e9 as primeiras d\u00e9cadas do s\u00e9culo XX, com [&hellip;]<\/p>\n","protected":false},"author":1345,"featured_media":0,"parent":0,"menu_order":0,"comment_status":"closed","ping_status":"closed","template":"","meta":{"footnotes":""},"class_list":["post-184","page","type-page","status-publish","hentry"],"_links":{"self":[{"href":"https:\/\/wp.ufpel.edu.br\/prograufaurb\/wp-json\/wp\/v2\/pages\/184","targetHints":{"allow":["GET"]}}],"collection":[{"href":"https:\/\/wp.ufpel.edu.br\/prograufaurb\/wp-json\/wp\/v2\/pages"}],"about":[{"href":"https:\/\/wp.ufpel.edu.br\/prograufaurb\/wp-json\/wp\/v2\/types\/page"}],"author":[{"embeddable":true,"href":"https:\/\/wp.ufpel.edu.br\/prograufaurb\/wp-json\/wp\/v2\/users\/1345"}],"replies":[{"embeddable":true,"href":"https:\/\/wp.ufpel.edu.br\/prograufaurb\/wp-json\/wp\/v2\/comments?post=184"}],"version-history":[{"count":17,"href":"https:\/\/wp.ufpel.edu.br\/prograufaurb\/wp-json\/wp\/v2\/pages\/184\/revisions"}],"predecessor-version":[{"id":1602,"href":"https:\/\/wp.ufpel.edu.br\/prograufaurb\/wp-json\/wp\/v2\/pages\/184\/revisions\/1602"}],"wp:attachment":[{"href":"https:\/\/wp.ufpel.edu.br\/prograufaurb\/wp-json\/wp\/v2\/media?parent=184"}],"curies":[{"name":"wp","href":"https:\/\/api.w.org\/{rel}","templated":true}]}}