{"id":1798,"date":"2024-08-05T14:36:34","date_gmt":"2024-08-05T17:36:34","guid":{"rendered":"https:\/\/wp.ufpel.edu.br\/prograufaurb\/?page_id=1798"},"modified":"2024-08-05T14:36:34","modified_gmt":"2024-08-05T17:36:34","slug":"edital-no-128-2024-selecao-de-aluno-a-regular-com-bolsas-cnpq","status":"publish","type":"page","link":"https:\/\/wp.ufpel.edu.br\/prograufaurb\/edital-no-128-2024-selecao-de-aluno-a-regular-com-bolsas-cnpq\/","title":{"rendered":"EDITAL N\u00ba 128\/2024 SELE\u00c7\u00c3O DE ALUNO\/A REGULAR COM BOLSAS CNPQ"},"content":{"rendered":"<p><strong>EDITAL N\u00ba 128\/2024 SELE\u00c7\u00c3O DE ALUNO\/A REGULAR COM BOLSAS CNPQ No 35\/2023 (PIBPG) PROGRAMA DE APOIO \u00c0 PESQUISA INTERDISCIPLINAR (PAPin) <\/strong><\/p>\n<p><a href=\"https:\/\/wp.ufpel.edu.br\/leppais\/files\/2024\/07\/Edital-de-selecao-PRPPG-128-2024-SEI_UFPel-2678106.pdf\">Edital PRPPG N\u00ba 128\/2024<\/a><\/p>\n<p><a href=\"https:\/\/wp.ufpel.edu.br\/leppais\/files\/2024\/07\/Anexo-I-MACROPROJETO_Acessibilidade-e-emocoes-mediadas-por-IA_-pesquisa-interdisciplinar-e-tecnopoetica.pdf\">Anexo I-MACROPROJETO_Acessibilidade e emo\u00e7\u00f5es mediadas por IA_ pesquisa interdisciplinar e tecnopo\u00e9tica<\/a><\/p>\n<p><a href=\"https:\/\/wp.ufpel.edu.br\/leppais\/files\/2024\/07\/Anexo-II-Tabela-de-Pontuacao-Computacao.pdf\">Anexo II \u2013 Tabela de Pontua\u00e7\u00e3o \u2013 Computa\u00e7\u00e3o<\/a><\/p>\n<p><a href=\"https:\/\/wp.ufpel.edu.br\/leppais\/files\/2024\/08\/ANEXO_II___Tabela_Pontuacao___Humanas_Sociais_Aplicadas_Artes_Letras_Saude.pdf\">Anexo II \u2013 Tabela de Pontua\u00e7\u00e3o \u2013 Humanas, Artes, Letras ou Sa\u00fade (RETIFICADO)<\/a><\/p>\n<p><a href=\"https:\/\/wp.ufpel.edu.br\/leppais\/files\/2024\/07\/Anexo-III-Autodeclaracao-etnico-racial.pdf\">Anexo III \u2013 Autodeclara\u00e7\u00e3o \u00e9tnico-racial<\/a><\/p>\n<p><a href=\"https:\/\/wp.ufpel.edu.br\/leppais\/files\/2024\/07\/Anexo-IV-Autodeclaracao_de_Identidade_de_Genero.pdf\">Anexo IV \u2013 Autodeclara\u00e7\u00e3o de Identidade de G\u00eanero<\/a><\/p>\n<p><a href=\"https:\/\/forms.gle\/Mym95ZVaYrZg93Qf9\">Formul\u00e1rio de Inscri\u00e7\u00e3o<\/a><\/p>\n","protected":false},"excerpt":{"rendered":"<p>EDITAL N\u00ba 128\/2024 SELE\u00c7\u00c3O DE ALUNO\/A REGULAR COM BOLSAS CNPQ No 35\/2023 (PIBPG) PROGRAMA DE APOIO \u00c0 PESQUISA INTERDISCIPLINAR (PAPin) Edital PRPPG N\u00ba 128\/2024 Anexo I-MACROPROJETO_Acessibilidade e emo\u00e7\u00f5es mediadas por IA_ pesquisa interdisciplinar e tecnopo\u00e9tica Anexo II \u2013 Tabela de Pontua\u00e7\u00e3o \u2013 Computa\u00e7\u00e3o Anexo II \u2013 Tabela de Pontua\u00e7\u00e3o \u2013 Humanas, Artes, Letras ou Sa\u00fade [&hellip;]<\/p>\n","protected":false},"author":1345,"featured_media":0,"parent":0,"menu_order":0,"comment_status":"closed","ping_status":"closed","template":"","meta":{"footnotes":""},"class_list":["post-1798","page","type-page","status-publish","hentry"],"_links":{"self":[{"href":"https:\/\/wp.ufpel.edu.br\/prograufaurb\/wp-json\/wp\/v2\/pages\/1798","targetHints":{"allow":["GET"]}}],"collection":[{"href":"https:\/\/wp.ufpel.edu.br\/prograufaurb\/wp-json\/wp\/v2\/pages"}],"about":[{"href":"https:\/\/wp.ufpel.edu.br\/prograufaurb\/wp-json\/wp\/v2\/types\/page"}],"author":[{"embeddable":true,"href":"https:\/\/wp.ufpel.edu.br\/prograufaurb\/wp-json\/wp\/v2\/users\/1345"}],"replies":[{"embeddable":true,"href":"https:\/\/wp.ufpel.edu.br\/prograufaurb\/wp-json\/wp\/v2\/comments?post=1798"}],"version-history":[{"count":1,"href":"https:\/\/wp.ufpel.edu.br\/prograufaurb\/wp-json\/wp\/v2\/pages\/1798\/revisions"}],"predecessor-version":[{"id":1800,"href":"https:\/\/wp.ufpel.edu.br\/prograufaurb\/wp-json\/wp\/v2\/pages\/1798\/revisions\/1800"}],"wp:attachment":[{"href":"https:\/\/wp.ufpel.edu.br\/prograufaurb\/wp-json\/wp\/v2\/media?parent=1798"}],"curies":[{"name":"wp","href":"https:\/\/api.w.org\/{rel}","templated":true}]}}