{"id":9393,"date":"2016-04-26T13:38:46","date_gmt":"2016-04-26T16:38:46","guid":{"rendered":"https:\/\/wp.ufpel.edu.br\/progep\/?page_id=9393"},"modified":"2025-06-30T12:58:06","modified_gmt":"2025-06-30T15:58:06","slug":"reequilibrio-economico-financeiro-reajuste-repactuacao-e-revisao-e-planilha-de-custos-e-formacao-de-precos-de-contratos-e-servicos-continuados-com-dedicacao-exclusiva-de-mao-de-obra","status":"publish","type":"page","link":"https:\/\/wp.ufpel.edu.br\/progep\/reequilibrio-economico-financeiro-reajuste-repactuacao-e-revisao-e-planilha-de-custos-e-formacao-de-precos-de-contratos-e-servicos-continuados-com-dedicacao-exclusiva-de-mao-de-obra\/","title":{"rendered":"Capacita\u00e7\u00e3o: Curso: Reequil\u00edbrio Econ\u00f4mico-Financeiro (Reajuste, Repactua\u00e7\u00e3o e Revis\u00e3o) e Planilha de Custos e Forma\u00e7\u00e3o de Pre\u00e7os de Contratos e Servi\u00e7os Continuados com Dedica\u00e7\u00e3o Exclusiva de M\u00e3o de Obra"},"content":{"rendered":"<p><strong>Modalidade:<\/strong> presencial<\/p>\n<p><strong>Carga hor\u00e1ria:<\/strong>\u00a030 horas<\/p>\n<p><strong>Per\u00edodo:<\/strong>\u00a025 a 29 de abril de 2016<\/p>\n<p><strong>Hor\u00e1rio:<\/strong> das 8 \u00e0s 12 horas e das 13h30min \u00e0s 17h30min<\/p>\n<p><strong>Local:<\/strong>\u00a0Pr\u00e9dio do Centro de Engenharias (antiga Cotada) &#8211;\u00a0Rua Benjamin Constant, 989 &#8211; dia 25\/4, no laborat\u00f3rio sala 501; nos demais dias,\u00a0laborat\u00f3rio sala 502.<\/p>\n<p><strong>Sum\u00e1rio:<\/strong>\u00a0\u00a0Defini\u00e7\u00e3o de servi\u00e7os continuados e terceiriza\u00e7\u00e3o;\u00a0An\u00e1lise e discuss\u00e3o da legisla\u00e7\u00e3o pertinente;\u00a0Elabora\u00e7\u00e3o da Planilha de Custos e Forma\u00e7\u00e3o de Pre\u00e7os; Estudos de Casos &#8211; contrata\u00e7\u00e3o de servi\u00e7os de limpeza e conserva\u00e7\u00e3o e de vigil\u00e2ncia;\u00a0Principais altera\u00e7\u00f5es na IN 02 pela IN 06\/2013.<\/p>\n<p><strong>P\u00fablico alvo:<\/strong>\u00a0integrantes da Comiss\u00e3o Permanente para An\u00e1lise de Planilhas de Forma\u00e7\u00e3o de Pre\u00e7os, bem como servidores da PRA que se envolvem com contratos de servi\u00e7os terceirizados.<\/p>\n<p><strong>N\u00famero de vagas:<\/strong>\u00a025<\/p>\n<p><strong>Ministrante:<\/strong>\u00a0Maicon da Rosa Brasil<\/p>\n","protected":false},"excerpt":{"rendered":"<p>Modalidade: presencial Carga hor\u00e1ria:\u00a030 horas Per\u00edodo:\u00a025 a 29 de abril de 2016 Hor\u00e1rio: das 8 \u00e0s 12 horas e das 13h30min \u00e0s 17h30min Local:\u00a0Pr\u00e9dio do Centro de Engenharias (antiga Cotada) &#8211;\u00a0Rua Benjamin Constant, 989 &#8211; dia 25\/4, no laborat\u00f3rio sala 501; nos demais dias,\u00a0laborat\u00f3rio sala 502. Sum\u00e1rio:\u00a0\u00a0Defini\u00e7\u00e3o de servi\u00e7os continuados e terceiriza\u00e7\u00e3o;\u00a0An\u00e1lise e discuss\u00e3o da [&hellip;]<\/p>\n","protected":false},"author":21,"featured_media":0,"parent":0,"menu_order":0,"comment_status":"closed","ping_status":"closed","template":"","meta":{"footnotes":""},"class_list":["post-9393","page","type-page","status-publish","hentry"],"_links":{"self":[{"href":"https:\/\/wp.ufpel.edu.br\/progep\/wp-json\/wp\/v2\/pages\/9393","targetHints":{"allow":["GET"]}}],"collection":[{"href":"https:\/\/wp.ufpel.edu.br\/progep\/wp-json\/wp\/v2\/pages"}],"about":[{"href":"https:\/\/wp.ufpel.edu.br\/progep\/wp-json\/wp\/v2\/types\/page"}],"author":[{"embeddable":true,"href":"https:\/\/wp.ufpel.edu.br\/progep\/wp-json\/wp\/v2\/users\/21"}],"replies":[{"embeddable":true,"href":"https:\/\/wp.ufpel.edu.br\/progep\/wp-json\/wp\/v2\/comments?post=9393"}],"version-history":[{"count":3,"href":"https:\/\/wp.ufpel.edu.br\/progep\/wp-json\/wp\/v2\/pages\/9393\/revisions"}],"predecessor-version":[{"id":33755,"href":"https:\/\/wp.ufpel.edu.br\/progep\/wp-json\/wp\/v2\/pages\/9393\/revisions\/33755"}],"wp:attachment":[{"href":"https:\/\/wp.ufpel.edu.br\/progep\/wp-json\/wp\/v2\/media?parent=9393"}],"curies":[{"name":"wp","href":"https:\/\/api.w.org\/{rel}","templated":true}]}}