{"id":9334,"date":"2016-04-15T13:39:14","date_gmt":"2016-04-15T16:39:14","guid":{"rendered":"https:\/\/wp.ufpel.edu.br\/progep\/?page_id=9334"},"modified":"2025-06-30T12:58:20","modified_gmt":"2025-06-30T15:58:20","slug":"curso-formacao-de-professores-para-o-sistema-moodle","status":"publish","type":"page","link":"https:\/\/wp.ufpel.edu.br\/progep\/curso-formacao-de-professores-para-o-sistema-moodle\/","title":{"rendered":"Capacita\u00e7\u00e3o: Curso: Forma\u00e7\u00e3o de Professores para o Sistema Moodle"},"content":{"rendered":"<p><strong>Modalidade:<\/strong> semipresencial (com 5 encontros presenciais)<\/p>\n<p><strong>Carga hor\u00e1ria:<\/strong> 40 horas<\/p>\n<p><strong>Per\u00edodos:<\/strong><\/p>\n<p>Turma 1 &#8211; In\u00edcio: 31\/05\/2016; T\u00e9rmino: 04\/07\/2016<\/p>\n<p>Turma 2 &#8211; In\u00edcio: 1\u00ba\/06\/2016; T\u00e9rmino: 05\/07\/2016<\/p>\n<p>Turma 3 &#8211; In\u00edcio: 02\/06\/2016; T\u00e9rmino: 06\/07\/2016<\/p>\n<p><strong>Encontros presenciais \u2013 datas\/hor\u00e1rios\/local:<\/strong><\/p>\n<p>Turma 1 \u2013 \u00e0s ter\u00e7as-feiras, das 8 \u00e0s 12 horas: 31\/5, 07\/6, 14\/6, 21\/6 e 28\/6;<\/p>\n<p>Turma 2 \u2013 \u00e0s quartas-feiras, das 14 \u00e0s 18 horas: 1\u00ba\/6, 08\/6, 15\/6, 22\/6 e 29\/6;<\/p>\n<p>Turma 3 \u2013 \u00e0s quintas-feiras, das 18 \u00e0s 22 horas: 02, 09, 16, 23 e 30\/6.<\/p>\n<p>Local:\u00a0Laborat\u00f3rio de Inform\u00e1tica do CPED &#8211; sala 307 &#8211; Piso A3 do antigo pr\u00e9dio da Cotada (Rua Benjamin Constant, 989).<\/p>\n<p><strong>Sum\u00e1rio:<\/strong> Funcionalidades do Sistema MOODLE; Recursos das Ferramentas Administrativas: gerenciamento de disciplina, dos participantes e envio de mensagens em lote; Tipos de f\u00f3runs, diferen\u00e7as de cada um e gerenciamento de uma sala de chat; Tipos de recursos e tarefas e suas formas de avalia\u00e7\u00e3o; Ferramenta Question\u00e1rio e suas possibilidades.<\/p>\n<p><strong>P\u00fablico alvo:<\/strong> professores em geral, preferencialmente os ingressantes.<\/p>\n<p><strong>N\u00famero de vagas:<\/strong> 20 (por turma)<\/p>\n<p><strong>Ministrantes:<\/strong> Jer\u00f4nimo Madruga, Jo\u00e3o Carlos Roedel Hirdes e Rodrigo Padilha Silveira<\/p>\n<p><strong>Per\u00edodo de inscri\u00e7\u00e3o:<\/strong>\u00a018\/04 a 23\/05\/2016<\/p>\n<p><strong>Divulga\u00e7\u00e3o das inscri\u00e7\u00f5es homologadas:<\/strong>\u00a024\/05\/2016, nesta p\u00e1gina<\/p>\n<p><span style=\"color: #ff6600;font-size: 12pt\"><a style=\"color: #ff6600\" href=\"https:\/\/wp.ufpel.edu.br\/progep\/files\/2016\/04\/homologa_inscritos-3.pdf\"><strong>Listagem homologados &#8211; Turma 1 AQUI!<\/strong><\/p>\n<p><\/a><strong><a style=\"color: #ff6600\" href=\"https:\/\/wp.ufpel.edu.br\/progep\/files\/2016\/04\/homologa_inscritos-4.pdf\">Listagem homologados &#8211; Turma 2 AQUI!<\/a><\/strong><br \/>\n<\/span><\/p>\n","protected":false},"excerpt":{"rendered":"<p>Modalidade: semipresencial (com 5 encontros presenciais) Carga hor\u00e1ria: 40 horas Per\u00edodos: Turma 1 &#8211; In\u00edcio: 31\/05\/2016; T\u00e9rmino: 04\/07\/2016 Turma 2 &#8211; In\u00edcio: 1\u00ba\/06\/2016; T\u00e9rmino: 05\/07\/2016 Turma 3 &#8211; In\u00edcio: 02\/06\/2016; T\u00e9rmino: 06\/07\/2016 Encontros presenciais \u2013 datas\/hor\u00e1rios\/local: Turma 1 \u2013 \u00e0s ter\u00e7as-feiras, das 8 \u00e0s 12 horas: 31\/5, 07\/6, 14\/6, 21\/6 e 28\/6; Turma 2 \u2013 [&hellip;]<\/p>\n","protected":false},"author":21,"featured_media":0,"parent":0,"menu_order":0,"comment_status":"closed","ping_status":"closed","template":"","meta":{"footnotes":""},"class_list":["post-9334","page","type-page","status-publish","hentry"],"_links":{"self":[{"href":"https:\/\/wp.ufpel.edu.br\/progep\/wp-json\/wp\/v2\/pages\/9334","targetHints":{"allow":["GET"]}}],"collection":[{"href":"https:\/\/wp.ufpel.edu.br\/progep\/wp-json\/wp\/v2\/pages"}],"about":[{"href":"https:\/\/wp.ufpel.edu.br\/progep\/wp-json\/wp\/v2\/types\/page"}],"author":[{"embeddable":true,"href":"https:\/\/wp.ufpel.edu.br\/progep\/wp-json\/wp\/v2\/users\/21"}],"replies":[{"embeddable":true,"href":"https:\/\/wp.ufpel.edu.br\/progep\/wp-json\/wp\/v2\/comments?post=9334"}],"version-history":[{"count":7,"href":"https:\/\/wp.ufpel.edu.br\/progep\/wp-json\/wp\/v2\/pages\/9334\/revisions"}],"predecessor-version":[{"id":33756,"href":"https:\/\/wp.ufpel.edu.br\/progep\/wp-json\/wp\/v2\/pages\/9334\/revisions\/33756"}],"wp:attachment":[{"href":"https:\/\/wp.ufpel.edu.br\/progep\/wp-json\/wp\/v2\/media?parent=9334"}],"curies":[{"name":"wp","href":"https:\/\/api.w.org\/{rel}","templated":true}]}}