{"id":9332,"date":"2016-04-15T13:36:43","date_gmt":"2016-04-15T16:36:43","guid":{"rendered":"https:\/\/wp.ufpel.edu.br\/progep\/?page_id=9332"},"modified":"2025-06-30T12:58:25","modified_gmt":"2025-06-30T15:58:25","slug":"curso-processo-administrativo-disciplinar","status":"publish","type":"page","link":"https:\/\/wp.ufpel.edu.br\/progep\/curso-processo-administrativo-disciplinar\/","title":{"rendered":"Capacita\u00e7\u00e3o: Curso: Processo Administrativo Disciplinar"},"content":{"rendered":"<p><strong>Modalidade:<\/strong> presencial <em>(in company)<\/em><\/p>\n<p><strong>Carga hor\u00e1ria:<\/strong> 40 horas<\/p>\n<p><strong>Per\u00edodo:<\/strong> 16 a 20 de maio de 2016<\/p>\n<p><strong>Hor\u00e1rio:<\/strong> das 8h30min \u00e0s 12 horas e das 13h30min \u00e0s 18h<\/p>\n<p><strong>Local:<\/strong>\u00a0Audit\u00f3rio da Coordena\u00e7\u00e3o de Bibliotecas &#8211; Campus Porto &#8211; Rua Gomes Carneiro n\u00ba 1.<\/p>\n<p><strong>Sum\u00e1rio:<\/strong> Processo Administrativo Disciplinar; Deveres e proibi\u00e7\u00f5es dos servidores p\u00fablicos; Independ\u00eancia de inst\u00e2ncia e a Responsabilidade do servidor p\u00fablico; Condi\u00e7\u00f5es preliminares para abertura de processo disciplinar; Poder de apura\u00e7\u00e3o e den\u00fancia an\u00f4nima; Autoridade instauradora-compet\u00eancia; Comiss\u00e3o de Procedimento Disciplinar; Suspei\u00e7\u00e3o e impedimento; Penalidade Disciplinar; Sindic\u00e2ncia; Procedimento Sum\u00e1rio; Remessa de processo ao Minist\u00e9rio P\u00fablico; No\u00e7\u00f5es de Prescri\u00e7\u00e3o; Revis\u00e3o do Processo; A Lei 9784\/83; Comunica\u00e7\u00e3o processual; Responsabilidade; Principais causas de nulidade; Atua\u00e7\u00e3o da Controladoria-Geral da Uni\u00e3o e suas Corregedorias; Elabora\u00e7\u00e3o de processo hipot\u00e9tico coma a elabora\u00e7\u00e3o de exerc\u00edcios pr\u00e1ticos, depoimento de testemunha, interrogat\u00f3rio acusado, Indiciamento e Relat\u00f3rio Final.<\/p>\n<p><strong>P\u00fablico alvo:<\/strong> servidores em geral, <strong>preferencialmente aqueles que tenham interesse em atuar em comiss\u00f5es de sindic\u00e2ncias e processos administrativos disciplinares.<\/strong><\/p>\n<p><strong>N\u00famero de vagas:<\/strong> 30<\/p>\n<p><strong>Ministrante:<\/strong> Rodrigo Costa Rodrigues &#8211; ESAF-RS<\/p>\n<p><strong>Per\u00edodo de inscri\u00e7\u00e3o:<\/strong>\u00a018\/04 a 06\/05\/2016<\/p>\n<p><strong>Divulga\u00e7\u00e3o das inscri\u00e7\u00f5es homologadas:<\/strong>\u00a009\/05\/2016, nesta p\u00e1gina<\/p>\n<p><strong><span style=\"color: #ff6600\"><a style=\"color: #ff6600\" href=\"https:\/\/wp.ufpel.edu.br\/progep\/files\/2016\/04\/homologa_inscritos-2.pdf\">Listagem homologados AQUI!<\/a><\/span><\/strong><\/p>\n","protected":false},"excerpt":{"rendered":"<p>Modalidade: presencial (in company) Carga hor\u00e1ria: 40 horas Per\u00edodo: 16 a 20 de maio de 2016 Hor\u00e1rio: das 8h30min \u00e0s 12 horas e das 13h30min \u00e0s 18h Local:\u00a0Audit\u00f3rio da Coordena\u00e7\u00e3o de Bibliotecas &#8211; Campus Porto &#8211; Rua Gomes Carneiro n\u00ba 1. Sum\u00e1rio: Processo Administrativo Disciplinar; Deveres e proibi\u00e7\u00f5es dos servidores p\u00fablicos; Independ\u00eancia de inst\u00e2ncia e [&hellip;]<\/p>\n","protected":false},"author":21,"featured_media":0,"parent":0,"menu_order":0,"comment_status":"closed","ping_status":"closed","template":"","meta":{"footnotes":""},"class_list":["post-9332","page","type-page","status-publish","hentry"],"_links":{"self":[{"href":"https:\/\/wp.ufpel.edu.br\/progep\/wp-json\/wp\/v2\/pages\/9332","targetHints":{"allow":["GET"]}}],"collection":[{"href":"https:\/\/wp.ufpel.edu.br\/progep\/wp-json\/wp\/v2\/pages"}],"about":[{"href":"https:\/\/wp.ufpel.edu.br\/progep\/wp-json\/wp\/v2\/types\/page"}],"author":[{"embeddable":true,"href":"https:\/\/wp.ufpel.edu.br\/progep\/wp-json\/wp\/v2\/users\/21"}],"replies":[{"embeddable":true,"href":"https:\/\/wp.ufpel.edu.br\/progep\/wp-json\/wp\/v2\/comments?post=9332"}],"version-history":[{"count":7,"href":"https:\/\/wp.ufpel.edu.br\/progep\/wp-json\/wp\/v2\/pages\/9332\/revisions"}],"predecessor-version":[{"id":33757,"href":"https:\/\/wp.ufpel.edu.br\/progep\/wp-json\/wp\/v2\/pages\/9332\/revisions\/33757"}],"wp:attachment":[{"href":"https:\/\/wp.ufpel.edu.br\/progep\/wp-json\/wp\/v2\/media?parent=9332"}],"curies":[{"name":"wp","href":"https:\/\/api.w.org\/{rel}","templated":true}]}}