{"id":8896,"date":"2016-03-11T12:41:55","date_gmt":"2016-03-11T15:41:55","guid":{"rendered":"https:\/\/wp.ufpel.edu.br\/progep\/?page_id=8896"},"modified":"2025-06-30T13:03:02","modified_gmt":"2025-06-30T16:03:02","slug":"curso-formacao-de-instrutores-para-educacao-online","status":"publish","type":"page","link":"https:\/\/wp.ufpel.edu.br\/progep\/curso-formacao-de-instrutores-para-educacao-online\/","title":{"rendered":"Capacita\u00e7\u00e3o: Curso: Forma\u00e7\u00e3o de Instrutores para Educa\u00e7\u00e3o online"},"content":{"rendered":"<p><span style=\"font-family: georgia,palatino,serif;font-size: 12pt;color: #808080\"><strong>Modalidade:<\/strong> <em>online<\/em> (com 2 encontros presenciais)<\/span><br \/>\n<span style=\"font-family: georgia,palatino,serif;font-size: 12pt;color: #808080\"><strong>Carga hor\u00e1ria:<\/strong> 35 horas<\/span><br \/>\n<span style=\"font-family: georgia,palatino,serif;font-size: 12pt;color: #808080\"><strong>Per\u00edodo:<\/strong> 04\/04 a 13\/05\/2016<\/span><br \/>\n<span style=\"font-family: georgia,palatino,serif;font-size: 12pt;color: #808080\"><strong>1\u00ba encontro presencial:<\/strong> 06\/04\/2016, das 8h30min \u00e0s 11h, na sala 246, 2\u00ba piso, bloco B, Campus Porto<br \/>\n<\/span><span style=\"color: #808080\"><strong>2\u00ba encontro presencial:<\/strong><\/span>\u00a0<span style=\"color: #808080;font-size: 12pt;font-family: georgia, palatino, serif\">11\/05\/2016, das 8h30min \u00e0s 11h, na sala 310, 3\u00ba piso, bloco B, Campus Porto<\/span><br \/>\n<span style=\"font-family: georgia,palatino,serif;font-size: 12pt;color: #808080\"><strong>Sum\u00e1rio:<\/strong> Conceitos b\u00e1sicos sobre Ambientes Virtuais de Aprendizagem e do AVA Moodle. Principais recursos do AVA Moodle. F\u00f3rum de discuss\u00e3o. Cria\u00e7\u00e3o de P\u00e1ginas. Ambiente de pr\u00e1tica. Elabora\u00e7\u00e3o de Projeto de disciplina ou curso.<\/span><br \/>\n<span style=\"font-family: georgia,palatino,serif;font-size: 12pt;color: #808080\"><strong>P\u00fablico alvo:<\/strong> servidores em geral.<\/span><br \/>\n<span style=\"font-family: georgia,palatino,serif;font-size: 12pt;color: #808080\"><strong>N\u00famero de vagas:<\/strong> 30<\/span><br \/>\n<span style=\"font-family: georgia,palatino,serif;font-size: 12pt;color: #808080\"><strong>Ministrante:<\/strong> Christiano Martino Otero Avila<br \/>\n<strong>Per\u00edodo de Inscri\u00e7\u00f5es:<\/strong> 11\/03 a 23\/03\/2016<br \/>\n<strong>Divulga\u00e7\u00e3o das inscri\u00e7\u00f5es homologadas:<\/strong> 29\/03\/2016, nesta p\u00e1gina<\/span><\/p>\n<p><strong><span style=\"color: #ff6600\"><a style=\"color: #ff6600\" href=\"https:\/\/wp.ufpel.edu.br\/progep\/files\/2016\/03\/homologa_inscritos-4.pdf\" rel=\"\">Listagem inscri\u00e7\u00f5es homologadas AQUI!<\/a><\/span><\/strong><\/p>\n<p><strong><span style=\"color: #ff6600\">\u00a0<\/span><\/strong><\/p>\n","protected":false},"excerpt":{"rendered":"<p>Modalidade: online (com 2 encontros presenciais) Carga hor\u00e1ria: 35 horas Per\u00edodo: 04\/04 a 13\/05\/2016 1\u00ba encontro presencial: 06\/04\/2016, das 8h30min \u00e0s 11h, na sala 246, 2\u00ba piso, bloco B, Campus Porto 2\u00ba encontro presencial:\u00a011\/05\/2016, das 8h30min \u00e0s 11h, na sala 310, 3\u00ba piso, bloco B, Campus Porto Sum\u00e1rio: Conceitos b\u00e1sicos sobre Ambientes Virtuais de Aprendizagem [&hellip;]<\/p>\n","protected":false},"author":21,"featured_media":0,"parent":0,"menu_order":0,"comment_status":"closed","ping_status":"closed","template":"","meta":{"footnotes":""},"class_list":["post-8896","page","type-page","status-publish","hentry"],"_links":{"self":[{"href":"https:\/\/wp.ufpel.edu.br\/progep\/wp-json\/wp\/v2\/pages\/8896","targetHints":{"allow":["GET"]}}],"collection":[{"href":"https:\/\/wp.ufpel.edu.br\/progep\/wp-json\/wp\/v2\/pages"}],"about":[{"href":"https:\/\/wp.ufpel.edu.br\/progep\/wp-json\/wp\/v2\/types\/page"}],"author":[{"embeddable":true,"href":"https:\/\/wp.ufpel.edu.br\/progep\/wp-json\/wp\/v2\/users\/21"}],"replies":[{"embeddable":true,"href":"https:\/\/wp.ufpel.edu.br\/progep\/wp-json\/wp\/v2\/comments?post=8896"}],"version-history":[{"count":11,"href":"https:\/\/wp.ufpel.edu.br\/progep\/wp-json\/wp\/v2\/pages\/8896\/revisions"}],"predecessor-version":[{"id":33765,"href":"https:\/\/wp.ufpel.edu.br\/progep\/wp-json\/wp\/v2\/pages\/8896\/revisions\/33765"}],"wp:attachment":[{"href":"https:\/\/wp.ufpel.edu.br\/progep\/wp-json\/wp\/v2\/media?parent=8896"}],"curies":[{"name":"wp","href":"https:\/\/api.w.org\/{rel}","templated":true}]}}