{"id":8880,"date":"2016-03-11T12:07:16","date_gmt":"2016-03-11T15:07:16","guid":{"rendered":"https:\/\/wp.ufpel.edu.br\/progep\/?page_id=8880"},"modified":"2025-06-30T12:51:05","modified_gmt":"2025-06-30T15:51:05","slug":"curso-portugues-instrumental-para-surdos-usuarios-de-libras-modulo-i","status":"publish","type":"page","link":"https:\/\/wp.ufpel.edu.br\/progep\/curso-portugues-instrumental-para-surdos-usuarios-de-libras-modulo-i\/","title":{"rendered":"Capacita\u00e7\u00e3o: Curso: Portugu\u00eas Instrumental para Surdos Usu\u00e1rios de Libras \u2013 M\u00f3dulo I"},"content":{"rendered":"<p><span style=\"font-family: georgia,palatino,serif;font-size: 12pt;color: #808080\"><strong>Modalidade:<\/strong> presencial<\/span><br \/>\n<span style=\"font-family: georgia,palatino,serif;font-size: 12pt;color: #808080\"><strong>Carga Hor\u00e1ria:<\/strong> 40 horas<\/span><br \/>\n<span style=\"font-family: georgia,palatino,serif;font-size: 12pt;color: #808080\"><strong>Per\u00edodo:<\/strong> 23\/04 a 04\/06\/2016<br \/>\n<\/span><span style=\"color: #808080\"><span style=\"font-size: 12pt\"><strong>Encontros presenciais:<\/strong><\/span> 23\/04, 07\/05, 21\/05 e 04\/06<\/span><br \/>\n<span style=\"font-family: georgia,palatino,serif;font-size: 12pt;color: #808080\"><strong>Hor\u00e1rio:<\/strong> das 8 \u00e0s 12 horas<\/span><br \/>\n<span style=\"font-family: georgia,palatino,serif;font-size: 12pt;color: #808080\"><strong>Local:<\/strong> Sala 413, 4\u00ba piso, bloco B, Campus Porto<\/span><br \/>\n<span style=\"font-family: georgia,palatino,serif;font-size: 12pt;color: #808080\"><strong>Sum\u00e1rio:<\/strong> Leitura e compreens\u00e3o textual; Produ\u00e7\u00e3o escrita de textos para o contexto universit\u00e1rio; Componentes da ora\u00e7\u00e3o (sujeito, verbo e complementos); Verbos e tempos verbais; Pronomes pessoais, possessivos, obl\u00edquos e de tratamento; Vocabul\u00e1rio administrativo e universit\u00e1rio; Regras de pontua\u00e7\u00e3o.<\/span><br \/>\n<span style=\"font-family: georgia,palatino,serif;font-size: 12pt;color: #808080\"><strong>P\u00fablico Alvo:<\/strong> servidores surdos, usu\u00e1rios de l\u00edngua de sinais.<\/span><br \/>\n<span style=\"font-family: georgia,palatino,serif;font-size: 12pt;color: #808080\"><strong>N\u00famero de vagas:<\/strong> 10<\/span><br \/>\n<span style=\"font-family: georgia,palatino,serif;font-size: 12pt;color: #808080\"><strong>Ministrante:<\/strong> Joseane Maciel Viana<br \/>\n<strong>Per\u00edodo de inscri\u00e7\u00e3o:<\/strong> 11\/03 a 11\/04\/2016<br \/>\n<strong>Divulga\u00e7\u00e3o das inscri\u00e7\u00f5es homologadas:<\/strong> 15\/04\/2016, nesta p\u00e1gina<\/span><\/p>\n<p><span style=\"color: #ff6600;font-size: 12pt;font-family: georgia, palatino, serif\"><strong><a style=\"color: #ff6600\" href=\"https:\/\/wp.ufpel.edu.br\/progep\/files\/2016\/03\/homologa_inscritos-12.pdf\" rel=\"\">Listagem homologados AQUI!<\/a><\/strong><\/span><\/p>\n<p>&nbsp;<\/p>\n","protected":false},"excerpt":{"rendered":"<p>Modalidade: presencial Carga Hor\u00e1ria: 40 horas Per\u00edodo: 23\/04 a 04\/06\/2016 Encontros presenciais: 23\/04, 07\/05, 21\/05 e 04\/06 Hor\u00e1rio: das 8 \u00e0s 12 horas Local: Sala 413, 4\u00ba piso, bloco B, Campus Porto Sum\u00e1rio: Leitura e compreens\u00e3o textual; Produ\u00e7\u00e3o escrita de textos para o contexto universit\u00e1rio; Componentes da ora\u00e7\u00e3o (sujeito, verbo e complementos); Verbos e tempos [&hellip;]<\/p>\n","protected":false},"author":21,"featured_media":0,"parent":0,"menu_order":0,"comment_status":"closed","ping_status":"closed","template":"","meta":{"footnotes":""},"class_list":["post-8880","page","type-page","status-publish","hentry"],"_links":{"self":[{"href":"https:\/\/wp.ufpel.edu.br\/progep\/wp-json\/wp\/v2\/pages\/8880","targetHints":{"allow":["GET"]}}],"collection":[{"href":"https:\/\/wp.ufpel.edu.br\/progep\/wp-json\/wp\/v2\/pages"}],"about":[{"href":"https:\/\/wp.ufpel.edu.br\/progep\/wp-json\/wp\/v2\/types\/page"}],"author":[{"embeddable":true,"href":"https:\/\/wp.ufpel.edu.br\/progep\/wp-json\/wp\/v2\/users\/21"}],"replies":[{"embeddable":true,"href":"https:\/\/wp.ufpel.edu.br\/progep\/wp-json\/wp\/v2\/comments?post=8880"}],"version-history":[{"count":9,"href":"https:\/\/wp.ufpel.edu.br\/progep\/wp-json\/wp\/v2\/pages\/8880\/revisions"}],"predecessor-version":[{"id":33752,"href":"https:\/\/wp.ufpel.edu.br\/progep\/wp-json\/wp\/v2\/pages\/8880\/revisions\/33752"}],"wp:attachment":[{"href":"https:\/\/wp.ufpel.edu.br\/progep\/wp-json\/wp\/v2\/media?parent=8880"}],"curies":[{"name":"wp","href":"https:\/\/api.w.org\/{rel}","templated":true}]}}