{"id":79,"date":"2010-03-22T16:24:49","date_gmt":"2010-03-22T19:24:49","guid":{"rendered":"https:\/\/wp.ufpel.edu.br\/prgrh\/?page_id=79"},"modified":"2025-12-22T11:41:07","modified_gmt":"2025-12-22T14:41:07","slug":"capacitacao","status":"publish","type":"page","link":"https:\/\/wp.ufpel.edu.br\/progep\/capacitacao\/","title":{"rendered":"Capacita\u00e7\u00e3o"},"content":{"rendered":"\n<div class=\"wp-block-group\"><div class=\"wp-block-group__inner-container is-layout-constrained wp-block-group-is-layout-constrained\">\n<div class=\"logoTituloModelStyle\"><img class=\"size-medium wp-image-27184 alignleft\" style=\"padding: 0\" src=\"https:\/\/wp.ufpel.edu.br\/progep\/files\/2025\/03\/logo-progep_atualizacao-nome_AZUL.png\" alt=\"\" \/>\n<div style=\"font-size: 35pt;padding: 2rem 0\"><strong>Capacita\u00e7\u00e3o<\/strong><\/div>\n<\/div>\n<hr class=\"hrModelStyle\" \/>\n<div class=\"descriptionModelStyle\">Nesta p\u00e1gina, s\u00e3o apresentadas as oportunidades de capacita\u00e7\u00e3o promovidas pela Coordena\u00e7\u00e3o de Desenvolvimento de Pessoal, atrav\u00e9s da <strong>Se\u00e7\u00e3o de Forma\u00e7\u00e3o dos Servidores (SFS)<\/strong>. Adicionalmente, encontram-se informa\u00e7\u00f5es sobre A\u00e7\u00f5es Internas e Externas, Transpar\u00eancia e outras se\u00e7\u00f5es. Selecione a op\u00e7\u00e3o desejada abaixo.<\/div>\n<\/div><\/div>\n\n\n<div class=\"capacitacaoStyleModel\">\n\n\n<a href=\"https:\/\/wp.ufpel.edu.br\/progep\/areas-de-capacitacoes\/\"> \n <img class=\"wp-image-23230\" src=\"https:\/\/wp.ufpel.edu.br\/progep\/files\/2025\/12\/book_10433045.png\" alt=\"\" width=\"150\" height=\"150\" \/>\n<strong> \u00c1reas de Capacita\u00e7\u00f5es<\/strong><\/a>\n<a href=\"https:\/\/wp.ufpel.edu.br\/progep\/capacitacao-trilhas-de-formacao\/\"> \n <span style=\"background-color: white;border-radius: 50%;padding: 1rem\"><img class=\"wp-image-23230\" src=\"https:\/\/wp.ufpel.edu.br\/progep\/files\/2025\/12\/learning_15438947.png\" alt=\"\" width=\"150\" height=\"150\" \/><\/span>\n<strong> Trilhas de Forma\u00e7\u00e3o (em breve)<\/strong><\/a>\n<a href=\"https:\/\/wp.ufpel.edu.br\/progep\/capacitacao-cursos-na-plataforma-e-projeto\/\">\n <img class=\"wp-image-23230\" src=\"https:\/\/wp.ufpel.edu.br\/progep\/files\/2025\/12\/2f00bf3a7e437947fa869cc05defec94.png\" alt=\"\" width=\"150\" height=\"150\" \/>\n <strong> Cursos e-Projeto<\/strong><\/a>\n<a href=\"https:\/\/wp.ufpel.edu.br\/progep\/acoes-externas-de-capacitacao\/\">\n    <img class=\"wp-image-23230\" src=\"https:\/\/wp.ufpel.edu.br\/progep\/files\/2022\/12\/cones-SFS-SIPEC_rev01.png\" alt=\"\" width=\"150\" height=\"150\" \/>\n    <strong>Dicas do M\u00eas<\/strong>\n<\/a>\n<a href=\"https:\/\/wp.ufpel.edu.br\/progep\/capacitacao-mes-da-pessoa-servidora\/\">\n    <img class=\"wp-image-23230\" src=\"https:\/\/wp.ufpel.edu.br\/progep\/files\/2022\/05\/Mes-do-Servidor.png\" alt=\"\" width=\"150\" height=\"150\" \/>\n    <strong>M\u00eas da Pessoa Servidora<\/strong>\n<\/a>\n<a href=\"https:\/\/wp.ufpel.edu.br\/progep\/pdp\/\">\n    <img src=\"https:\/\/wp.ufpel.edu.br\/progep\/files\/2022\/05\/Plano-de-Desenvolvimento.png\" alt=\"\" width=\"150\" height=\"150\" \/>\n    <strong>Plano de Desenvolvimento de Pessoas (PDP)<\/strong>\n<\/a>\n<a href=\"https:\/\/wp.ufpel.edu.br\/progep\/capacitacao\/acoes-externas\/\">\n    <img src=\"https:\/\/wp.ufpel.edu.br\/progep\/files\/2022\/05\/Acoes-Externas-2.png\" alt=\"\" width=\"150\" height=\"150\" \/>\n    <strong>A\u00e7\u00f5es Externas de Capacita\u00e7\u00e3o &#8211; Editais de Apoio<\/strong>\n<\/a>\n\n\n\n<a href=\"https:\/\/wp.ufpel.edu.br\/progep\/selecao-de-facilitadores-as-de-aprendizagem\/\">\n    <img class=\"wp-image-23230\" src=\"https:\/\/wp.ufpel.edu.br\/progep\/files\/2022\/04\/Selecao-de-Instrutores.png\" alt=\"\" width=\"150\" height=\"150\" \/>\n    <strong>Sele\u00e7\u00e3o de Facilitadores\/as de Aprendizagem<\/strong>\n<\/a>\n<a href=\"#\">\n    <img class=\"wp-image-23230\" src=\"https:\/\/wp.ufpel.edu.br\/progep\/files\/2022\/04\/Selecao-de-Instrutores.png\" alt=\"\" width=\"150\" height=\"150\" \/>\n    <strong>Banco de Instrutores (Em breve)<\/strong>\n<\/a>\n\n\n\n<a href=\"https:\/\/wp.ufpel.edu.br\/progep\/transparencia-de-capacitacao\/\">\n    <img class=\"wp-image-23230\" src=\"https:\/\/wp.ufpel.edu.br\/progep\/files\/2022\/05\/Transparencia-1.png\" alt=\"\" width=\"150\" height=\"150\" \/>\n    <strong>Transpar\u00eancia de Capacita\u00e7\u00e3o<\/strong>\n<\/a>\n\n<\/div>\n<div class=\"footerCapacitacaoStyle\">\n<img src=\"https:\/\/wp.ufpel.edu.br\/progep\/files\/2025\/01\/01-MARCA-CAPACITA-PRINCIPAL-AZUL.png\" \/>\n<div>\n<p>Contatos da <strong>Se\u00e7\u00e3o de Forma\u00e7\u00e3o dos Servidores<\/strong> (SFS):<\/p>\n<p><a href=\"https:\/\/institucional.ufpel.edu.br\/servidores\/id\/29587\" target=\"_blank\">Juliane Alves Ribeiro de Moura<\/a> (<strong>Chefe da Se\u00e7\u00e3o<\/strong>)<\/p>\n<p><a href=\"https:\/\/institucional.ufpel.edu.br\/servidores\/id\/2973\" target=\"_blank\"> Anne Gomes Sacco<\/a><\/p>\n<p>Thalis Figueiredo Sartorio<\/p>\n<p>Telefone: (53) 3284.3979<\/p>\n<p>E-mail:\u00a0<a href=\"mailto:cdp.capacita@ufpel.edu.br\"> cdp.capacita@ufpel.edu.br<\/a><\/p>\n<p>D\u00favidas favor acessar: <a href=\"https:\/\/atendimento.ufpel.edu.br\/\" target=\"_blank\">Sistema de Atendimento da UFPel<\/a><\/p>\n<\/div>\n<\/div>","protected":false},"excerpt":{"rendered":"<p>Capacita\u00e7\u00e3o Nesta p\u00e1gina, s\u00e3o apresentadas as oportunidades de capacita\u00e7\u00e3o promovidas pela Coordena\u00e7\u00e3o de Desenvolvimento de Pessoal, atrav\u00e9s da Se\u00e7\u00e3o de Forma\u00e7\u00e3o dos Servidores (SFS). Adicionalmente, encontram-se informa\u00e7\u00f5es sobre A\u00e7\u00f5es Internas e Externas, Transpar\u00eancia e outras se\u00e7\u00f5es. Selecione a op\u00e7\u00e3o desejada abaixo. \u00c1reas de Capacita\u00e7\u00f5es Trilhas de Forma\u00e7\u00e3o (em breve) Cursos e-Projeto Dicas do M\u00eas M\u00eas [&hellip;]<\/p>\n","protected":false},"author":21,"featured_media":0,"parent":0,"menu_order":17,"comment_status":"closed","ping_status":"closed","template":"","meta":{"footnotes":""},"class_list":["post-79","page","type-page","status-publish","hentry"],"_links":{"self":[{"href":"https:\/\/wp.ufpel.edu.br\/progep\/wp-json\/wp\/v2\/pages\/79","targetHints":{"allow":["GET"]}}],"collection":[{"href":"https:\/\/wp.ufpel.edu.br\/progep\/wp-json\/wp\/v2\/pages"}],"about":[{"href":"https:\/\/wp.ufpel.edu.br\/progep\/wp-json\/wp\/v2\/types\/page"}],"author":[{"embeddable":true,"href":"https:\/\/wp.ufpel.edu.br\/progep\/wp-json\/wp\/v2\/users\/21"}],"replies":[{"embeddable":true,"href":"https:\/\/wp.ufpel.edu.br\/progep\/wp-json\/wp\/v2\/comments?post=79"}],"version-history":[{"count":3,"href":"https:\/\/wp.ufpel.edu.br\/progep\/wp-json\/wp\/v2\/pages\/79\/revisions"}],"predecessor-version":[{"id":39744,"href":"https:\/\/wp.ufpel.edu.br\/progep\/wp-json\/wp\/v2\/pages\/79\/revisions\/39744"}],"wp:attachment":[{"href":"https:\/\/wp.ufpel.edu.br\/progep\/wp-json\/wp\/v2\/media?parent=79"}],"curies":[{"name":"wp","href":"https:\/\/api.w.org\/{rel}","templated":true}]}}