{"id":7614,"date":"2015-03-31T16:39:21","date_gmt":"2015-03-31T19:39:21","guid":{"rendered":"https:\/\/wp.ufpel.edu.br\/progep\/?page_id=7614"},"modified":"2025-05-16T09:35:54","modified_gmt":"2025-05-16T12:35:54","slug":"aprimorando-o-scdp","status":"publish","type":"page","link":"https:\/\/wp.ufpel.edu.br\/progep\/aprimorando-o-scdp\/","title":{"rendered":"Capacita\u00e7\u00e3o: Aprimorando o SCDP para proponentes"},"content":{"rendered":"<p><span style=\"color: #ff6600\"><strong>Palestras: APRIMORANDO OS PROCEDIMENTOS NO SCDP\u00a0 &#8211; PROPONENTES<\/strong><\/span><\/p>\n<p><strong>Modalidade:<\/strong><span class=\"apple-converted-space\">\u00a0<\/span>presencial<\/p>\n<p><strong>Ementa:<\/strong><span class=\"apple-converted-space\">\u00a0<\/span>Sistema de Concess\u00e3o de Di\u00e1rias e Passagens \u2013 SCDP. Solicita\u00e7\u00e3o de passagens a\u00e9reas.<\/p>\n<p><strong>Per\u00edodo:<\/strong><span class=\"apple-converted-space\">\u00a0<\/span>\u00a005 de maio de 2015<span class=\"apple-converted-space\">\u00a0<\/span><\/p>\n<p><strong>Hor\u00e1rio:<\/strong>\u00a08h30min \u00e0s 11h30min<\/p>\n<p><strong>Local:<\/strong><span class=\"apple-converted-space\">\u00a0<\/span>Audit\u00f3rio da Reitoria<\/p>\n<p><strong>Ministrante:<\/strong><span class=\"apple-converted-space\">\u00a0<\/span>Elis Regina Dias de Assis e Daniela Vieira Amaral<\/p>\n<p><strong>Inscri\u00e7\u00f5es:<\/strong> Curso fechado\/p\u00fablico espec\u00edfico.<\/p>\n<p><a href=\"https:\/\/wp.ufpel.edu.br\/progep\/files\/2015\/03\/homologa_inscritos_proponentes.pdf\">Inscri\u00e7\u00f5es homologadas<\/a><\/p>\n","protected":false},"excerpt":{"rendered":"<p>Palestras: APRIMORANDO OS PROCEDIMENTOS NO SCDP\u00a0 &#8211; PROPONENTES Modalidade:\u00a0presencial Ementa:\u00a0Sistema de Concess\u00e3o de Di\u00e1rias e Passagens \u2013 SCDP. Solicita\u00e7\u00e3o de passagens a\u00e9reas. Per\u00edodo:\u00a0\u00a005 de maio de 2015\u00a0 Hor\u00e1rio:\u00a08h30min \u00e0s 11h30min Local:\u00a0Audit\u00f3rio da Reitoria Ministrante:\u00a0Elis Regina Dias de Assis e Daniela Vieira Amaral Inscri\u00e7\u00f5es: Curso fechado\/p\u00fablico espec\u00edfico. Inscri\u00e7\u00f5es homologadas<\/p>\n","protected":false},"author":21,"featured_media":0,"parent":0,"menu_order":0,"comment_status":"closed","ping_status":"closed","template":"","meta":{"footnotes":""},"class_list":["post-7614","page","type-page","status-publish","hentry"],"_links":{"self":[{"href":"https:\/\/wp.ufpel.edu.br\/progep\/wp-json\/wp\/v2\/pages\/7614","targetHints":{"allow":["GET"]}}],"collection":[{"href":"https:\/\/wp.ufpel.edu.br\/progep\/wp-json\/wp\/v2\/pages"}],"about":[{"href":"https:\/\/wp.ufpel.edu.br\/progep\/wp-json\/wp\/v2\/types\/page"}],"author":[{"embeddable":true,"href":"https:\/\/wp.ufpel.edu.br\/progep\/wp-json\/wp\/v2\/users\/21"}],"replies":[{"embeddable":true,"href":"https:\/\/wp.ufpel.edu.br\/progep\/wp-json\/wp\/v2\/comments?post=7614"}],"version-history":[{"count":7,"href":"https:\/\/wp.ufpel.edu.br\/progep\/wp-json\/wp\/v2\/pages\/7614\/revisions"}],"predecessor-version":[{"id":32555,"href":"https:\/\/wp.ufpel.edu.br\/progep\/wp-json\/wp\/v2\/pages\/7614\/revisions\/32555"}],"wp:attachment":[{"href":"https:\/\/wp.ufpel.edu.br\/progep\/wp-json\/wp\/v2\/media?parent=7614"}],"curies":[{"name":"wp","href":"https:\/\/api.w.org\/{rel}","templated":true}]}}